Southwest Florida Weather History, Yearly, Monthly, Daily, Records
 Click here to register!Home | Advertise | Forum | Live Webcams | Contact Us | Tell a Friend | Your Account  

Lee County Forecast & Temp
Current Temp: ^vxv007^ °F
Tonight

Tonight: Mostly cloudy, with a low around 59. North wind 7 to 9 mph.
Mostly Cloudy

Wednesday

Wednesday: Partly sunny, with a high near 72. North northeast wind 8 to 10 mph.
Partly Sunny

Lo 59 °FHi 72 °F
Extended Forecast
Florida Weather Forecast

Southwest Florida Webcams

Main Navigation
Weather
· Home
· Current Conditions
· Storm Warnings
· Station Graphs
· Storm Fronts
· Station History
· Drought Index
· Storm Reports
· Rainfall Estimates
· Fire Graphs

Doppler Radar
· Lee County
· Charlotte County
· Collier County
· Hendry County
· Desoto County
· Glades County
· Sarasota County
· Manatee County
· Hillsborough County
· Pinellas County
· Pasco County
· Southwest Florida
· Florida
· State Radars
· National

Satellite
· South Florida
· North Florida
· Regional
· National

Forecast
· Extended
· Marine
· Discussion
· Florida Forecast
· Hazardous Outlook
· Wave Heights
· Fire

Lightning
· Live
· Tracker
· Loop
· Network
· WASP
· WASP Loop

Tropical Weather
· Hurricane Tracker
· Tropical Satellite
· Sea Temperature
· Discussion
· Buoy Data
· Tracking Tools
· Monthly Summary

Moon and Tides
· Tides
· Moon Phase

Live Products

Fishing Reports

Local News

Other Info

Support Us

Support Capeweather.com
donations

If you find this website useful, consider making
a donation.

Click here to learn more


  
 

Southwest Florida Monthly and Yearly Weather Reports

2018: Jan | Feb | Mar | Apr | May | Jun | Jul | Aug | Sep | Oct | Nov | Dec 
2017: Jan | Feb | Mar | Apr | May | Jun | Jul | Aug | Sep | Oct | Nov | Dec 
2016: Jan | Feb | Mar | Apr | May | Jun | Jul | Aug | Sep | Oct | Nov | Dec 
2015: Jan | Feb | Mar | Apr | May | Jun | Jul | Aug | Sep | Oct | Nov | Dec 
2014: Jan | Feb | Mar | Apr | May | Jun | Jul | Aug | Sep | Oct | Nov | Dec 
2013: Jan | Feb | Mar | Apr | May | Jun | Jul | Aug | Sep | Oct | Nov | Dec 
2012: Jan | Feb | Mar | Apr | May | Jun | Jul | Aug | Sep | Oct | Nov | Dec 
2011: Jan | Feb | Mar | Apr | May | Jun | Jul | Aug | Sep | Oct | Nov | Dec 
2010: Jan | Feb | Mar | Apr | May | Jun | Jul | Aug | Sep | Oct | Nov | Dec 
2009: Jan | Feb | Mar | Apr | May | Jun | Jul | Aug | Sep | Oct | Nov | Dec 
2008: Jan | Feb | Mar | Apr | May | Jun | Jul | Aug | Sep | Oct | Nov | Dec 
2007: Jan | Feb | Mar | Apr | May | Jun | Jul | Aug | Sep | Oct | Nov | Dec 
2006: Jan | Feb | Mar | Apr | May | Jun | Jul | Aug | Sep | Oct | Nov | Dec 
2005: Jan | Feb | Mar | Apr | May | Jun | Jul | Aug | Sep | Oct | Nov | Dec 

Report for 2018 01
MONTHLY CLIMATOLOGICAL SUMMARY FOR 1/2018 HEAT COOL MEAN DEG DEG WIND SPEED DOM MEAN MEAN DAY TEMP HIGH TIME LOW TIME DAYS DAYS RAIN AVG HI TIME DIR BAROM HUM --------------------------------------------------------------------------------------- 1 59.8 73.0 10:00am 47.8 11:47pm 6 1 0.00 5 20 10:03pm N 30.11 89 2 54.0 63.7 11:58am 46.3 2:17am 11 0 0.00 11 27 8:49am NE 30.13 81 3 53.4 61.7 2:46pm 45.3 11:59pm 12 0 0.01 7 28 3:34pm NNW 30.00 84 4 48.9 60.3 1:31pm 36.6 5:03am 16 0 0.00 5 18 2:14pm NNE 30.13 64 5 49.4 63.5 3:02pm 37.7 6:49am 16 0 0.00 4 17 7:19am NE 30.29 52 6 53.2 69.2 2:34pm 41.2 5:14am 12 0 0.00 5 17 8:34am NE 30.33 48 7 57.6 73.4 2:16pm 42.7 5:46am 8 1 0.00 6 20 9:22am NE 30.29 69 8 64.2 74.6 2:47pm 53.0 3:07am 4 3 0.00 1 13 11:44am ENE 30.09 83 9 69.7 81.6 1:51pm 63.5 11:56pm 0 5 0.06 1 12 8:33am ENE 30.00 86 10 69.5 82.8 2:27pm 61.9 7:37am 1 5 0.00 1 10 11:41am SE 29.99 87 11 70.0 78.8 11:38am 64.5 12:23am 0 5 0.00 1 11 11:30am S 29.97 89 12 70.7 75.6 3:19pm 65.6 12:48am 0 6 0.00 4 18 9:12am WNW 29.92 91 13 61.8 69.8 11:33am 49.7 11:57pm 4 1 0.00 5 21 2:19pm NNW 30.13 75 14 53.5 66.7 3:27pm 41.3 7:00am 12 0 0.00 5 17 12:20pm NNE 30.28 69 15 59.2 75.3 1:46pm 46.1 6:05am 8 2 0.00 7 18 9:17pm NE 30.27 73 16 62.6 78.2 2:05pm 49.8 6:20am 5 3 0.00 4 17 11:06am NE 30.26 70 17 57.6 73.4 11:51am 45.5 11:58pm 9 1 0.00 4 19 6:31pm NNW 30.23 77 18 46.8 62.6 2:51pm 32.9 7:02am 18 0 0.00 4 17 3:06am NE 30.31 54 19 56.0 73.0 2:21pm 41.9 5:44am 10 1 0.00 2 14 7:54am NE 30.25 64 20 62.9 73.8 2:38pm 54.4 4:25am 4 2 0.00 1 11 12:00pm ENE 30.21 78 21 68.5 81.2 2:33pm 59.5 3:26am 2 5 0.00 2 16 3:28pm ENE 30.13 80 22 70.0 80.8 11:37am 62.1 5:34am 0 5 0.00 1 10 12:52pm SSE 30.05 85 --------------------------------------------------------------------------------------- TOT 59.9 82.8 1/10/18 32.9 1/18/18 156 46 0.07 4 28 1/3/18 NE 30.15 75 HEAT BASE: 65.0 COOL BASE: 65.0
 
  
Hurricane Tracker

Hurricane Tracker
Hurricane Tracker
2017 Storm Tracker Forum


Atlantic Storms
No Storms


Sponsored Links

Recent Forum Posts

New Post
I'll Fa Lay for You, Par rum pum pum pum, This Black Drum
Posted by
chris on Jan 22, 2018 at 05:52:29 PM


New Post
SW FL-Bonita Beach:Weather isn't helping, but we're catching
Posted by
fishbuster on Jan 18, 2018 at 11:46:09 AM


***FORUM RULES***

Member Login
Username

Password


Join For Free!!
Click here to Register!

Total Hits
We received
80774374
page views since June 2005

Sponsored Links

Social Networks

Southwest Florida Weather | Central Florida Weather | Florida Weather

Cape Coral | Fort Myers | Bonita Springs | Naples | Punta Gorda | Port Charlotte | Estero | Sanibel | Lehigh Acres | Captiva | Pine Island | Bokeelia | St. James City | Alva | Arcadia | Labelle | Clewiston | Venice

Lee County | Charlotte County | Collier County | Hendry County | Desoto County
Glades County | Monroe County | Sarasota County | Manatee County
Hillsborough County | Pinellas County | Pasco County

Recommend us




Copyright Capeweather.com 2005-2017

DO NOT make decisions that affect life or property based on this data!
PHP-Nuke Copyright © 2004 by Francisco Burzi. This is free software, and you may redistribute it under the GPL. PHP-Nuke comes with absolutely no warranty, for details, see the license.
Page Generation: 0.24 Seconds