Southwest Florida Weather History, Yearly, Monthly, Daily, Records
 Click here to register!Home | Advertise | Forum | Live Webcams | Contact Us | Tell a Friend | Your Account  

Lee County Forecast
Overnight

Overnight: Partly cloudy, with a low around 74. East northeast wind around 5 mph.
Partly Cloudy

Saturday

Saturday: Showers and thunderstorms likely, mainly after 2pm.  Partly sunny, with a high near 90. Heat index values as high as 98. East northeast wind 7 to 9 mph.  Chance of precipitation is 60%. New rainfall amounts between a tenth and quarter of an inch, except higher amounts possible in thunderstorms.
Isolated
T-storms then
T-storms
Likely
Lo 74 °FHi 90 °F
Extended Forecast
Florida Weather Forecast

Southwest Florida Webcams

Main Navigation
Weather
· Home
· Current Conditions
· Storm Warnings
· Station Graphs
· Storm Fronts
· Temperature Map
· Station History
· Drought Index
· Storm Reports
· Rainfall Estimates
· Fire Graphs

Doppler Radar
· Lee County
· Charlotte County
· Collier County
· Hendry County
· Desoto County
· Glades County
· Sarasota County
· Manatee County
· Hillsborough County
· Pinellas County
· Pasco County
· Southwest Florida
· Florida
· State Radars
· National

Satellite
· South Florida
· North Florida
· Regional
· National

Forecast
· Extended
· Marine
· Discussion
· Florida Forecast
· Hazardous Outlook
· Wave Heights
· Fire

Lightning
· Live
· Tracker
· Loop
· Network
· WASP
· WASP Loop
· 3 Hour Forecast

Tropical Weather
· Hurricane Tracker
· Tropical Satellite
· Sea Temperature
· Discussion
· Buoy Data
· Tracking Tools
· Monthly Summary

Moon and Tides
· Tides
· Moon Phase

Live Products

Fishing Reports

Local News

Other Info

  
 

Southwest Florida Monthly and Yearly Weather Reports

2017: Jan | Feb | Mar | Apr | May | Jun | Jul | Aug | Sep | Oct | Nov | Dec 
2016: Jan | Feb | Mar | Apr | May | Jun | Jul | Aug | Sep | Oct | Nov | Dec 
2015: Jan | Feb | Mar | Apr | May | Jun | Jul | Aug | Sep | Oct | Nov | Dec 
2014: Jan | Feb | Mar | Apr | May | Jun | Jul | Aug | Sep | Oct | Nov | Dec 
2013: Jan | Feb | Mar | Apr | May | Jun | Jul | Aug | Sep | Oct | Nov | Dec 
2012: Jan | Feb | Mar | Apr | May | Jun | Jul | Aug | Sep | Oct | Nov | Dec 
2011: Jan | Feb | Mar | Apr | May | Jun | Jul | Aug | Sep | Oct | Nov | Dec 
2010: Jan | Feb | Mar | Apr | May | Jun | Jul | Aug | Sep | Oct | Nov | Dec 
2009: Jan | Feb | Mar | Apr | May | Jun | Jul | Aug | Sep | Oct | Nov | Dec 
2008: Jan | Feb | Mar | Apr | May | Jun | Jul | Aug | Sep | Oct | Nov | Dec 
2007: Jan | Feb | Mar | Apr | May | Jun | Jul | Aug | Sep | Oct | Nov | Dec 
2006: Jan | Feb | Mar | Apr | May | Jun | Jul | Aug | Sep | Oct | Nov | Dec 
2005: Jan | Feb | Mar | Apr | May | Jun | Jul | Aug | Sep | Oct | Nov | Dec 

Report for 2017 09
MONTHLY CLIMATOLOGICAL SUMMARY FOR 9/2017 HEAT COOL MEAN DEG DEG WIND SPEED DOM MEAN MEAN DAY TEMP HIGH TIME LOW TIME DAYS DAYS RAIN AVG HI TIME DIR BAROM HUM --------------------------------------------------------------------------------------- 1 83.4 93.9 12:47pm 74.5 7:55pm 0 18 0.26 1 19 6:44pm SW 29.99 81 2 80.5 90.2 3:53pm 75.5 12:00am 0 15 0.46 1 23 7:08pm SW 30.02 85 3 81.5 88.3 3:00pm 75.8 3:01am 0 16 0.01 0 8 12:28am ENE 30.04 85 4 84.1 95.1 3:18pm 75.4 6:54am 0 19 0.00 1 11 4:19pm ENE 30.01 78 5 82.7 93.1 3:09pm 77.2 6:17am 0 18 0.00 1 25 6:14pm WNW 29.95 82 6 83.2 91.8 4:54pm 76.8 5:33am 0 18 0.00 1 12 4:02pm WNW 29.91 83 7 82.8 93.2 12:30pm 73.5 10:29pm 0 18 1.46 2 17 9:17pm WNW 29.93 83 8 82.3 95.7 2:54pm 74.8 12:00am 0 17 0.04 3 22 9:51pm NE 29.88 87 9 82.1 89.7 2:25pm 75.2 11:44pm 0 16 0.49 10 43 11:33pm NE 29.74 85 10 75.8 79.1 11:47pm 73.2 7:48am 0 11 4.04 21 72 3:43pm NE 29.18 95 11 85.3 87.4 12:11am 81.9 3:59am 0 3 0.00 4 11 12:15am W 29.85 68 12 82.0 87.4 12:11am 75.8 11:56pm 0 5 0.00 2 11 12:15am W 29.86 76 13 81.5 90.6 1:18pm 73.0 7:22am 0 16 0.00 1 10 1:57pm WSW 29.91 81 14 84.0 92.8 2:48pm 77.3 5:52am 0 19 0.00 2 13 8:12pm WNW 29.93 80 15 84.0 94.0 1:42pm 76.1 6:58am 0 18 0.00 2 12 10:52pm ENE 29.95 80 16 85.8 97.7 4:48pm 76.3 6:53am 0 21 0.00 2 17 11:20pm ENE 29.95 71 17 85.2 96.1 3:21pm 77.5 6:17am 0 20 0.00 3 23 5:27pm NE 29.95 69 18 82.1 90.3 3:03pm 73.5 7:20am 0 16 0.00 5 20 5:58pm NW 29.92 72 19 80.4 89.4 12:41pm 74.4 6:53am 0 10 0.00 2 15 12:09am NE 29.92 83 20 85.6 91.1 3:25pm 76.6 7:13am 0 13 0.00 2 15 12:09am SW 29.94 72 21 82.1 92.8 12:49pm 74.7 7:09am 0 12 0.00 1 10 9:38am ENE 29.93 82 22 83.3 91.5 11:59am 74.7 7:09am 0 9 0.16 2 16 4:02pm ENE 29.86 79 --------------------------------------------------------------------------------------- TOT 82.6 97.7 9/16/17 73.0 9/13/17 0 329 6.92 3 72 9/10/17 NE 29.89 81 HEAT BASE: 65.0 COOL BASE: 65.0
 
  
Hurricane Tracker

Hurricane Tracker
Hurricane Tracker
2017 Storm Tracker Forum


Atlantic Storms
98L
Jose
Lee
Maria


Sponsored Links

Recent Forum Posts

New Post
Maria
Posted by
ccstorms on Sep 22, 2017 at 06:16:35 PM


New Post
Lee- Regeneration
Posted by
ccstorms on Sep 22, 2017 at 06:10:41 PM


New Post
Jose- Final Advisory
Posted by
ccstorms on Sep 22, 2017 at 06:06:27 PM


New Post
Irma
Posted by
ccstorms on Sep 13, 2017 at 08:51:17 PM


New Post
Katia
Posted by
ccstorms on Sep 07, 2017 at 10:38:16 AM


New Post
Possible Gulf Invest- Deactivated
Posted by
ccstorms on Aug 31, 2017 at 07:45:36 AM


***FORUM RULES***

Sponsored Links

Total Hits
We received
77393010
page views since June 2005

Social Networks

Southwest Florida Weather | Central Florida Weather | Florida Weather

Cape Coral | Fort Myers | Bonita Springs | Naples | Punta Gorda | Port Charlotte | Estero | Sanibel | Lehigh Acres | Captiva | Pine Island | Bokeelia | St. James City | Alva | Arcadia | Labelle | Clewiston | Venice

Lee County | Charlotte County | Collier County | Hendry County | Desoto County
Glades County | Monroe County | Sarasota County | Manatee County
Hillsborough County | Pinellas County | Pasco County

Recommend us




Copyright Capeweather.com 2005-2017

DO NOT make decisions that affect life or property based on this data!
PHP-Nuke Copyright © 2004 by Francisco Burzi. This is free software, and you may redistribute it under the GPL. PHP-Nuke comes with absolutely no warranty, for details, see the license.
Page Generation: 0.19 Seconds