Southwest Florida Weather History, Yearly, Monthly, Daily, Records
 Click here to register!Home | Advertise | Forum | Live Webcams | Contact Us | Tell a Friend | Your Account  

Lee County Forecast & Temp
Current Temp: ^vxv007^ °F
Overnight

Overnight: Mostly cloudy, with a low around 59. North wind 7 to 9 mph.
Mostly Cloudy

Wednesday

Wednesday: Partly sunny, with a high near 72. North northeast wind 8 to 10 mph.
Partly Sunny

Lo 59 °FHi 72 °F
Extended Forecast
Florida Weather Forecast

Southwest Florida Webcams

Main Navigation
Weather
· Home
· Current Conditions
· Storm Warnings
· Station Graphs
· Storm Fronts
· Station History
· Drought Index
· Storm Reports
· Rainfall Estimates
· Fire Graphs

Doppler Radar
· Lee County
· Charlotte County
· Collier County
· Hendry County
· Desoto County
· Glades County
· Sarasota County
· Manatee County
· Hillsborough County
· Pinellas County
· Pasco County
· Southwest Florida
· Florida
· State Radars
· National

Satellite
· South Florida
· North Florida
· Regional
· National

Forecast
· Extended
· Marine
· Discussion
· Florida Forecast
· Hazardous Outlook
· Wave Heights
· Fire

Lightning
· Live
· Tracker
· Loop
· Network
· WASP
· WASP Loop

Tropical Weather
· Hurricane Tracker
· Tropical Satellite
· Sea Temperature
· Discussion
· Buoy Data
· Tracking Tools
· Monthly Summary

Moon and Tides
· Tides
· Moon Phase

Live Products

Fishing Reports

Local News

Other Info

Support Us

Support Capeweather.com
donations

If you find this website useful, consider making
a donation.

Click here to learn more


  
 

Southwest Florida Monthly and Yearly Weather Reports

2018: Jan | Feb | Mar | Apr | May | Jun | Jul | Aug | Sep | Oct | Nov | Dec 
2017: Jan | Feb | Mar | Apr | May | Jun | Jul | Aug | Sep | Oct | Nov | Dec 
2016: Jan | Feb | Mar | Apr | May | Jun | Jul | Aug | Sep | Oct | Nov | Dec 
2015: Jan | Feb | Mar | Apr | May | Jun | Jul | Aug | Sep | Oct | Nov | Dec 
2014: Jan | Feb | Mar | Apr | May | Jun | Jul | Aug | Sep | Oct | Nov | Dec 
2013: Jan | Feb | Mar | Apr | May | Jun | Jul | Aug | Sep | Oct | Nov | Dec 
2012: Jan | Feb | Mar | Apr | May | Jun | Jul | Aug | Sep | Oct | Nov | Dec 
2011: Jan | Feb | Mar | Apr | May | Jun | Jul | Aug | Sep | Oct | Nov | Dec 
2010: Jan | Feb | Mar | Apr | May | Jun | Jul | Aug | Sep | Oct | Nov | Dec 
2009: Jan | Feb | Mar | Apr | May | Jun | Jul | Aug | Sep | Oct | Nov | Dec 
2008: Jan | Feb | Mar | Apr | May | Jun | Jul | Aug | Sep | Oct | Nov | Dec 
2007: Jan | Feb | Mar | Apr | May | Jun | Jul | Aug | Sep | Oct | Nov | Dec 
2006: Jan | Feb | Mar | Apr | May | Jun | Jul | Aug | Sep | Oct | Nov | Dec 
2005: Jan | Feb | Mar | Apr | May | Jun | Jul | Aug | Sep | Oct | Nov | Dec 

Report for 2017 12
MONTHLY CLIMATOLOGICAL SUMMARY FOR 12/2017 HEAT COOL MEAN DEG DEG WIND SPEED DOM MEAN MEAN DAY TEMP HIGH TIME LOW TIME DAYS DAYS RAIN AVG HI TIME DIR BAROM HUM --------------------------------------------------------------------------------------- 1 72.7 85.7 2:32pm 62.2 6:12am 0 8 0.00 2 13 1:14pm ENE 30.06 74 2 72.1 85.2 1:41pm 62.0 6:11am 0 7 0.00 1 11 9:48am ENE 30.09 78 3 70.6 83.3 11:57am 62.2 6:01am 0 6 0.00 1 12 3:56pm WNW 30.08 82 4 71.8 83.0 2:20pm 62.9 4:15am 0 7 0.00 1 12 8:00am ENE 30.11 81 5 73.7 84.5 1:48pm 64.1 6:24am 0 8 0.00 1 11 9:59am ESE 30.13 82 6 72.7 82.0 1:34pm 65.6 5:22am 0 8 0.00 1 12 10:51am SSW 30.06 88 7 74.0 82.6 1:52pm 67.8 6:22am 0 9 0.00 1 11 2:31pm SSW 29.95 91 8 76.5 81.3 12:26pm 72.7 1:22am 0 11 0.00 3 17 3:39pm S 29.84 93 9 64.0 75.9 12:00am 50.8 11:56pm 3 2 0.58 7 28 3:17am NNW 29.96 87 10 51.5 63.8 2:53pm 45.2 6:50am 12 0 0.00 5 19 9:00am NE 30.26 67 11 53.9 66.0 12:13pm 43.6 5:36am 11 0 0.00 3 13 12:18pm NE 30.22 73 12 61.8 73.8 11:24am 47.0 1:54am 6 3 0.00 4 23 1:07pm WNW 30.02 77 13 57.3 68.3 1:59pm 49.1 6:27am 8 0 0.00 3 16 7:59am NNE 30.07 70 14 60.7 71.5 2:08pm 50.4 12:24am 6 1 0.00 1 12 12:59pm SSW 30.05 85 15 65.4 76.2 1:43pm 57.8 2:33am 3 3 0.00 1 10 10:16am SE 30.09 83 16 66.9 80.6 2:30pm 57.4 6:15am 2 4 0.00 1 10 10:20am ENE 30.17 80 17 70.3 85.3 2:57pm 59.3 4:55am 1 6 0.00 1 11 11:20am ESE 30.19 81 18 71.3 83.5 1:59pm 63.2 5:51am 0 7 0.00 1 8 4:00pm NW 30.20 87 19 70.6 81.3 1:46pm 63.5 5:03am 0 6 0.00 1 8 10:35am SSE 30.18 88 20 70.7 79.9 1:46pm 62.0 5:52am 0 6 0.00 1 10 9:46am S 30.08 88 21 72.5 79.8 1:18pm 67.2 11:33pm 0 7 0.00 1 12 11:35am W 30.06 91 22 73.1 84.8 2:53pm 66.5 7:21am 0 8 0.00 1 10 10:28am ENE 30.13 86 23 71.4 80.0 1:57pm 66.2 6:42am 0 6 0.00 1 9 1:01pm SSW 30.14 88 24 71.0 80.9 2:13pm 65.1 11:12pm 0 6 0.00 1 10 2:49pm SSW 30.13 86 25 69.4 80.7 2:32pm 61.8 11:59pm 0 5 0.00 2 16 10:05pm ENE 30.16 82 26 69.2 83.7 1:49pm 57.1 5:30am 2 6 0.08 3 16 5:10pm NE 30.21 81 27 70.9 84.8 2:16pm 62.2 6:05am 0 6 0.00 1 10 4:55pm NE 30.19 82 28 68.2 81.6 2:28pm 60.6 6:16am 1 4 0.00 2 13 8:37pm NE 30.17 86 29 64.5 76.2 2:26pm 57.1 11:37pm 3 2 0.00 3 12 10:49am NE 30.16 86 30 61.9 72.1 2:26pm 55.9 7:24am 4 1 0.00 3 20 11:55am NW 30.13 82 31 61.7 77.2 2:47pm 51.6 6:46am 6 2 0.00 2 13 8:14am NE 30.13 79 --------------------------------------------------------------------------------------- TOT 67.9 85.7 12/1/17 43.6 12/11/17 70 157 0.66 2 28 12/9/17 NE 30.11 83 HEAT BASE: 65.0 COOL BASE: 65.0
 
  
Hurricane Tracker

Hurricane Tracker
Hurricane Tracker
2017 Storm Tracker Forum


Atlantic Storms
No Storms


Sponsored Links

Recent Forum Posts

New Post
I'll Fa Lay for You, Par rum pum pum pum, This Black Drum
Posted by
chris on Jan 22, 2018 at 05:52:29 PM


New Post
SW FL-Bonita Beach:Weather isn't helping, but we're catching
Posted by
fishbuster on Jan 18, 2018 at 11:46:09 AM


***FORUM RULES***

Member Login
Username

Password


Join For Free!!
Click here to Register!

Total Hits
We received
80775631
page views since June 2005

Sponsored Links

Social Networks

Southwest Florida Weather | Central Florida Weather | Florida Weather

Cape Coral | Fort Myers | Bonita Springs | Naples | Punta Gorda | Port Charlotte | Estero | Sanibel | Lehigh Acres | Captiva | Pine Island | Bokeelia | St. James City | Alva | Arcadia | Labelle | Clewiston | Venice

Lee County | Charlotte County | Collier County | Hendry County | Desoto County
Glades County | Monroe County | Sarasota County | Manatee County
Hillsborough County | Pinellas County | Pasco County

Recommend us




Copyright Capeweather.com 2005-2017

DO NOT make decisions that affect life or property based on this data!
PHP-Nuke Copyright © 2004 by Francisco Burzi. This is free software, and you may redistribute it under the GPL. PHP-Nuke comes with absolutely no warranty, for details, see the license.
Page Generation: 0.20 Seconds