Southwest Florida Weather History, Yearly, Monthly, Daily, Records
 Click here to register!Home | Advertise | Forum | Live Webcams | Contact Us | Tell a Friend | Your Account  

Lee County Forecast & Temp
Current Temp: ^vxv007^ °F
Overnight

Overnight: Mostly cloudy, with a low around 59. North wind 7 to 9 mph.
Mostly Cloudy

Wednesday

Wednesday: Partly sunny, with a high near 72. North northeast wind 8 to 10 mph.
Partly Sunny

Lo 59 °FHi 72 °F
Extended Forecast
Florida Weather Forecast

Southwest Florida Webcams

Main Navigation
Weather
· Home
· Current Conditions
· Storm Warnings
· Station Graphs
· Storm Fronts
· Station History
· Drought Index
· Storm Reports
· Rainfall Estimates
· Fire Graphs

Doppler Radar
· Lee County
· Charlotte County
· Collier County
· Hendry County
· Desoto County
· Glades County
· Sarasota County
· Manatee County
· Hillsborough County
· Pinellas County
· Pasco County
· Southwest Florida
· Florida
· State Radars
· National

Satellite
· South Florida
· North Florida
· Regional
· National

Forecast
· Extended
· Marine
· Discussion
· Florida Forecast
· Hazardous Outlook
· Wave Heights
· Fire

Lightning
· Live
· Tracker
· Loop
· Network
· WASP
· WASP Loop

Tropical Weather
· Hurricane Tracker
· Tropical Satellite
· Sea Temperature
· Discussion
· Buoy Data
· Tracking Tools
· Monthly Summary

Moon and Tides
· Tides
· Moon Phase

Live Products

Fishing Reports

Local News

Other Info

Support Us

Support Capeweather.com
donations

If you find this website useful, consider making
a donation.

Click here to learn more


  
 

Southwest Florida Monthly and Yearly Weather Reports

2018: Jan | Feb | Mar | Apr | May | Jun | Jul | Aug | Sep | Oct | Nov | Dec 
2017: Jan | Feb | Mar | Apr | May | Jun | Jul | Aug | Sep | Oct | Nov | Dec 
2016: Jan | Feb | Mar | Apr | May | Jun | Jul | Aug | Sep | Oct | Nov | Dec 
2015: Jan | Feb | Mar | Apr | May | Jun | Jul | Aug | Sep | Oct | Nov | Dec 
2014: Jan | Feb | Mar | Apr | May | Jun | Jul | Aug | Sep | Oct | Nov | Dec 
2013: Jan | Feb | Mar | Apr | May | Jun | Jul | Aug | Sep | Oct | Nov | Dec 
2012: Jan | Feb | Mar | Apr | May | Jun | Jul | Aug | Sep | Oct | Nov | Dec 
2011: Jan | Feb | Mar | Apr | May | Jun | Jul | Aug | Sep | Oct | Nov | Dec 
2010: Jan | Feb | Mar | Apr | May | Jun | Jul | Aug | Sep | Oct | Nov | Dec 
2009: Jan | Feb | Mar | Apr | May | Jun | Jul | Aug | Sep | Oct | Nov | Dec 
2008: Jan | Feb | Mar | Apr | May | Jun | Jul | Aug | Sep | Oct | Nov | Dec 
2007: Jan | Feb | Mar | Apr | May | Jun | Jul | Aug | Sep | Oct | Nov | Dec 
2006: Jan | Feb | Mar | Apr | May | Jun | Jul | Aug | Sep | Oct | Nov | Dec 
2005: Jan | Feb | Mar | Apr | May | Jun | Jul | Aug | Sep | Oct | Nov | Dec 

Report for 2017 10
MONTHLY CLIMATOLOGICAL SUMMARY FOR 10/2017 HEAT COOL MEAN DEG DEG WIND SPEED DOM MEAN MEAN DAY TEMP HIGH TIME LOW TIME DAYS DAYS RAIN AVG HI TIME DIR BAROM HUM --------------------------------------------------------------------------------------- 1 82.5 92.3 1:31pm 75.1 7:24am 0 18 0.02 2 19 1:53pm E 29.89 81 2 80.9 89.8 12:53pm 76.8 7:34am 0 16 0.02 5 24 1:32pm ENE 29.98 85 3 78.1 85.8 1:25pm 74.4 5:05am 0 13 0.30 7 27 2:17pm ENE 30.03 88 4 80.5 91.0 4:03pm 74.9 8:06am 0 15 0.06 9 27 10:54am ENE 29.99 79 5 77.1 81.9 1:23pm 74.4 1:56am 0 12 0.04 6 24 11:38am ENE 29.86 90 6 83.1 90.4 12:04pm 76.7 12:46am 0 17 0.00 2 15 12:00am ESE 29.88 83 7 83.7 89.4 12:47pm 79.5 6:14am 0 19 0.00 4 19 4:39pm SSE 29.90 84 8 84.1 90.1 1:08pm 79.5 11:46pm 0 19 0.00 2 15 11:34am SSE 29.91 84 9 85.6 94.4 4:48pm 78.4 7:34am 0 20 0.00 2 15 9:07pm E 29.93 77 10 83.1 93.3 2:42pm 77.0 7:22am 0 18 0.05 2 22 3:23pm E 29.96 79 11 82.3 93.0 5:15pm 73.1 7:27am 0 17 0.00 3 19 3:31pm ENE 29.95 74 12 79.1 90.5 4:13pm 70.2 7:37am 0 14 0.11 5 26 5:56pm NE 29.90 82 13 81.3 92.7 2:36pm 75.3 7:35am 0 16 0.01 3 22 5:54pm NE 29.93 84 14 78.2 92.8 2:31pm 76.1 7:00am 0 9 0.02 2 16 9:45pm ENE 30.00 91 15 81.0 91.2 1:58pm 73.5 5:53am 0 15 0.00 2 13 3:02pm ENE 29.99 82 16 80.8 90.2 11:35am 75.5 7:33am 0 13 0.00 1 14 2:13pm W 29.94 86 17 79.3 84.6 5:13pm 75.9 6:56am 0 14 0.00 2 17 10:11pm NE 29.97 86 18 79.2 89.9 4:38pm 72.4 7:30am 0 14 0.00 5 20 6:38pm NE 30.01 80 19 79.6 93.1 3:27pm 70.6 6:30am 0 14 0.00 5 21 4:33pm NE 30.01 78 20 78.4 89.0 4:00pm 72.7 7:33am 0 13 0.08 5 25 4:29pm ENE 30.02 84 21 78.9 87.6 2:05pm 73.2 6:47am 0 13 0.00 5 23 4:26pm ENE 30.04 83 22 81.1 90.9 2:22pm 76.1 3:10am 0 16 0.00 2 18 10:45am ESE 30.04 81 23 81.0 88.4 2:14pm 75.8 6:16am 0 16 0.00 2 16 4:12pm S 29.98 84 24 77.7 87.3 4:17pm 72.7 11:52pm 0 12 1.20 3 17 12:29am NNW 29.89 86 25 68.3 75.8 3:00pm 60.4 11:50pm 0 4 0.00 6 27 9:02am N 29.93 64 26 65.5 78.0 3:17pm 56.8 7:25am 3 4 0.00 3 20 10:53am NE 29.99 60 27 70.6 84.5 2:49pm 58.7 6:10am 2 7 0.00 3 15 1:58pm NE 29.98 69 28 69.4 74.2 12:30pm 66.0 9:57pm 0 4 1.15 3 20 8:56pm ENE 29.82 92 29 66.6 71.5 10:36am 56.9 11:59pm 1 2 0.07 7 34 3:08pm NW 29.78 80 30 60.6 73.1 4:37pm 51.1 7:58am 6 2 0.00 4 17 8:47am NE 30.04 61 31 64.3 81.4 4:00pm 50.7 7:25am 5 5 0.00 1 12 11:08am NE 30.10 69 --------------------------------------------------------------------------------------- TOT 77.5 94.4 10/9/17 50.7 10/31/17 17 393 3.19 4 34 10/29/17 NE 29.95 80 HEAT BASE: 65.0 COOL BASE: 65.0
 
  
Hurricane Tracker

Hurricane Tracker
Hurricane Tracker
2017 Storm Tracker Forum


Atlantic Storms
No Storms


Sponsored Links

Recent Forum Posts

New Post
I'll Fa Lay for You, Par rum pum pum pum, This Black Drum
Posted by
chris on Jan 22, 2018 at 05:52:29 PM


New Post
SW FL-Bonita Beach:Weather isn't helping, but we're catching
Posted by
fishbuster on Jan 18, 2018 at 11:46:09 AM


***FORUM RULES***

Member Login
Username

Password


Join For Free!!
Click here to Register!

Total Hits
We received
80778699
page views since June 2005

Sponsored Links

Social Networks

Southwest Florida Weather | Central Florida Weather | Florida Weather

Cape Coral | Fort Myers | Bonita Springs | Naples | Punta Gorda | Port Charlotte | Estero | Sanibel | Lehigh Acres | Captiva | Pine Island | Bokeelia | St. James City | Alva | Arcadia | Labelle | Clewiston | Venice

Lee County | Charlotte County | Collier County | Hendry County | Desoto County
Glades County | Monroe County | Sarasota County | Manatee County
Hillsborough County | Pinellas County | Pasco County

Recommend us




Copyright Capeweather.com 2005-2017

DO NOT make decisions that affect life or property based on this data!
PHP-Nuke Copyright © 2004 by Francisco Burzi. This is free software, and you may redistribute it under the GPL. PHP-Nuke comes with absolutely no warranty, for details, see the license.
Page Generation: 0.24 Seconds