Southwest Florida Weather History, Yearly, Monthly, Daily, Records
 Click here to register!Home | Advertise | Forum | Live Webcams | Contact Us | Tell a Friend | Your Account  

Lee County Forecast
Today

Today: A 20 percent chance of showers and thunderstorms after 1pm.  Patchy fog before 8am.  Otherwise, mostly sunny, with a high near 81. Light and variable wind becoming west northwest around 6 mph in the afternoon.
Patchy Fog
then Slight
Chance
T-storms
Tonight

Tonight: A 20 percent chance of showers and thunderstorms before 1am.  Mostly cloudy, with a low around 66. Light and variable wind becoming east 5 to 7 mph in the evening.
Slight Chance
T-storms

Hi 81 °FLo 66 °F
Extended Forecast
Florida Weather Forecast

Southwest Florida Webcams

Main Navigation
Weather
· Home
· Current Conditions
· Storm Warnings
· Station Graphs
· Storm Fronts
· Station History
· Drought Index
· Storm Reports
· Rainfall Estimates
· Fire Graphs

Doppler Radar
· Lee County
· Charlotte County
· Collier County
· Hendry County
· Desoto County
· Glades County
· Sarasota County
· Manatee County
· Hillsborough County
· Pinellas County
· Pasco County
· Southwest Florida
· Florida
· State Radars
· National

Satellite
· South Florida
· North Florida
· Regional
· National

Forecast
· Extended
· Marine
· Discussion
· Florida Forecast
· Hazardous Outlook
· Wave Heights
· Fire

Lightning
· Live
· Tracker
· Loop
· Network
· WASP
· WASP Loop

Tropical Weather
· Hurricane Tracker
· Tropical Satellite
· Sea Temperature
· Discussion
· Buoy Data
· Tracking Tools
· Monthly Summary

Moon and Tides
· Tides
· Moon Phase

Live Products

Fishing Reports

Local News

Other Info

Support Us

Support Capeweather.com
donations

If you find this website useful, consider making
a donation.

Click here to learn more


  
 

Southwest Florida Monthly and Yearly Weather Reports

2017: Jan | Feb | Mar | Apr | May | Jun | Jul | Aug | Sep | Oct | Nov | Dec 
2016: Jan | Feb | Mar | Apr | May | Jun | Jul | Aug | Sep | Oct | Nov | Dec 
2015: Jan | Feb | Mar | Apr | May | Jun | Jul | Aug | Sep | Oct | Nov | Dec 
2014: Jan | Feb | Mar | Apr | May | Jun | Jul | Aug | Sep | Oct | Nov | Dec 
2013: Jan | Feb | Mar | Apr | May | Jun | Jul | Aug | Sep | Oct | Nov | Dec 
2012: Jan | Feb | Mar | Apr | May | Jun | Jul | Aug | Sep | Oct | Nov | Dec 
2011: Jan | Feb | Mar | Apr | May | Jun | Jul | Aug | Sep | Oct | Nov | Dec 
2010: Jan | Feb | Mar | Apr | May | Jun | Jul | Aug | Sep | Oct | Nov | Dec 
2009: Jan | Feb | Mar | Apr | May | Jun | Jul | Aug | Sep | Oct | Nov | Dec 
2008: Jan | Feb | Mar | Apr | May | Jun | Jul | Aug | Sep | Oct | Nov | Dec 
2007: Jan | Feb | Mar | Apr | May | Jun | Jul | Aug | Sep | Oct | Nov | Dec 
2006: Jan | Feb | Mar | Apr | May | Jun | Jul | Aug | Sep | Oct | Nov | Dec 
2005: Jan | Feb | Mar | Apr | May | Jun | Jul | Aug | Sep | Oct | Nov | Dec 

Report for 2017 09
MONTHLY CLIMATOLOGICAL SUMMARY FOR 9/2017 HEAT COOL MEAN DEG DEG WIND SPEED DOM MEAN MEAN DAY TEMP HIGH TIME LOW TIME DAYS DAYS RAIN AVG HI TIME DIR BAROM HUM --------------------------------------------------------------------------------------- 1 83.4 93.9 12:47pm 74.5 7:55pm 0 18 0.26 1 19 6:44pm SW 29.99 81 2 80.5 90.2 3:53pm 75.5 12:00am 0 15 0.46 1 23 7:08pm SW 30.02 85 3 81.5 88.3 3:00pm 75.8 3:01am 0 16 0.01 0 8 12:28am ENE 30.04 85 4 84.1 95.1 3:18pm 75.4 6:54am 0 19 0.00 1 11 4:19pm ENE 30.01 78 5 82.7 93.1 3:09pm 77.2 6:17am 0 18 0.00 1 25 6:14pm WNW 29.95 82 6 83.2 91.8 4:54pm 76.8 5:33am 0 18 0.00 1 12 4:02pm WNW 29.91 83 7 82.8 93.2 12:30pm 73.5 10:29pm 0 18 1.46 2 17 9:17pm WNW 29.93 83 8 82.3 95.7 2:54pm 74.8 12:00am 0 17 0.04 3 22 9:51pm NE 29.88 87 9 82.1 89.7 2:25pm 75.2 11:44pm 0 16 0.49 10 43 11:33pm NE 29.74 85 10 75.8 79.1 11:47pm 73.2 7:48am 0 11 4.04 21 72 3:43pm NE 29.18 95 11 85.3 87.4 12:11am 81.9 3:59am 0 3 0.00 4 11 12:15am W 29.85 68 12 82.0 87.4 12:11am 75.8 11:56pm 0 5 0.00 2 11 12:15am W 29.86 76 13 81.5 90.6 1:18pm 73.0 7:22am 0 16 0.00 1 10 1:57pm WSW 29.91 81 14 84.0 92.8 2:48pm 77.3 5:52am 0 19 0.00 2 13 8:12pm WNW 29.93 80 15 84.0 94.0 1:42pm 76.1 6:58am 0 18 0.00 2 12 10:52pm ENE 29.95 80 16 85.8 97.7 4:48pm 76.3 6:53am 0 21 0.00 2 17 11:20pm ENE 29.95 71 17 85.2 96.1 3:21pm 77.5 6:17am 0 20 0.00 3 23 5:27pm NE 29.95 69 18 82.1 90.3 3:03pm 73.5 7:20am 0 16 0.00 5 20 5:58pm NW 29.92 72 19 80.4 89.4 12:41pm 74.4 6:53am 0 10 0.00 2 15 12:09am NE 29.92 83 20 85.6 91.1 3:25pm 76.6 7:13am 0 13 0.00 2 15 12:09am SW 29.94 72 21 82.1 92.8 12:49pm 74.7 7:09am 0 12 0.00 1 10 9:38am ENE 29.93 82 22 83.3 91.5 11:59am 74.7 7:09am 0 9 0.16 2 16 4:02pm ENE 29.86 79 23 82.3 93.2 2:58pm 75.3 6:52am 0 17 0.00 3 22 6:03pm ENE 29.82 80 24 81.8 94.9 4:28pm 75.3 7:09am 0 16 0.82 2 22 5:33pm NE 29.84 82 25 82.7 90.9 12:36pm 76.0 6:17am 0 18 0.00 2 11 5:28pm WSW 29.85 83 26 83.2 90.3 2:46pm 76.4 7:19am 0 18 0.00 2 12 1:08pm W 29.86 79 27 82.6 90.2 2:41pm 76.0 7:27am 0 17 0.00 2 13 4:10pm W 29.86 79 28 82.0 90.5 2:31pm 76.1 7:15am 0 17 0.02 2 23 6:35pm W 29.86 80 29 78.0 83.5 2:05pm 72.9 11:14pm 0 13 0.55 1 12 6:09pm E 29.89 89 30 79.0 87.3 12:41pm 72.9 12:04am 0 13 0.02 1 25 2:12pm W 29.91 86 --------------------------------------------------------------------------------------- TOT 82.2 97.7 9/16/17 72.9 9/29/17 0 459 8.33 3 72 9/10/17 NE 29.88 81 HEAT BASE: 65.0 COOL BASE: 65.0
 
  
Hurricane Tracker

Hurricane Tracker
Hurricane Tracker
2017 Storm Tracker Forum


Atlantic Storms
No Storms


Sponsored Links

Recent Forum Posts

New Post
SW FL-Bonita Beach:Nice trout Inshore;Keeper Mutton Offshore
Posted by
fishbuster on Nov 09, 2017 at 02:17:33 PM


New Post
Philippe- Final Advisory
Posted by
ccstorms on Oct 29, 2017 at 05:36:13 PM


New Post
Invest 92L- Deactivated
Posted by
ccstorms on Oct 17, 2017 at 06:12:31 AM


New Post
Ophelia- Final Advisory
Posted by
ccstorms on Oct 16, 2017 at 06:32:58 AM


New Post
Nate- Final Advisory
Posted by
ccstorms on Oct 08, 2017 at 02:04:43 PM


New Post
SW FL-Bonita Beach: Fishing pre and post Hurricane Irma
Posted by
fishbuster on Oct 07, 2017 at 12:55:48 PM


***FORUM RULES***

Sponsored Links

Member Login
Username

Password


Join For Free!!
Click here to Register!

Total Hits
We received
79185370
page views since June 2005

Sponsored Links

Social Networks

Southwest Florida Weather | Central Florida Weather | Florida Weather

Cape Coral | Fort Myers | Bonita Springs | Naples | Punta Gorda | Port Charlotte | Estero | Sanibel | Lehigh Acres | Captiva | Pine Island | Bokeelia | St. James City | Alva | Arcadia | Labelle | Clewiston | Venice

Lee County | Charlotte County | Collier County | Hendry County | Desoto County
Glades County | Monroe County | Sarasota County | Manatee County
Hillsborough County | Pinellas County | Pasco County

Recommend us




Copyright Capeweather.com 2005-2017

DO NOT make decisions that affect life or property based on this data!
PHP-Nuke Copyright © 2004 by Francisco Burzi. This is free software, and you may redistribute it under the GPL. PHP-Nuke comes with absolutely no warranty, for details, see the license.
Page Generation: 0.27 Seconds