Southwest Florida Weather History, Yearly, Monthly, Daily, Records
 Click here to register!Home | Advertise | Forum | Live Webcams | Contact Us | Tell a Friend | Your Account  

Lee County Forecast
This
Afternoon
This Afternoon: Isolated showers after 3pm.  Partly sunny, with a high near 87. Breezy, with an east wind around 16 mph, with gusts as high as 23 mph.  Chance of precipitation is 20%.
Isolated
Showers and
Breezy
Tonight

Tonight: Mostly cloudy, with a low around 74. East wind 10 to 13 mph, with gusts as high as 18 mph.
Mostly Cloudy

Hi 87 °FLo 74 °F
Extended Forecast
Florida Weather Forecast

Southwest Florida Webcams

Main Navigation
Weather
· Home
· Current Conditions
· Storm Warnings
· Station Graphs
· Storm Fronts
· Temperature Map
· Station History
· Drought Index
· Storm Reports
· Rainfall Estimates
· Fire Graphs

Doppler Radar
· Lee County
· Charlotte County
· Collier County
· Hendry County
· Desoto County
· Glades County
· Sarasota County
· Manatee County
· Hillsborough County
· Pinellas County
· Pasco County
· Southwest Florida
· Florida
· State Radars
· National

Satellite
· South Florida
· North Florida
· Regional
· National

Forecast
· Extended
· Marine
· Discussion
· Florida Forecast
· Hazardous Outlook
· Wave Heights
· Fire

Lightning
· Live
· Tracker
· Loop
· Network
· WASP
· WASP Loop
· 3 Hour Forecast

Tropical Weather
· Hurricane Tracker
· Tropical Satellite
· Sea Temperature
· Discussion
· Buoy Data
· Tracking Tools
· Monthly Summary

Moon and Tides
· Tides
· Moon Phase

Live Products

Fishing Reports

Local News

Other Info

  
 

Southwest Florida Monthly and Yearly Weather Reports

2017: Jan | Feb | Mar | Apr | May | Jun | Jul | Aug | Sep | Oct | Nov | Dec 
2016: Jan | Feb | Mar | Apr | May | Jun | Jul | Aug | Sep | Oct | Nov | Dec 
2015: Jan | Feb | Mar | Apr | May | Jun | Jul | Aug | Sep | Oct | Nov | Dec 
2014: Jan | Feb | Mar | Apr | May | Jun | Jul | Aug | Sep | Oct | Nov | Dec 
2013: Jan | Feb | Mar | Apr | May | Jun | Jul | Aug | Sep | Oct | Nov | Dec 
2012: Jan | Feb | Mar | Apr | May | Jun | Jul | Aug | Sep | Oct | Nov | Dec 
2011: Jan | Feb | Mar | Apr | May | Jun | Jul | Aug | Sep | Oct | Nov | Dec 
2010: Jan | Feb | Mar | Apr | May | Jun | Jul | Aug | Sep | Oct | Nov | Dec 
2009: Jan | Feb | Mar | Apr | May | Jun | Jul | Aug | Sep | Oct | Nov | Dec 
2008: Jan | Feb | Mar | Apr | May | Jun | Jul | Aug | Sep | Oct | Nov | Dec 
2007: Jan | Feb | Mar | Apr | May | Jun | Jul | Aug | Sep | Oct | Nov | Dec 
2006: Jan | Feb | Mar | Apr | May | Jun | Jul | Aug | Sep | Oct | Nov | Dec 
2005: Jan | Feb | Mar | Apr | May | Jun | Jul | Aug | Sep | Oct | Nov | Dec 

Report for 2017 07
MONTHLY CLIMATOLOGICAL SUMMARY FOR 7/2017 HEAT COOL MEAN DEG DEG WIND SPEED DOM MEAN MEAN DAY TEMP HIGH TIME LOW TIME DAYS DAYS RAIN AVG HI TIME DIR BAROM HUM --------------------------------------------------------------------------------------- 1 83.3 93.5 3:17pm 74.5 9:39pm 0 18 0.24 2 23 7:30pm SW 30.10 80 2 84.2 94.9 1:42pm 76.2 12:00am 0 18 0.03 2 19 7:44pm WNW 30.11 79 3 84.1 95.0 2:58pm 76.4 9:36pm 0 19 0.07 2 16 8:13pm SW 30.07 77 4 83.1 97.4 2:49pm 76.4 3:48am 0 18 0.00 1 13 3:58pm ESE 30.07 77 5 83.6 97.6 2:08pm 76.6 6:50am 0 18 0.33 1 14 5:27pm E 30.09 81 6 81.2 94.5 12:24pm 76.0 5:43am 0 16 0.03 1 17 3:26pm ESE 30.10 84 7 83.2 91.0 10:43am 75.1 5:14am 0 18 0.07 1 11 9:06pm W 30.07 80 8 82.4 92.2 1:43pm 76.3 7:04am 0 17 0.01 1 14 3:15pm SSW 30.05 81 9 83.2 93.0 11:31am 75.4 6:57am 0 18 0.00 1 12 2:32pm SW 30.04 78 10 80.5 95.0 1:13pm 75.4 11:56pm 0 16 1.45 1 17 2:28pm E 30.03 86 11 78.7 91.7 11:18am 73.5 10:44pm 0 13 0.21 1 18 5:45pm E 30.05 88 12 79.2 94.9 1:22pm 74.1 6:30am 0 14 0.31 2 35 2:56pm NE 30.05 89 13 83.3 94.4 3:55pm 75.1 6:52am 0 18 0.00 3 17 3:47pm NE 30.05 82 14 83.3 94.7 1:33pm 78.5 11:56pm 0 18 0.05 1 19 2:21pm E 30.06 81 15 82.5 94.8 1:46pm 76.1 6:34am 0 18 0.50 1 18 4:52pm E 30.02 82 16 83.1 97.5 2:18pm 76.4 12:01am 0 18 0.09 1 18 6:29pm ENE 29.96 82 17 81.9 90.8 1:11pm 76.7 6:07am 0 16 0.19 1 11 11:40am SW 29.98 85 18 81.9 90.0 12:11pm 76.6 6:33am 0 17 0.00 1 12 10:03am SW 30.04 83 19 81.7 87.0 6:21pm 77.6 5:56am 0 17 0.00 1 14 12:07pm W 30.07 84 20 83.7 91.2 2:47pm 77.6 5:53am 0 18 0.13 1 12 3:40pm SSW 30.05 80 21 82.5 89.5 5:50pm 78.4 6:53am 0 17 0.00 1 14 9:33am SSE 30.03 84 22 81.4 90.0 10:33am 77.2 11:29am 0 16 0.00 1 22 10:52am SE 30.04 85 23 83.1 90.3 11:06am 76.6 5:23am 0 17 0.00 1 15 11:29am W 30.01 81 24 84.8 94.4 4:12pm 76.2 7:01am 0 20 0.00 1 10 3:28pm S 30.03 77 25 86.4 94.0 11:59am 78.9 7:05am 0 21 0.00 2 13 2:25pm W 30.08 76 26 86.9 96.9 12:32pm 79.6 6:19am 0 21 0.54 2 19 11:54pm WNW 30.04 74 27 83.9 94.9 2:48pm 73.6 12:43am 0 19 0.88 2 23 12:00am WNW 29.98 79 28 84.5 92.4 3:21pm 78.4 2:18am 0 19 0.00 2 13 4:37pm WNW 29.93 79 29 85.7 91.6 4:21pm 80.9 7:19am 0 20 0.00 3 18 2:37pm W 29.90 75 30 84.1 89.5 1:50pm 78.7 11:19pm 0 19 0.09 4 22 2:03pm SW 29.89 80 31 80.2 86.7 6:05pm 74.7 9:29am 0 15 1.44 5 31 4:55am W 29.90 88 --------------------------------------------------------------------------------------- TOT 82.9 97.6 7/5/17 73.5 7/11/17 0 549 6.66 2 35 7/12/17 W 30.03 81 HEAT BASE: 65.0 COOL BASE: 65.0
 
  
Hurricane Tracker

Hurricane Tracker
Hurricane Tracker
2017 Storm Tracker Forum


Atlantic Storms
No Storms


Sponsored Links

Recent Forum Posts

New Post
Invest 92L- Deactivated
Posted by
ccstorms on Oct 17, 2017 at 06:12:31 AM


New Post
Ophelia- Final Advisory
Posted by
ccstorms on Oct 16, 2017 at 06:32:58 AM


New Post
Nate- Final Advisory
Posted by
ccstorms on Oct 08, 2017 at 02:04:43 PM


New Post
SW FL-Bonita Beach: Fishing pre and post Hurricane Irma
Posted by
fishbuster on Oct 07, 2017 at 12:55:48 PM


New Post
Invest 99L- Deactivated
Posted by
ccstorms on Oct 01, 2017 at 06:10:56 AM


New Post
Maria- Final Advisory
Posted by
ccstorms on Sep 30, 2017 at 05:15:26 PM


***FORUM RULES***

Sponsored Links

Member Login
Username

Password


Join For Free!!
Click here to Register!

Total Hits
We received
78344224
page views since June 2005

Social Networks

Southwest Florida Weather | Central Florida Weather | Florida Weather

Cape Coral | Fort Myers | Bonita Springs | Naples | Punta Gorda | Port Charlotte | Estero | Sanibel | Lehigh Acres | Captiva | Pine Island | Bokeelia | St. James City | Alva | Arcadia | Labelle | Clewiston | Venice

Lee County | Charlotte County | Collier County | Hendry County | Desoto County
Glades County | Monroe County | Sarasota County | Manatee County
Hillsborough County | Pinellas County | Pasco County

Recommend us




Copyright Capeweather.com 2005-2017

DO NOT make decisions that affect life or property based on this data!
PHP-Nuke Copyright © 2004 by Francisco Burzi. This is free software, and you may redistribute it under the GPL. PHP-Nuke comes with absolutely no warranty, for details, see the license.
Page Generation: 0.25 Seconds