Southwest Florida Weather History, Yearly, Monthly, Daily, Records
 Click here to register!Home | Advertise | Forum | Live Webcams | Contact Us | Tell a Friend | Your Account  

Lee County Forecast & Temp
Tonight

Tonight: Patchy fog after 4am.  Otherwise, partly cloudy, with a low around 62. Light and variable wind.
Patchy Fog

Sunday

Sunday: Patchy fog before 9am.  Otherwise, mostly sunny, with a high near 84. East northeast wind 5 to 7 mph.
Patchy Fog
then Sunny
Lo 62 °FHi 84 °F
Extended Forecast
Florida Weather Forecast

Southwest Florida Webcams

Main Navigation
Weather
· Home
· Current Conditions
· Storm Warnings
· Station Graphs
· Storm Fronts
· Station History
· Drought Index
· Storm Reports
· Rainfall Estimates
· Fire Graphs

Doppler Radar
· Lee County
· Charlotte County
· Collier County
· Hendry County
· Desoto County
· Glades County
· Sarasota County
· Manatee County
· Hillsborough County
· Pinellas County
· Pasco County
· Southwest Florida
· Florida
· State Radars
· National

Satellite
· South Florida
· North Florida
· Regional
· National

Forecast
· Extended
· Marine
· Discussion
· Florida Forecast
· Hazardous Outlook
· Wave Heights
· Fire

Lightning
· Live
· Tracker
· Loop
· Network
· WASP
· WASP Loop

Tropical Weather
· Hurricane Tracker
· Tropical Satellite
· Sea Temperature
· Discussion
· Buoy Data
· Tracking Tools
· Monthly Summary

Moon and Tides
· Tides
· Moon Phase

Live Products

Fishing Reports

Local News

Other Info

  
 

Southwest Florida Monthly and Yearly Weather Reports

2018: Jan | Feb | Mar | Apr | May | Jun | Jul | Aug | Sep | Oct | Nov | Dec 
2017: Jan | Feb | Mar | Apr | May | Jun | Jul | Aug | Sep | Oct | Nov | Dec 
2016: Jan | Feb | Mar | Apr | May | Jun | Jul | Aug | Sep | Oct | Nov | Dec 
2015: Jan | Feb | Mar | Apr | May | Jun | Jul | Aug | Sep | Oct | Nov | Dec 
2014: Jan | Feb | Mar | Apr | May | Jun | Jul | Aug | Sep | Oct | Nov | Dec 
2013: Jan | Feb | Mar | Apr | May | Jun | Jul | Aug | Sep | Oct | Nov | Dec 
2012: Jan | Feb | Mar | Apr | May | Jun | Jul | Aug | Sep | Oct | Nov | Dec 
2011: Jan | Feb | Mar | Apr | May | Jun | Jul | Aug | Sep | Oct | Nov | Dec 
2010: Jan | Feb | Mar | Apr | May | Jun | Jul | Aug | Sep | Oct | Nov | Dec 
2009: Jan | Feb | Mar | Apr | May | Jun | Jul | Aug | Sep | Oct | Nov | Dec 
2008: Jan | Feb | Mar | Apr | May | Jun | Jul | Aug | Sep | Oct | Nov | Dec 
2007: Jan | Feb | Mar | Apr | May | Jun | Jul | Aug | Sep | Oct | Nov | Dec 
2006: Jan | Feb | Mar | Apr | May | Jun | Jul | Aug | Sep | Oct | Nov | Dec 
2005: Jan | Feb | Mar | Apr | May | Jun | Jul | Aug | Sep | Oct | Nov | Dec 

Report for 2017 06
MONTHLY CLIMATOLOGICAL SUMMARY FOR 6/2017 HEAT COOL MEAN DEG DEG WIND SPEED DOM MEAN MEAN DAY TEMP HIGH TIME LOW TIME DAYS DAYS RAIN AVG HI TIME DIR BAROM HUM --------------------------------------------------------------------------------------- 1 82.6 91.3 2:15pm 74.9 1:38am 0 18 0.00 2 11 1:30pm S 30.03 76 2 80.3 87.0 2:33pm 74.5 11:56pm 0 15 0.01 2 16 2:41pm E 30.00 82 3 79.8 90.6 3:18pm 74.2 3:49am 0 15 0.00 2 18 5:38pm W 29.97 79 4 79.7 87.3 2:19pm 74.5 6:37am 0 15 0.01 0 8 8:29am SSE 29.94 81 5 76.9 81.8 11:16am 73.5 4:32pm 0 11 0.92 1 13 12:24pm ESE 29.90 90 6 77.3 87.0 3:38pm 74.0 5:51pm 0 12 1.13 3 33 5:22pm SSE 29.80 94 7 76.9 82.5 10:57am 71.4 1:56pm 0 12 2.70 5 26 2:59pm SW 29.76 92 8 81.0 85.7 4:39pm 75.3 11:51am 0 15 0.08 6 24 11:19am SW 29.77 83 9 81.9 91.6 3:50pm 73.6 6:37am 0 17 0.00 2 11 3:28pm W 29.88 75 10 77.7 80.8 12:12am 73.9 10:36am 0 13 1.20 1 15 10:22am SSE 30.00 91 11 80.5 94.5 3:59pm 75.2 8:37pm 0 15 0.66 2 26 5:33pm E 30.07 88 12 80.0 94.3 2:32pm 75.4 12:00am 0 15 0.02 2 22 2:51pm E 30.04 88 13 80.4 92.9 2:03pm 74.2 10:45pm 0 15 0.03 2 22 5:11pm E 30.01 84 14 77.9 91.0 11:08am 73.6 1:46am 0 12 0.20 1 12 12:47pm E 30.01 89 15 79.2 89.3 11:06am 74.1 11:40pm 0 14 0.00 1 14 1:57pm E 29.99 86 16 81.1 89.1 1:56pm 73.1 3:48am 0 16 0.00 2 14 5:04pm W 29.93 81 17 83.7 93.1 3:50pm 75.2 6:10am 0 18 0.08 1 24 4:38pm SSW 29.90 76 18 82.6 91.3 3:27pm 77.6 11:24pm 0 18 0.00 2 22 1:40pm SSE 29.91 80 19 78.9 88.6 11:53am 75.4 12:57pm 0 14 0.62 2 29 12:16pm E 29.94 89 20 83.6 91.2 12:46pm 78.7 12:04am 0 18 0.00 3 17 5:16pm ESE 29.94 80 21 83.6 92.4 2:18pm 78.6 7:06am 0 19 0.00 2 18 3:38pm SSE 29.97 80 22 85.3 95.6 1:55pm 77.7 5:12am 0 20 0.00 1 14 12:36pm ESE 30.01 77 23 84.4 93.6 3:27pm 76.4 5:32am 0 19 0.00 2 14 5:17pm SSW 30.00 76 24 84.3 93.3 3:52pm 77.6 6:53am 0 19 0.02 2 15 4:25pm SW 30.03 78 25 84.0 95.1 12:40pm 77.4 6:55am 0 19 0.65 1 13 3:20pm W 30.06 79 26 84.3 92.2 3:51pm 75.7 6:21am 0 19 0.01 2 14 4:48pm SW 30.02 76 27 82.5 90.2 3:32pm 74.3 7:00am 0 17 0.20 2 17 11:32pm WNW 29.97 80 28 82.6 93.2 12:32pm 75.6 6:07am 0 18 0.00 2 21 6:39pm W 30.00 79 29 81.8 94.6 12:27pm 74.0 6:45pm 0 16 0.96 1 23 6:12pm E 30.04 83 30 83.4 93.1 4:00pm 75.8 6:06am 0 18 0.01 1 13 2:11pm SW 30.06 82 --------------------------------------------------------------------------------------- TOT 81.3 95.6 6/22/17 71.4 6/7/17 0 482 9.51 2 33 6/6/17 E 29.97 83 HEAT BASE: 65.0 COOL BASE: 65.0
 
  
Hurricane Tracker

Hurricane Tracker
Hurricane Tracker
2017 Storm Tracker Forum


Atlantic Storms
No Storms


Sponsored Links

Recent Forum Posts

New Post
Fishing Report Feb 17 2018
Posted by
captruss on Feb 17, 2018 at 09:41:35 AM


New Post
Water Temperature is Everything
Posted by
captruss on Feb 09, 2018 at 06:39:09 AM


***FORUM RULES***

Member Login
Username

Password


Join For Free!!
Click here to Register!

Total Hits
We received
81457920
page views since June 2005

Sponsored Links

Social Networks

Southwest Florida Weather | Central Florida Weather | Florida Weather

Cape Coral | Fort Myers | Bonita Springs | Naples | Punta Gorda | Port Charlotte | Estero | Sanibel | Lehigh Acres | Captiva | Pine Island | Bokeelia | St. James City | Alva | Arcadia | Labelle | Clewiston | Venice

Lee County | Charlotte County | Collier County | Hendry County | Desoto County
Glades County | Monroe County | Sarasota County | Manatee County
Hillsborough County | Pinellas County | Pasco County

Recommend us




Copyright Capeweather.com 2005-2017

DO NOT make decisions that affect life or property based on this data!
PHP-Nuke Copyright © 2004 by Francisco Burzi. This is free software, and you may redistribute it under the GPL. PHP-Nuke comes with absolutely no warranty, for details, see the license.
Page Generation: 0.22 Seconds