Southwest Florida Weather History, Yearly, Monthly, Daily, Records
 Click here to register!Home | Advertise | Forum | Live Webcams | Contact Us | Tell a Friend | Your Account  

Lee County Forecast
This
Afternoon
This Afternoon: Scattered showers and thunderstorms after 2pm.  Mostly sunny, with a high near 92. Heat index values as high as 100. West wind around 7 mph.  Chance of precipitation is 30%.
Scattered
T-storms

Tonight

Tonight: Scattered showers and thunderstorms, mainly before 8pm.  Mostly cloudy, with a low around 77. North northwest wind around 6 mph becoming light and variable  after midnight.  Chance of precipitation is 30%.
Scattered
T-storms then
Partly Cloudy
Hi 92 °FLo 77 °F
Extended Forecast
Florida Weather Forecast

Southwest Florida Webcams

Main Navigation
Weather
· Home
· Current Conditions
· Storm Warnings
· Station Graphs
· Storm Fronts
· Temperature Map
· Station History
· Drought Index
· Storm Reports
· Rainfall Estimates
· Fire Graphs

Doppler Radar
· Lee County
· Charlotte County
· Collier County
· Hendry County
· Desoto County
· Glades County
· Sarasota County
· Manatee County
· Hillsborough County
· Pinellas County
· Pasco County
· Southwest Florida
· Florida
· State Radars
· National

Satellite
· South Florida
· North Florida
· Regional
· National

Forecast
· Extended
· Marine
· Discussion
· Florida Forecast
· Hazardous Outlook
· Wave Heights
· Fire

Lightning
· Live
· Tracker
· Loop
· Network
· WASP
· WASP Loop
· 3 Hour Forecast

Tropical Weather
· Hurricane Tracker
· Tropical Satellite
· Sea Temperature
· Discussion
· Buoy Data
· Tracking Tools
· Monthly Summary

Moon and Tides
· Tides
· Moon Phase

Live Products

Fishing Reports

Local News

Other Info

  
 

Southwest Florida Monthly and Yearly Weather Reports

2017: Jan | Feb | Mar | Apr | May | Jun | Jul | Aug | Sep | Oct | Nov | Dec 
2016: Jan | Feb | Mar | Apr | May | Jun | Jul | Aug | Sep | Oct | Nov | Dec 
2015: Jan | Feb | Mar | Apr | May | Jun | Jul | Aug | Sep | Oct | Nov | Dec 
2014: Jan | Feb | Mar | Apr | May | Jun | Jul | Aug | Sep | Oct | Nov | Dec 
2013: Jan | Feb | Mar | Apr | May | Jun | Jul | Aug | Sep | Oct | Nov | Dec 
2012: Jan | Feb | Mar | Apr | May | Jun | Jul | Aug | Sep | Oct | Nov | Dec 
2011: Jan | Feb | Mar | Apr | May | Jun | Jul | Aug | Sep | Oct | Nov | Dec 
2010: Jan | Feb | Mar | Apr | May | Jun | Jul | Aug | Sep | Oct | Nov | Dec 
2009: Jan | Feb | Mar | Apr | May | Jun | Jul | Aug | Sep | Oct | Nov | Dec 
2008: Jan | Feb | Mar | Apr | May | Jun | Jul | Aug | Sep | Oct | Nov | Dec 
2007: Jan | Feb | Mar | Apr | May | Jun | Jul | Aug | Sep | Oct | Nov | Dec 
2006: Jan | Feb | Mar | Apr | May | Jun | Jul | Aug | Sep | Oct | Nov | Dec 
2005: Jan | Feb | Mar | Apr | May | Jun | Jul | Aug | Sep | Oct | Nov | Dec 

Report for 2017 04
MONTHLY CLIMATOLOGICAL SUMMARY FOR 4/2017 HEAT COOL MEAN DEG DEG WIND SPEED DOM MEAN MEAN DAY TEMP HIGH TIME LOW TIME DAYS DAYS RAIN AVG HI TIME DIR BAROM HUM --------------------------------------------------------------------------------------- 1 75.5 85.6 3:02pm 67.5 6:24am 0 11 0.00 2 13 3:19pm W 29.98 66 2 78.1 88.6 3:29pm 68.8 7:12am 0 13 0.00 2 13 5:13pm SSW 30.00 57 3 79.5 87.6 2:37pm 72.7 7:44am 0 14 0.00 4 20 1:51pm SE 29.94 66 4 79.2 85.1 3:53pm 75.3 2:18am 0 14 0.00 3 19 10:34am SSE 29.93 72 5 78.5 85.7 3:08pm 72.1 7:15am 0 13 0.00 3 20 1:43pm S 29.95 53 6 75.6 81.6 12:37pm 66.3 11:57pm 0 10 0.12 7 24 4:03pm NW 29.96 51 7 68.0 77.8 1:54pm 60.1 7:55am 1 4 0.00 6 23 4:56pm NW 30.06 56 8 65.8 76.7 11:38am 54.2 7:43am 3 4 0.00 5 20 2:33pm WNW 30.05 53 9 71.4 88.7 2:47pm 55.5 6:33am 2 9 0.00 4 19 12:57pm NE 30.07 58 10 73.4 87.4 4:52pm 60.8 7:04am 1 9 0.00 3 21 9:43pm E 30.13 67 11 73.9 86.9 1:03pm 60.5 7:31am 1 9 0.00 3 16 9:07pm ENE 30.13 64 12 74.2 89.0 12:52pm 61.3 7:00am 0 9 0.00 3 19 8:33pm ENE 30.11 70 13 77.1 88.8 2:36pm 68.3 7:22am 0 11 0.00 4 20 9:10pm ENE 30.09 66 14 76.1 90.6 4:18pm 62.3 7:23am 0 11 0.00 3 18 2:32pm E 30.11 62 15 77.4 91.1 3:06pm 67.0 6:54am 0 12 0.00 5 23 3:48pm E 30.14 66 16 76.5 91.6 3:04pm 67.9 7:06am 0 12 0.00 3 17 10:02am E 30.13 70 17 76.3 90.6 1:39pm 67.4 7:16am 0 11 0.01 1 14 3:58pm E 30.07 74 18 77.4 86.2 2:52pm 70.3 4:37am 0 12 0.00 2 14 8:49pm E 30.07 71 19 77.5 89.2 1:29pm 69.8 7:17am 0 12 0.00 3 23 5:26pm E 30.10 69 20 77.5 90.7 1:47pm 68.7 7:04am 0 12 0.00 3 17 11:09am ENE 30.06 71 21 78.2 89.9 2:30pm 65.2 7:41am 0 10 0.00 3 18 12:55pm E 29.96 64 22 73.7 80.4 4:27pm 69.5 3:19am 0 9 0.07 1 10 6:51am E 29.90 75 23 75.0 86.4 4:12pm 69.9 9:04am 0 10 1.89 1 11 7:05am E 29.80 28 24 74.2 79.7 2:19pm 70.1 7:17am 0 9 0.13 6 25 2:31pm WNW 29.76 55 25 72.5 80.4 3:20pm 66.1 11:56pm 0 7 0.00 4 19 12:21am WNW 29.83 69 26 75.1 85.6 4:20pm 64.0 7:08am 0 10 0.00 2 12 3:02pm SSW 29.86 62 27 79.3 87.0 3:29pm 72.7 4:32am 0 14 0.00 2 15 4:57pm SSW 29.90 52 28 81.6 90.4 4:06pm 74.0 4:37am 0 17 0.00 2 21 10:18pm S 30.00 52 29 82.1 92.7 2:34pm 74.7 6:46am 0 17 0.00 3 19 8:34am ESE 30.05 54 30 81.5 93.0 2:47pm 74.0 7:06am 0 16 0.00 3 16 12:25am ESE 30.04 71 --------------------------------------------------------------------------------------- TOT 76.0 93.0 4/30/17 54.2 4/8/17 8 332 2.22 3 25 4/24/17 E 30.01 62 HEAT BASE: 65.0 COOL BASE: 65.0
 
  
Hurricane Tracker

Hurricane Tracker
Hurricane Tracker
2017 Storm Tracker Forum


Atlantic Storms
09L
92L
Gert


Sponsored Links

Recent Forum Posts

New Post
Invest 91L- Now PTC 9
Posted by
ccstorms on Aug 17, 2017 at 10:48:39 AM


New Post
Gert
Posted by
ccstorms on Aug 17, 2017 at 10:41:30 AM


New Post
Invest 92L-Atlantic 60%
Posted by
ccstorms on Aug 17, 2017 at 08:21:52 AM


New Post
Pre-Invest East Atlantic 40%
Posted by
ccstorms on Aug 17, 2017 at 08:19:42 AM


New Post
Hurricane Charley. 13 years ago today.
Posted by
chris on Aug 13, 2017 at 10:54:05 AM


New Post
Franklin- Final Advisory
Posted by
ccstorms on Aug 10, 2017 at 11:19:48 AM


***FORUM RULES***

Sponsored Links

Member Login
Username

Password


Join For Free!!
Click here to Register!

Total Hits
We received
75613704
page views since June 2005

Free Weather Graphics

Free weather stickers

Add a weather graphic to your website with the latest conditions!
Click for Details

Sponsored Links

Social Networks

Southwest Florida Weather | Central Florida Weather | Florida Weather

Cape Coral | Fort Myers | Bonita Springs | Naples | Punta Gorda | Port Charlotte | Estero | Sanibel | Lehigh Acres | Captiva | Pine Island | Bokeelia | St. James City | Alva | Arcadia | Labelle | Clewiston | Venice

Lee County | Charlotte County | Collier County | Hendry County | Desoto County
Glades County | Monroe County | Sarasota County | Manatee County
Hillsborough County | Pinellas County | Pasco County

Recommend us




Copyright Capeweather.com 2005-2017

DO NOT make decisions that affect life or property based on this data!
PHP-Nuke Copyright © 2004 by Francisco Burzi. This is free software, and you may redistribute it under the GPL. PHP-Nuke comes with absolutely no warranty, for details, see the license.
Page Generation: 0.23 Seconds