Southwest Florida Weather History, Yearly, Monthly, Daily, Records
 Click here to register!Home | Advertise | Forum | Live Webcams | Contact Us | Tell a Friend | Your Account  

Lee County Forecast
Today

Today: Scattered showers and thunderstorms after 3pm.  Mostly sunny, with a high near 91. Heat index values as high as 101. Calm wind becoming west northwest 5 to 7 mph in the afternoon.  Chance of precipitation is 30%.
Mostly Sunny
then
Scattered
T-storms
Tonight

Tonight: Scattered showers and thunderstorms before midnight.  Mostly cloudy, with a low around 75. East wind 3 to 6 mph.  Chance of precipitation is 30%.
Scattered
T-storms then
Mostly Cloudy
Hi 91 °FLo 75 °F
Extended Forecast
Florida Weather Forecast

Southwest Florida Webcams

Main Navigation
Weather
· Home
· Current Conditions
· Storm Warnings
· Station Graphs
· Storm Fronts
· Temperature Map
· Station History
· Drought Index
· Storm Reports
· Rainfall Estimates
· Fire Graphs

Doppler Radar
· Lee County
· Charlotte County
· Collier County
· Hendry County
· Desoto County
· Glades County
· Sarasota County
· Manatee County
· Hillsborough County
· Pinellas County
· Pasco County
· Southwest Florida
· Florida
· State Radars
· National

Satellite
· South Florida
· North Florida
· Regional
· National

Forecast
· Extended
· Marine
· Discussion
· Florida Forecast
· Hazardous Outlook
· Wave Heights
· Fire

Lightning
· Live
· Tracker
· Loop
· Network
· WASP
· WASP Loop
· 3 Hour Forecast

Tropical Weather
· Hurricane Tracker
· Tropical Satellite
· Sea Temperature
· Discussion
· Buoy Data
· Tracking Tools
· Jeff Masters Blog
· Monthly Summary

Moon and Tides
· Tides
· Moon Phase

Live Products

Fishing Reports

Local News

Other Info

  
 

Southwest Florida Monthly and Yearly Weather Reports

2017: Jan | Feb | Mar | Apr | May | Jun | Jul | Aug | Sep | Oct | Nov | Dec 
2016: Jan | Feb | Mar | Apr | May | Jun | Jul | Aug | Sep | Oct | Nov | Dec 
2015: Jan | Feb | Mar | Apr | May | Jun | Jul | Aug | Sep | Oct | Nov | Dec 
2014: Jan | Feb | Mar | Apr | May | Jun | Jul | Aug | Sep | Oct | Nov | Dec 
2013: Jan | Feb | Mar | Apr | May | Jun | Jul | Aug | Sep | Oct | Nov | Dec 
2012: Jan | Feb | Mar | Apr | May | Jun | Jul | Aug | Sep | Oct | Nov | Dec 
2011: Jan | Feb | Mar | Apr | May | Jun | Jul | Aug | Sep | Oct | Nov | Dec 
2010: Jan | Feb | Mar | Apr | May | Jun | Jul | Aug | Sep | Oct | Nov | Dec 
2009: Jan | Feb | Mar | Apr | May | Jun | Jul | Aug | Sep | Oct | Nov | Dec 
2008: Jan | Feb | Mar | Apr | May | Jun | Jul | Aug | Sep | Oct | Nov | Dec 
2007: Jan | Feb | Mar | Apr | May | Jun | Jul | Aug | Sep | Oct | Nov | Dec 
2006: Jan | Feb | Mar | Apr | May | Jun | Jul | Aug | Sep | Oct | Nov | Dec 
2005: Jan | Feb | Mar | Apr | May | Jun | Jul | Aug | Sep | Oct | Nov | Dec 

Report for 2017 02
MONTHLY CLIMATOLOGICAL SUMMARY FOR 2/2017 HEAT COOL MEAN DEG DEG WIND SPEED DOM MEAN MEAN DAY TEMP HIGH TIME LOW TIME DAYS DAYS RAIN AVG HI TIME DIR BAROM HUM --------------------------------------------------------------------------------------- 1 63.2 79.0 3:46pm 52.1 7:03am 5 3 0.00 1 14 4:13pm W 30.17 67 2 66.0 80.7 1:02pm 55.4 6:51am 3 4 0.00 1 11 3:35pm W 30.16 69 3 66.8 81.4 12:21pm 56.8 7:26am 3 5 0.00 2 14 5:25pm WNW 30.16 70 4 66.9 82.4 2:47pm 57.3 6:57am 2 4 0.00 2 15 9:39am WNW 30.16 73 5 66.4 77.9 3:20pm 59.8 5:30am 2 3 0.00 2 11 5:27pm WNW 30.14 62 6 72.0 86.5 3:35pm 60.9 12:30am 1 8 0.00 2 14 9:34pm ENE 30.12 51 7 72.5 81.5 2:31pm 65.7 7:34am 0 8 0.00 2 15 11:43am S 30.02 56 8 74.2 81.4 3:08pm 68.3 7:00am 0 9 0.00 2 14 1:43pm SW 29.96 37 9 72.6 80.7 1:55pm 62.6 11:59pm 0 8 0.00 5 21 12:27pm WNW 30.06 42 10 66.3 81.5 4:06pm 53.1 6:58am 3 5 0.00 6 22 10:41am NE 30.28 58 11 67.2 78.7 11:48am 56.6 7:22am 2 4 0.00 2 11 3:01pm SW 30.24 64 12 67.2 79.6 11:38am 58.1 7:26am 2 4 0.00 2 12 3:04pm NW 30.17 55 13 68.3 78.0 11:55am 59.9 7:08am 1 5 0.00 3 15 3:38pm WNW 30.05 51 14 69.6 78.4 1:56pm 64.7 11:37pm 0 4 0.00 1 13 3:42pm WSW 29.97 43 15 71.9 80.1 1:55pm 65.0 12:00am 0 7 0.04 5 23 4:51pm SSW 29.88 40 16 67.0 72.9 11:36am 57.3 11:59pm 1 3 0.00 7 22 2:58pm WNW 29.97 73 17 62.8 77.4 3:35pm 48.6 7:37am 5 3 0.00 1 11 2:04pm SW 30.06 66 18 68.6 81.0 12:22pm 58.7 5:29am 2 6 0.10 1 12 4:01pm SSE 30.00 67 19 73.3 81.2 2:54pm 66.6 11:45pm 0 8 0.01 4 17 1:14pm W 30.02 42 20 71.7 86.8 3:21pm 61.2 7:12am 1 7 0.00 1 13 4:11pm E 30.07 46 21 72.0 80.3 1:42pm 65.6 7:24am 0 7 0.00 1 15 3:04pm ESE 30.00 63 22 67.5 72.8 3:41pm 62.0 9:27pm 0 3 0.72 2 21 1:43pm ESE 29.70 68 23 68.4 73.8 10:41am 62.8 7:20am 0 3 0.00 3 15 12:07pm WNW 29.64 69 24 71.7 84.2 1:55pm 64.5 4:30am 0 7 0.00 3 17 1:01am WNW 29.78 55 25 70.6 79.3 10:59am 64.3 5:52am 0 6 0.00 3 18 12:53pm WNW 29.90 59 26 74.0 88.0 3:48pm 64.1 8:39am 0 9 0.00 4 22 9:23pm ENE 30.08 52 27 73.9 85.6 12:13pm 63.4 5:22am 0 9 0.00 2 13 9:00am E 30.17 71 28 76.3 88.1 12:32pm 69.6 4:42am 0 11 0.00 1 13 3:51pm SSW 30.18 63 --------------------------------------------------------------------------------------- TOT 69.6 88.1 2/28/17 48.6 2/17/17 35 162 0.87 3 23 2/15/17 WNW 30.04 58 HEAT BASE: 65.0 COOL BASE: 65.0
 
  
Hurricane Tracker

Hurricane Tracker
Hurricane Tracker
2017 Storm Tracker Forum


Atlantic Storms
No Storms


Sponsored Links

Recent Forum Posts

New Post
Cape Coral weather, Sun 6/25/17
Posted by
Weatherman911 on Jun 25, 2017 at 04:34:00 PM


New Post
Cindy- Final Advisory
Posted by
Weatherman911 on Jun 24, 2017 at 10:00:31 PM


New Post
Cape Coral weather, Sat 6/24/17
Posted by
Weatherman911 on Jun 24, 2017 at 05:28:02 PM


New Post
Bret- Final Advisory
Posted by
Weatherman911 on Jun 20, 2017 at 06:54:20 PM


New Post
TWO 8pm EDT 6/8/17
Posted by
chris on Jun 10, 2017 at 11:36:40 AM


New Post
TWO 8pm EDT 6/7/17
Posted by
Weatherman911 on Jun 07, 2017 at 08:17:40 PM


***FORUM RULES***

Sponsored Links

Member Login
Username

Password


Join For Free!!
Click here to Register!

Total Hits
We received
73816643
page views since June 2005

Free Weather Graphics

Free weather stickers

Add a weather graphic to your website with the latest conditions!
Click for Details

Sponsored Links

Social Networks

Southwest Florida Weather | Central Florida Weather | Florida Weather

Cape Coral | Fort Myers | Bonita Springs | Naples | Punta Gorda | Port Charlotte | Estero | Sanibel | Lehigh Acres | Captiva | Pine Island | Bokeelia | St. James City | Alva | Arcadia | Labelle | Clewiston | Venice

Lee County | Charlotte County | Collier County | Hendry County | Desoto County
Glades County | Monroe County | Sarasota County | Manatee County
Hillsborough County | Pinellas County | Pasco County

Recommend us




Copyright Capeweather.com 2005-2017

DO NOT make decisions that affect life or property based on this data!
PHP-Nuke Copyright © 2004 by Francisco Burzi. This is free software, and you may redistribute it under the GPL. PHP-Nuke comes with absolutely no warranty, for details, see the license.
Page Generation: 0.45 Seconds