Southwest Florida Weather History, Yearly, Monthly, Daily, Records
 Click here to register!Home | Advertise | Forum | Live Webcams | Contact Us | Tell a Friend | Your Account  

Lee County Forecast
Tonight

Tonight: Mostly clear, with a low around 49. Light and variable wind.
Mostly Clear
Thursday

Thursday: Mostly sunny, with a high near 71. Calm wind becoming southwest 5 to 8 mph in the morning.
Mostly Sunny
Lo 49 °FHi 71 °F
Extended Forecast
Florida Weather Forecast

Southwest Florida Webcams

Main Navigation
Weather
· Home
· Current Conditions
· Storm Warnings
· Station Graphs
· Storm Fronts
· Station History
· Drought Index
· Storm Reports
· Rainfall Estimates
· Fire Graphs

Doppler Radar
· Lee County
· Charlotte County
· Collier County
· Hendry County
· Desoto County
· Glades County
· Sarasota County
· Manatee County
· Hillsborough County
· Pinellas County
· Pasco County
· Southwest Florida
· Florida
· State Radars
· National

Satellite
· South Florida
· North Florida
· Regional
· National

Forecast
· Extended
· Marine
· Discussion
· Florida Forecast
· Hazardous Outlook
· Wave Heights
· Fire

Lightning
· Live
· Tracker
· Loop
· Network
· WASP
· WASP Loop

Tropical Weather
· Hurricane Tracker
· Tropical Satellite
· Sea Temperature
· Discussion
· Buoy Data
· Tracking Tools
· Monthly Summary

Moon and Tides
· Tides
· Moon Phase

Live Products

Fishing Reports

Local News

Other Info

Support Us

Support Capeweather.com
donations

If you find this website useful, consider making
a donation.

Click here to learn more


  
 

Southwest Florida Monthly and Yearly Weather Reports

2017: Jan | Feb | Mar | Apr | May | Jun | Jul | Aug | Sep | Oct | Nov | Dec 
2016: Jan | Feb | Mar | Apr | May | Jun | Jul | Aug | Sep | Oct | Nov | Dec 
2015: Jan | Feb | Mar | Apr | May | Jun | Jul | Aug | Sep | Oct | Nov | Dec 
2014: Jan | Feb | Mar | Apr | May | Jun | Jul | Aug | Sep | Oct | Nov | Dec 
2013: Jan | Feb | Mar | Apr | May | Jun | Jul | Aug | Sep | Oct | Nov | Dec 
2012: Jan | Feb | Mar | Apr | May | Jun | Jul | Aug | Sep | Oct | Nov | Dec 
2011: Jan | Feb | Mar | Apr | May | Jun | Jul | Aug | Sep | Oct | Nov | Dec 
2010: Jan | Feb | Mar | Apr | May | Jun | Jul | Aug | Sep | Oct | Nov | Dec 
2009: Jan | Feb | Mar | Apr | May | Jun | Jul | Aug | Sep | Oct | Nov | Dec 
2008: Jan | Feb | Mar | Apr | May | Jun | Jul | Aug | Sep | Oct | Nov | Dec 
2007: Jan | Feb | Mar | Apr | May | Jun | Jul | Aug | Sep | Oct | Nov | Dec 
2006: Jan | Feb | Mar | Apr | May | Jun | Jul | Aug | Sep | Oct | Nov | Dec 
2005: Jan | Feb | Mar | Apr | May | Jun | Jul | Aug | Sep | Oct | Nov | Dec 

Report for 2016 12
MONTHLY CLIMATOLOGICAL SUMMARY FOR 12/2016 HEAT COOL MEAN DEG DEG WIND SPEED DOM MEAN MEAN DAY TEMP HIGH TIME LOW TIME DAYS DAYS RAIN AVG HI TIME DIR BAROM HUM --------------------------------------------------------------------------------------- 1 73.8 79.3 12:22pm 68.5 7:19am 0 8 0.00 1 11 11:56am WSW 29.96 93 2 72.5 83.5 2:53pm 63.9 7:25am 0 8 0.00 4 17 10:28pm NE 30.04 79 3 70.7 84.0 3:14pm 60.4 4:33am 1 7 0.00 5 19 9:34am ENE 30.06 72 4 75.1 87.2 3:02pm 66.4 6:29am 0 10 0.00 2 17 9:16am E 30.01 81 5 75.8 82.3 10:58am 69.9 5:21am 0 11 0.00 2 21 12:15pm SSE 29.94 88 6 76.0 81.8 12:40pm 72.6 10:20pm 0 11 0.03 3 18 1:40pm SSE 29.92 94 7 73.8 81.7 3:06pm 67.0 11:52pm 0 8 0.00 2 11 6:09pm W 30.02 87 8 68.1 76.9 2:21pm 63.4 6:50am 0 3 0.00 3 13 8:25pm NNW 30.09 83 9 61.6 66.4 10:00am 56.5 11:59pm 3 0 0.04 6 24 11:12am NE 30.20 82 10 65.3 77.6 1:33pm 55.9 12:59am 3 4 0.00 7 21 1:35pm NE 30.23 77 11 71.2 79.5 3:16pm 62.7 2:08am 0 6 0.00 4 18 11:53am E 30.15 86 12 74.0 83.2 12:49pm 68.4 7:47am 0 9 0.00 1 9 11:47am SSE 30.08 91 13 72.5 83.2 11:48am 65.1 7:18am 0 7 0.00 1 10 3:23pm W 30.05 88 14 69.2 77.1 2:50pm 64.8 4:16am 0 4 0.00 1 10 3:23pm WSW 30.05 93 15 71.1 82.1 2:54pm 63.8 11:57pm 0 6 0.00 3 16 11:52am NNW 30.07 87 16 70.2 83.7 3:35pm 58.9 7:07am 1 6 0.00 3 16 12:36am ESE 30.13 74 17 72.8 84.0 3:02pm 63.9 5:19am 0 8 0.00 1 12 10:55am ESE 30.10 86 18 76.2 85.0 11:55am 70.4 3:27am 0 11 0.00 2 14 10:52am SSW 30.13 90 19 77.4 88.6 12:58pm 69.6 5:39am 0 12 0.00 1 12 4:12pm W 30.25 87 20 76.2 86.5 2:29pm 69.3 11:56pm 0 11 0.00 2 14 2:54pm N 30.22 86 21 67.9 73.0 4:08pm 61.4 11:55pm 0 3 0.00 2 13 10:58am NNE 30.16 91 22 68.9 81.7 4:16pm 61.0 12:47am 1 5 0.00 2 11 9:29am NE 30.15 87 23 70.7 82.5 2:06pm 59.8 7:14am 1 7 0.00 3 17 2:45pm NE 30.18 76 24 75.0 88.1 3:39pm 66.1 5:10am 0 10 0.00 2 11 10:20am E 30.18 82 25 76.7 87.0 2:44pm 68.1 7:36am 0 11 0.00 3 18 4:16pm E 30.19 80 26 76.1 87.4 2:51pm 68.1 7:06am 0 11 0.00 3 19 1:14pm E 30.23 79 27 74.3 85.6 1:01pm 66.0 7:19am 0 9 0.00 1 11 4:37pm SSW 30.18 84 28 73.3 83.4 12:39pm 64.8 7:37am 0 8 0.00 1 10 3:16pm WSW 30.11 85 29 72.0 79.3 12:38pm 65.6 7:41am 0 7 0.00 2 13 2:51pm W 30.06 88 30 60.3 70.8 12:00am 50.6 11:56pm 5 1 0.00 6 21 9:23am NE 30.18 46 31 61.6 78.4 2:56pm 46.0 5:21am 7 3 0.00 2 15 12:44pm NE 30.17 67 --------------------------------------------------------------------------------------- TOT 71.6 88.6 12/19/16 62.4 12/31/16 25 227 0.07 3 24 12/9/16 NE 30.11 83 HEAT BASE: 65.0 COOL BASE: 65.0
 
  
Hurricane Tracker

Hurricane Tracker
Hurricane Tracker
2017 Storm Tracker Forum


Atlantic Storms
No Storms


Sponsored Links

Recent Forum Posts

New Post
SW FL-Bonita Beach: Sharks, Grouper, Snapper; Sheeps, Drum
Posted by
fishbuster on Nov 30, 2017 at 02:32:09 PM


New Post
SW FL-Bonita Beach:Nice trout Inshore;Keeper Mutton Offshore
Posted by
fishbuster on Nov 09, 2017 at 02:17:33 PM


New Post
Philippe- Final Advisory
Posted by
ccstorms on Oct 29, 2017 at 05:36:13 PM


New Post
Invest 92L- Deactivated
Posted by
ccstorms on Oct 17, 2017 at 06:12:31 AM


New Post
Ophelia- Final Advisory
Posted by
ccstorms on Oct 16, 2017 at 06:32:58 AM


New Post
Nate- Final Advisory
Posted by
ccstorms on Oct 08, 2017 at 02:04:43 PM


***FORUM RULES***

Member Login
Username

Password


Join For Free!!
Click here to Register!

Total Hits
We received
79804523
page views since June 2005

Sponsored Links

Social Networks

Southwest Florida Weather | Central Florida Weather | Florida Weather

Cape Coral | Fort Myers | Bonita Springs | Naples | Punta Gorda | Port Charlotte | Estero | Sanibel | Lehigh Acres | Captiva | Pine Island | Bokeelia | St. James City | Alva | Arcadia | Labelle | Clewiston | Venice

Lee County | Charlotte County | Collier County | Hendry County | Desoto County
Glades County | Monroe County | Sarasota County | Manatee County
Hillsborough County | Pinellas County | Pasco County

Recommend us




Copyright Capeweather.com 2005-2017

DO NOT make decisions that affect life or property based on this data!
PHP-Nuke Copyright © 2004 by Francisco Burzi. This is free software, and you may redistribute it under the GPL. PHP-Nuke comes with absolutely no warranty, for details, see the license.
Page Generation: 0.28 Seconds