Southwest Florida Weather History, Yearly, Monthly, Daily, Records
 Click here to register!Home | Advertise | Forum | Live Webcams | Contact Us | Tell a Friend | Your Account  

Lee County Forecast
Tonight

Tonight: Partly cloudy, with a low around 75. East northeast wind 3 to 8 mph.
Partly Cloudy

Thursday

Thursday: Isolated showers after 2pm.  Mostly sunny, with a high near 91. Northeast wind 5 to 7 mph.  Chance of precipitation is 20%.
Mostly Sunny
then Isolated
Showers
Lo 75 °FHi 91 °F
Extended Forecast
Florida Weather Forecast

Southwest Florida Webcams

Main Navigation
Weather
· Home
· Current Conditions
· Storm Warnings
· Station Graphs
· Storm Fronts
· Temperature Map
· Station History
· Drought Index
· Storm Reports
· Rainfall Estimates
· Fire Graphs

Doppler Radar
· Lee County
· Charlotte County
· Collier County
· Hendry County
· Desoto County
· Glades County
· Sarasota County
· Manatee County
· Hillsborough County
· Pinellas County
· Pasco County
· Southwest Florida
· Florida
· State Radars
· National

Satellite
· South Florida
· North Florida
· Regional
· National

Forecast
· Extended
· Marine
· Discussion
· Florida Forecast
· Hazardous Outlook
· Wave Heights
· Fire

Lightning
· Live
· Tracker
· Loop
· Network
· WASP
· WASP Loop
· 3 Hour Forecast

Tropical Weather
· Hurricane Tracker
· Tropical Satellite
· Sea Temperature
· Discussion
· Buoy Data
· Tracking Tools
· Monthly Summary

Moon and Tides
· Tides
· Moon Phase

Live Products

Fishing Reports

Local News

Other Info

  
 

Southwest Florida Monthly and Yearly Weather Reports

2017: Jan | Feb | Mar | Apr | May | Jun | Jul | Aug | Sep | Oct | Nov | Dec 
2016: Jan | Feb | Mar | Apr | May | Jun | Jul | Aug | Sep | Oct | Nov | Dec 
2015: Jan | Feb | Mar | Apr | May | Jun | Jul | Aug | Sep | Oct | Nov | Dec 
2014: Jan | Feb | Mar | Apr | May | Jun | Jul | Aug | Sep | Oct | Nov | Dec 
2013: Jan | Feb | Mar | Apr | May | Jun | Jul | Aug | Sep | Oct | Nov | Dec 
2012: Jan | Feb | Mar | Apr | May | Jun | Jul | Aug | Sep | Oct | Nov | Dec 
2011: Jan | Feb | Mar | Apr | May | Jun | Jul | Aug | Sep | Oct | Nov | Dec 
2010: Jan | Feb | Mar | Apr | May | Jun | Jul | Aug | Sep | Oct | Nov | Dec 
2009: Jan | Feb | Mar | Apr | May | Jun | Jul | Aug | Sep | Oct | Nov | Dec 
2008: Jan | Feb | Mar | Apr | May | Jun | Jul | Aug | Sep | Oct | Nov | Dec 
2007: Jan | Feb | Mar | Apr | May | Jun | Jul | Aug | Sep | Oct | Nov | Dec 
2006: Jan | Feb | Mar | Apr | May | Jun | Jul | Aug | Sep | Oct | Nov | Dec 
2005: Jan | Feb | Mar | Apr | May | Jun | Jul | Aug | Sep | Oct | Nov | Dec 

Report for 2016 11
MONTHLY CLIMATOLOGICAL SUMMARY FOR 11/2016 HEAT COOL MEAN DEG DEG WIND SPEED DOM MEAN MEAN DAY TEMP HIGH TIME LOW TIME DAYS DAYS RAIN AVG HI TIME DIR BAROM HUM --------------------------------------------------------------------------------------- 1 74.9 86.3 2:00pm 64.6 7:49am 0 9 0.00 4 23 3:03pm ENE 30.05 74 2 75.4 88.1 1:40pm 66.2 7:47am 0 10 0.00 4 21 4:48pm ENE 30.11 80 3 74.5 85.5 3:23pm 67.2 7:29am 0 9 0.00 2 19 4:12pm NE 30.10 79 4 73.6 85.6 12:40pm 64.5 7:39am 0 8 0.00 3 15 1:21pm NW 30.04 82 5 74.9 86.6 2:50pm 67.6 6:57am 0 10 0.00 4 20 11:43am NE 30.06 77 6 73.5 86.1 2:53pm 64.0 3:17am 0 8 0.00 4 18 3:10pm NE 30.09 73 7 72.4 83.6 12:47pm 64.1 6:35am 0 7 0.00 5 24 11:01am ENE 30.11 74 8 71.8 85.3 3:06pm 60.8 5:23am 1 8 0.00 2 16 11:29am ENE 30.08 73 9 71.7 82.3 2:19pm 62.3 6:39am 0 7 0.00 1 9 9:04am SSW 30.01 77 10 73.1 84.8 12:45pm 65.1 4:40am 0 8 0.00 2 12 8:39am NW 30.06 79 11 69.8 80.9 1:37pm 61.3 7:08am 1 5 0.00 2 11 2:31pm NNW 30.04 80 12 68.3 81.3 1:20pm 59.9 6:59am 1 5 0.00 2 11 3:15pm NW 30.03 76 13 70.9 84.1 12:13pm 60.3 2:54am 1 7 0.00 1 12 2:43pm NW 30.03 81 14 71.4 80.9 1:37pm 65.7 7:11am 0 6 0.00 1 10 8:34pm W 29.99 82 15 68.7 79.1 1:12pm 60.9 11:54pm 0 4 0.00 2 11 9:09am N 29.93 75 16 68.0 82.3 3:11pm 57.0 7:05am 2 5 0.00 3 21 12:39pm N 29.93 66 17 68.0 84.4 3:28pm 54.6 6:00am 3 6 0.00 2 16 10:48am NE 30.04 68 18 70.2 83.9 3:46pm 60.2 4:44am 1 6 0.00 2 13 12:14pm ENE 30.11 74 19 68.7 81.0 2:04pm 59.4 7:02am 1 5 0.00 2 15 12:57pm NW 30.11 79 20 64.3 75.6 2:33pm 52.9 11:59pm 3 2 0.00 4 18 7:08am N 30.10 58 21 59.2 75.9 3:08pm 46.7 7:17am 8 2 0.00 3 13 1:58pm NE 30.09 54 22 63.2 81.4 3:15pm 47.6 4:57am 6 4 0.00 2 14 9:11am NE 30.11 61 23 69.3 84.1 2:58pm 56.9 6:45am 2 6 0.00 1 14 11:29am WNW 30.13 77 24 72.2 86.0 2:44pm 63.6 7:13am 0 7 0.00 1 11 1:15pm NNE 30.15 81 25 73.2 85.3 2:23pm 63.1 7:25am 0 8 0.00 1 12 10:03am ENE 30.15 73 26 70.2 83.7 1:30pm 61.3 6:43am 1 6 0.00 2 14 2:20pm WNW 30.09 79 27 69.5 83.6 3:37pm 57.0 6:59am 2 7 0.00 3 17 6:33pm N 30.04 70 28 70.9 81.8 12:15pm 62.2 5:44am 0 6 0.08 2 15 9:37am ESE 29.97 82 29 73.4 82.7 12:16pm 67.2 1:40am 0 8 0.01 1 13 10:57am ESE 29.95 86 30 74.0 81.6 11:54am 69.8 2:03am 0 9 0.00 2 17 12:39pm SSE 29.95 90 --------------------------------------------------------------------------------------- TOT 70.6 88.1 11/2/16 46.7 11/21/16 35 202 0.09 2 24 11/7/16 NE 30.06 75 HEAT BASE: 65.0 COOL BASE: 65.0
 
  
Hurricane Tracker

Hurricane Tracker
Hurricane Tracker
2017 Storm Tracker Forum


Atlantic Storms
Jose
Lee
Maria


Sponsored Links

Recent Forum Posts

New Post
Maria
Posted by
ccstorms on Sep 20, 2017 at 06:40:58 PM


New Post
Jose
Posted by
ccstorms on Sep 20, 2017 at 06:37:15 PM


New Post
Lee- Final Advisory
Posted by
ccstorms on Sep 19, 2017 at 08:10:26 AM


New Post
Irma
Posted by
ccstorms on Sep 13, 2017 at 08:51:17 PM


New Post
Katia
Posted by
ccstorms on Sep 07, 2017 at 10:38:16 AM


New Post
Possible Gulf Invest- Deactivated
Posted by
ccstorms on Aug 31, 2017 at 07:45:36 AM


***FORUM RULES***

Sponsored Links

Total Hits
We received
77318792
page views since June 2005

Social Networks

Southwest Florida Weather | Central Florida Weather | Florida Weather

Cape Coral | Fort Myers | Bonita Springs | Naples | Punta Gorda | Port Charlotte | Estero | Sanibel | Lehigh Acres | Captiva | Pine Island | Bokeelia | St. James City | Alva | Arcadia | Labelle | Clewiston | Venice

Lee County | Charlotte County | Collier County | Hendry County | Desoto County
Glades County | Monroe County | Sarasota County | Manatee County
Hillsborough County | Pinellas County | Pasco County

Recommend us




Copyright Capeweather.com 2005-2017

DO NOT make decisions that affect life or property based on this data!
PHP-Nuke Copyright © 2004 by Francisco Burzi. This is free software, and you may redistribute it under the GPL. PHP-Nuke comes with absolutely no warranty, for details, see the license.
Page Generation: 0.23 Seconds