Southwest Florida Weather History, Yearly, Monthly, Daily, Records
 Click here to register!Home | Advertise | Forum | Live Webcams | Contact Us | Tell a Friend | Your Account  

Lee County Forecast
Today

Today: A 20 percent chance of showers and thunderstorms after 1pm.  Patchy fog before 8am.  Otherwise, mostly sunny, with a high near 81. Light and variable wind becoming west northwest around 6 mph in the afternoon.
Patchy Fog
then Slight
Chance
T-storms
Tonight

Tonight: A 20 percent chance of showers and thunderstorms before 1am.  Mostly cloudy, with a low around 66. Light and variable wind becoming east 5 to 7 mph in the evening.
Slight Chance
T-storms

Hi 81 °FLo 66 °F
Extended Forecast
Florida Weather Forecast

Southwest Florida Webcams

Main Navigation
Weather
· Home
· Current Conditions
· Storm Warnings
· Station Graphs
· Storm Fronts
· Station History
· Drought Index
· Storm Reports
· Rainfall Estimates
· Fire Graphs

Doppler Radar
· Lee County
· Charlotte County
· Collier County
· Hendry County
· Desoto County
· Glades County
· Sarasota County
· Manatee County
· Hillsborough County
· Pinellas County
· Pasco County
· Southwest Florida
· Florida
· State Radars
· National

Satellite
· South Florida
· North Florida
· Regional
· National

Forecast
· Extended
· Marine
· Discussion
· Florida Forecast
· Hazardous Outlook
· Wave Heights
· Fire

Lightning
· Live
· Tracker
· Loop
· Network
· WASP
· WASP Loop

Tropical Weather
· Hurricane Tracker
· Tropical Satellite
· Sea Temperature
· Discussion
· Buoy Data
· Tracking Tools
· Monthly Summary

Moon and Tides
· Tides
· Moon Phase

Live Products

Fishing Reports

Local News

Other Info

Support Us

Support Capeweather.com
donations

If you find this website useful, consider making
a donation.

Click here to learn more


  
 

Southwest Florida Monthly and Yearly Weather Reports

2017: Jan | Feb | Mar | Apr | May | Jun | Jul | Aug | Sep | Oct | Nov | Dec 
2016: Jan | Feb | Mar | Apr | May | Jun | Jul | Aug | Sep | Oct | Nov | Dec 
2015: Jan | Feb | Mar | Apr | May | Jun | Jul | Aug | Sep | Oct | Nov | Dec 
2014: Jan | Feb | Mar | Apr | May | Jun | Jul | Aug | Sep | Oct | Nov | Dec 
2013: Jan | Feb | Mar | Apr | May | Jun | Jul | Aug | Sep | Oct | Nov | Dec 
2012: Jan | Feb | Mar | Apr | May | Jun | Jul | Aug | Sep | Oct | Nov | Dec 
2011: Jan | Feb | Mar | Apr | May | Jun | Jul | Aug | Sep | Oct | Nov | Dec 
2010: Jan | Feb | Mar | Apr | May | Jun | Jul | Aug | Sep | Oct | Nov | Dec 
2009: Jan | Feb | Mar | Apr | May | Jun | Jul | Aug | Sep | Oct | Nov | Dec 
2008: Jan | Feb | Mar | Apr | May | Jun | Jul | Aug | Sep | Oct | Nov | Dec 
2007: Jan | Feb | Mar | Apr | May | Jun | Jul | Aug | Sep | Oct | Nov | Dec 
2006: Jan | Feb | Mar | Apr | May | Jun | Jul | Aug | Sep | Oct | Nov | Dec 
2005: Jan | Feb | Mar | Apr | May | Jun | Jul | Aug | Sep | Oct | Nov | Dec 

Report for 2016 10
MONTHLY CLIMATOLOGICAL SUMMARY FOR 10/2016 HEAT COOL MEAN DEG DEG WIND SPEED DOM MEAN MEAN DAY TEMP HIGH TIME LOW TIME DAYS DAYS RAIN AVG HI TIME DIR BAROM HUM --------------------------------------------------------------------------------------- 1 82.7 92.6 3:27pm 74.9 7:32am 0 18 0.00 1 13 3:05pm E 29.97 78 2 79.8 93.0 2:18pm 71.7 5:32pm 0 14 1.73 2 29 5:09pm ENE 29.93 86 3 77.6 91.4 1:43pm 71.9 5:26pm 0 13 1.80 2 21 4:09pm ENE 29.84 92 4 80.1 91.6 2:30pm 72.5 12:00am 0 14 0.04 3 18 7:33pm ENE 29.81 88 5 82.6 94.2 3:31pm 74.8 7:06am 0 17 0.01 4 17 4:41pm ENE 29.81 84 6 80.9 92.0 1:49pm 77.0 3:51pm 0 16 0.04 6 29 3:22pm NE 29.72 88 7 81.0 84.3 4:40pm 77.9 12:00am 0 16 0.00 10 28 2:58pm WNW 29.67 87 8 82.1 87.2 12:37pm 77.7 11:59pm 0 16 0.00 5 16 10:58am W 29.83 86 9 80.9 91.4 3:42pm 73.1 7:08am 0 16 0.00 4 23 2:30pm NE 29.95 78 10 77.0 88.1 2:11pm 67.9 7:41am 0 12 0.00 6 22 6:10pm NE 30.05 72 11 77.4 86.4 2:03pm 71.3 7:24am 0 12 0.00 6 19 12:53pm NE 30.06 72 12 76.7 87.7 1:45pm 71.2 6:16am 0 12 0.02 5 24 3:41pm NE 29.99 81 13 79.1 90.3 3:14pm 71.2 7:18am 0 14 0.00 6 22 4:10pm NE 29.98 77 14 79.0 90.9 3:12pm 70.3 7:17am 0 14 0.00 4 19 11:15am ENE 30.04 76 15 78.7 89.4 2:23pm 70.7 6:44am 0 14 0.00 3 16 5:25pm NE 30.04 83 16 80.6 90.8 3:15pm 74.2 5:07am 0 16 0.00 5 22 4:53pm ENE 29.95 80 17 79.7 90.0 4:08pm 71.4 7:13am 0 14 0.00 3 19 5:41pm ENE 29.90 78 18 78.3 91.5 4:41pm 69.1 6:27am 0 13 0.00 3 20 6:05pm ENE 29.93 77 19 77.0 89.7 1:49pm 67.0 7:06am 0 12 0.00 3 18 1:37pm NE 29.95 74 20 76.4 88.6 3:41pm 68.6 7:15am 0 11 0.00 3 15 9:30am NE 29.89 79 21 75.3 85.6 12:45pm 66.5 4:09am 0 10 0.00 4 18 3:17pm NW 29.83 82 22 70.9 79.3 1:36pm 62.0 8:06am 0 6 0.00 5 18 9:57am NNW 29.96 60 23 69.8 85.4 3:59pm 56.6 8:08am 2 7 0.00 4 16 11:19am NE 30.12 63 24 72.2 85.4 4:03pm 61.1 7:39am 1 8 0.00 3 17 2:03pm NE 30.15 69 25 72.9 84.2 3:38pm 63.5 7:31am 0 8 0.00 4 18 1:01pm NE 30.12 73 26 74.1 84.5 2:12pm 64.2 7:45am 0 9 0.00 4 26 4:49pm ENE 30.11 76 27 75.7 83.4 2:55pm 71.0 3:48am 0 11 0.00 6 24 5:30pm ENE 30.08 77 28 76.4 86.9 2:03pm 70.5 7:27am 0 11 0.00 6 25 12:49pm NE 30.03 76 29 76.8 85.9 1:35pm 71.3 3:33am 0 11 0.00 7 26 1:40pm ENE 30.02 80 30 78.0 86.4 2:19pm 72.8 4:35am 0 13 0.00 6 22 12:25pm ENE 30.00 80 31 77.0 89.0 3:12pm 68.1 7:47am 0 12 0.00 5 19 10:54am NE 29.98 74 --------------------------------------------------------------------------------------- TOT 77.6 94.2 10/5/16 56.6 10/23/16 4 389 3.64 4 29 10/2/16 NE 29.96 78 HEAT BASE: 65.0 COOL BASE: 65.0
 
  
Hurricane Tracker

Hurricane Tracker
Hurricane Tracker
2017 Storm Tracker Forum


Atlantic Storms
No Storms


Sponsored Links

Recent Forum Posts

New Post
SW FL-Bonita Beach:Nice trout Inshore;Keeper Mutton Offshore
Posted by
fishbuster on Nov 09, 2017 at 02:17:33 PM


New Post
Philippe- Final Advisory
Posted by
ccstorms on Oct 29, 2017 at 05:36:13 PM


New Post
Invest 92L- Deactivated
Posted by
ccstorms on Oct 17, 2017 at 06:12:31 AM


New Post
Ophelia- Final Advisory
Posted by
ccstorms on Oct 16, 2017 at 06:32:58 AM


New Post
Nate- Final Advisory
Posted by
ccstorms on Oct 08, 2017 at 02:04:43 PM


New Post
SW FL-Bonita Beach: Fishing pre and post Hurricane Irma
Posted by
fishbuster on Oct 07, 2017 at 12:55:48 PM


***FORUM RULES***

Sponsored Links

Member Login
Username

Password


Join For Free!!
Click here to Register!

Total Hits
We received
79184931
page views since June 2005

Sponsored Links

Social Networks

Southwest Florida Weather | Central Florida Weather | Florida Weather

Cape Coral | Fort Myers | Bonita Springs | Naples | Punta Gorda | Port Charlotte | Estero | Sanibel | Lehigh Acres | Captiva | Pine Island | Bokeelia | St. James City | Alva | Arcadia | Labelle | Clewiston | Venice

Lee County | Charlotte County | Collier County | Hendry County | Desoto County
Glades County | Monroe County | Sarasota County | Manatee County
Hillsborough County | Pinellas County | Pasco County

Recommend us




Copyright Capeweather.com 2005-2017

DO NOT make decisions that affect life or property based on this data!
PHP-Nuke Copyright © 2004 by Francisco Burzi. This is free software, and you may redistribute it under the GPL. PHP-Nuke comes with absolutely no warranty, for details, see the license.
Page Generation: 0.29 Seconds