Southwest Florida Weather History, Yearly, Monthly, Daily, Records
 Click here to register!Home | Advertise | Forum | Live Webcams | Contact Us | Tell a Friend | Your Account  

Lee County Forecast
Tonight

Tonight: Partly cloudy, with a low around 60. West northwest wind 5 to 7 mph becoming calm  after midnight.
Partly Cloudy

Tuesday

Tuesday: Mostly sunny, with a high near 83. Calm wind becoming west 5 to 8 mph in the afternoon.
Mostly Sunny

Lo 60 °FHi 83 °F
Extended Forecast
Florida Weather Forecast

Southwest Florida Webcams

Main Navigation
Weather
· Home
· Current Conditions
· Storm Warnings
· Station Graphs
· Storm Fronts
· Temperature Map
· Station History
· Drought Index
· Storm Reports
· Rainfall Estimates
· Fire Graphs

Doppler Radar
· Lee County
· Charlotte County
· Collier County
· Hendry County
· Desoto County
· Glades County
· Sarasota County
· Manatee County
· Hillsborough County
· Pinellas County
· Pasco County
· Southwest Florida
· Florida
· State Radars
· National

Satellite
· South Florida
· North Florida
· Regional
· National

Forecast
· Extended
· Marine
· Discussion
· Florida Forecast
· Hazardous Outlook
· Wave Heights
· Fire

Lightning
· Live
· Tracker
· Loop
· Network
· WASP
· WASP Loop
· 3 Hour Forecast

Tropical Weather
· Hurricane Tracker
· Tropical Satellite
· Sea Temperature
· Discussion
· Buoy Data
· Tracking Tools
· Jeff Masters Blog
· Monthly Summary

Moon and Tides
· Tides
· Moon Phase

Live Products
· Webcams
· NOAA Radio
· Police Scanner
· Marine VHF Radio

Fishing Reports
· Forum Reports
· Captain Joe

Local News
· Cape Coral
· Fort Myers
· Lehigh Acres
· Estero
· Bonita Springs

Other Info
· Advertising
· Donation Support
· Station Status
· Disclaimer
· Forum
· Facebook
· Contact Us
· CWOP
· Events Calendar

Matched Content

  
 

Southwest Florida Monthly and Yearly Weather Reports

2017: Jan | Feb | Mar | Apr | May | Jun | Jul | Aug | Sep | Oct | Nov | Dec 
2016: Jan | Feb | Mar | Apr | May | Jun | Jul | Aug | Sep | Oct | Nov | Dec 
2015: Jan | Feb | Mar | Apr | May | Jun | Jul | Aug | Sep | Oct | Nov | Dec 
2014: Jan | Feb | Mar | Apr | May | Jun | Jul | Aug | Sep | Oct | Nov | Dec 
2013: Jan | Feb | Mar | Apr | May | Jun | Jul | Aug | Sep | Oct | Nov | Dec 
2012: Jan | Feb | Mar | Apr | May | Jun | Jul | Aug | Sep | Oct | Nov | Dec 
2011: Jan | Feb | Mar | Apr | May | Jun | Jul | Aug | Sep | Oct | Nov | Dec 
2010: Jan | Feb | Mar | Apr | May | Jun | Jul | Aug | Sep | Oct | Nov | Dec 
2009: Jan | Feb | Mar | Apr | May | Jun | Jul | Aug | Sep | Oct | Nov | Dec 
2008: Jan | Feb | Mar | Apr | May | Jun | Jul | Aug | Sep | Oct | Nov | Dec 
2007: Jan | Feb | Mar | Apr | May | Jun | Jul | Aug | Sep | Oct | Nov | Dec 
2006: Jan | Feb | Mar | Apr | May | Jun | Jul | Aug | Sep | Oct | Nov | Dec 
2005: Jan | Feb | Mar | Apr | May | Jun | Jul | Aug | Sep | Oct | Nov | Dec 

Report for 2016 08
MONTHLY CLIMATOLOGICAL SUMMARY FOR 8/2016 HEAT COOL MEAN DEG DEG WIND SPEED DOM MEAN MEAN DAY TEMP HIGH TIME LOW TIME DAYS DAYS RAIN AVG HI TIME DIR BAROM HUM --------------------------------------------------------------------------------------- 1 81.4 95.9 3:38pm 74.3 6:02pm 0 16 0.21 2 26 5:08pm ESE 30.06 86 2 80.9 95.9 2:30pm 73.4 4:43pm 0 16 2.40 2 29 3:46pm E 30.04 88 3 80.4 90.0 1:38pm 73.9 1:57am 0 15 0.01 1 15 5:06pm ESE 30.00 86 4 82.9 91.5 3:25pm 76.3 5:17am 0 18 0.00 2 19 10:58am W 29.98 82 5 83.7 91.9 2:34pm 77.7 7:11am 0 18 0.00 2 12 4:13pm WSW 29.98 82 6 83.8 90.1 1:31pm 77.5 5:06am 0 18 0.00 2 16 4:16pm SSE 29.97 83 7 81.0 89.2 3:05pm 74.5 10:57pm 0 16 0.39 2 23 1:05pm SW 29.96 88 8 78.2 81.1 10:50am 74.3 8:36am 0 13 0.59 1 15 8:17am W 29.96 94 9 80.5 88.5 1:05pm 75.6 12:00am 0 15 0.06 2 22 6:48pm SSE 30.01 91 10 82.5 92.6 2:54pm 76.5 4:51am 0 18 0.15 3 24 7:19pm SSW 30.07 87 11 83.0 92.6 3:33pm 75.9 7:18am 0 18 0.02 2 11 2:45pm WNW 30.04 82 12 81.1 93.4 1:51pm 75.7 5:45pm 0 15 0.75 2 18 5:40pm E 29.99 90 13 81.8 93.1 1:23pm 74.5 4:33am 0 17 0.01 2 24 8:07pm E 29.99 85 14 82.8 94.8 3:51pm 77.0 12:41am 0 18 0.01 2 15 11:28am ESE 30.02 85 15 84.7 92.5 12:28pm 79.5 7:02am 0 19 0.00 2 16 4:14pm E 30.05 84 16 83.2 96.2 3:47pm 77.1 6:07pm 0 18 0.28 3 31 4:18pm E 30.07 85 17 83.1 94.8 3:19pm 76.9 6:11am 0 18 0.00 2 17 12:41pm NE 30.08 84 18 82.3 93.7 2:33pm 77.0 6:13am 0 17 0.25 2 23 4:20pm ENE 30.05 87 19 83.2 92.9 2:29pm 75.9 3:31am 0 18 0.00 2 14 5:05pm W 30.00 84 20 84.0 91.3 1:27pm 77.6 6:37am 0 19 0.00 2 13 2:32pm WNW 29.97 82 21 85.2 92.6 1:44pm 79.0 7:13am 0 19 0.00 2 14 3:23pm WNW 30.00 81 22 85.0 96.2 1:13pm 78.0 7:02am 0 20 0.05 2 19 2:49pm N 30.05 82 23 87.5 99.8 3:39pm 78.4 6:41am 0 23 0.00 2 13 1:26pm ENE 30.08 74 24 84.2 95.0 1:18pm 78.2 7:14am 0 18 0.02 4 24 8:53pm ENE 30.04 84 25 83.0 93.9 1:30pm 77.7 7:21am 0 18 0.12 5 22 3:48pm NE 29.96 86 26 82.7 97.9 3:32pm 74.8 7:22pm 0 18 0.51 4 27 6:57pm NE 29.92 85 27 80.4 93.8 12:53pm 75.5 3:58pm 0 15 0.65 3 25 3:39pm NE 29.90 93 28 83.1 94.2 2:52pm 76.9 5:27am 0 18 0.01 5 27 5:19pm E 29.88 85 29 81.2 92.5 1:01pm 77.0 4:34pm 0 16 0.22 3 22 3:24pm E 29.87 87 30 79.0 86.7 11:46am 75.7 5:55am 0 13 0.98 3 21 3:39pm ESE 29.87 92 31 80.3 85.9 1:55pm 74.4 9:09pm 0 15 0.55 3 34 8:47pm SSE 29.88 92 --------------------------------------------------------------------------------------- TOT 82.5 99.8 8/23/16 73.4 8/2/16 0 534 8.24 2 34 8/31/16 E 29.99 86 HEAT BASE: 65.0 COOL BASE: 65.0
 
  
Hurricane Tracker

Hurricane Tracker
Hurricane Tracker
Storm Tracker Forum


Atlantic Storms
14L
90L


Sponsored Links

Recent Forum Posts

New Post
SW FL-Bonita Beach: Offshore or Inshore--Great Fishing!
Posted by
fishbuster on Mar 25, 2017 at 11:22:51 AM


New Post
SWFL-Bonita Beach:Redfish&Drum Inshore;Grouper & Sna
Posted by
fishbuster on Mar 05, 2017 at 03:02:40 PM


New Post
Florida Stormy Clouds
Posted by
emeryhayward98 on Mar 03, 2017 at 12:08:57 PM


New Post
SW FL-Bonita Beach: Two weeks of excellent fishing offshore
Posted by
fishbuster on Feb 16, 2017 at 02:43:04 PM


New Post
SW FL-Bonita Beach: All kinds of bottom fish offshore; Drum
Posted by
chris on Jan 27, 2017 at 09:03:43 PM


New Post
Big Time In the Sound
Posted by
chris on Jan 26, 2017 at 01:25:22 PM


***FORUM RULES***

Member Login
Username

Password


Join For Free!!
Click here to Register!

Sponsors

Social Networks

Total Hits
We received
71028450
page views since June 2005

Free Weather Graphics

Free weather stickers

Add a weather graphic to your website with the latest conditions!
Click for Details

Sponsored Links

Southwest Florida Weather | Central Florida Weather | Florida Weather

Cape Coral | Fort Myers | Bonita Springs | Naples | Punta Gorda | Port Charlotte | Estero | Sanibel | Lehigh Acres | Captiva | Pine Island | Bokeelia | St. James City | Alva | Arcadia | Labelle | Clewiston | Venice

Lee County | Charlotte County | Collier County | Hendry County | Desoto County
Glades County | Monroe County | Sarasota County | Manatee County
Hillsborough County | Pinellas County | Pasco County

Recommend us




Copyright Capeweather.com 2005-2017

DO NOT make decisions that affect life or property based on this data!
PHP-Nuke Copyright © 2004 by Francisco Burzi. This is free software, and you may redistribute it under the GPL. PHP-Nuke comes with absolutely no warranty, for details, see the license.
Page Generation: 0.23 Seconds