Southwest Florida Weather History, Yearly, Monthly, Daily, Records
 Click here to register!Home | Advertise | Forum | Live Webcams | Contact Us | Tell a Friend | Your Account  

Lee County Forecast & Temp
Today

Today: Mostly sunny, with a high near 84. East wind 7 to 13 mph, with gusts as high as 18 mph.
Mostly Sunny
Tonight

Tonight: Mostly clear, with a low around 66. East wind 7 to 9 mph.
Mostly Clear
Hi 84 °FLo 66 °F
Extended Forecast
Florida Weather Forecast

Southwest Florida Webcams

Main Navigation
Weather
· Home
· Current Conditions
· Storm Warnings
· Station Graphs
· Storm Fronts
· Station History
· Drought Index
· Storm Reports
· Rainfall Estimates
· Fire Graphs

Doppler Radar
· Lee County
· Charlotte County
· Collier County
· Hendry County
· Desoto County
· Glades County
· Sarasota County
· Manatee County
· Hillsborough County
· Pinellas County
· Pasco County
· Southwest Florida
· Florida
· State Radars
· National

Satellite
· South Florida
· North Florida
· Regional
· National

Forecast
· Extended
· Marine
· Discussion
· Florida Forecast
· Hazardous Outlook
· Wave Heights
· Fire

Lightning
· Live
· Tracker
· Loop
· Network
· WASP
· WASP Loop

Tropical Weather
· Hurricane Tracker
· Tropical Satellite
· Sea Temperature
· Discussion
· Buoy Data
· Tracking Tools
· Monthly Summary

Moon and Tides
· Tides
· Moon Phase

Live Products

Fishing Reports

Local News

Other Info

  
 

Southwest Florida Monthly and Yearly Weather Reports

2018: Jan | Feb | Mar | Apr | May | Jun | Jul | Aug | Sep | Oct | Nov | Dec 
2017: Jan | Feb | Mar | Apr | May | Jun | Jul | Aug | Sep | Oct | Nov | Dec 
2016: Jan | Feb | Mar | Apr | May | Jun | Jul | Aug | Sep | Oct | Nov | Dec 
2015: Jan | Feb | Mar | Apr | May | Jun | Jul | Aug | Sep | Oct | Nov | Dec 
2014: Jan | Feb | Mar | Apr | May | Jun | Jul | Aug | Sep | Oct | Nov | Dec 
2013: Jan | Feb | Mar | Apr | May | Jun | Jul | Aug | Sep | Oct | Nov | Dec 
2012: Jan | Feb | Mar | Apr | May | Jun | Jul | Aug | Sep | Oct | Nov | Dec 
2011: Jan | Feb | Mar | Apr | May | Jun | Jul | Aug | Sep | Oct | Nov | Dec 
2010: Jan | Feb | Mar | Apr | May | Jun | Jul | Aug | Sep | Oct | Nov | Dec 
2009: Jan | Feb | Mar | Apr | May | Jun | Jul | Aug | Sep | Oct | Nov | Dec 
2008: Jan | Feb | Mar | Apr | May | Jun | Jul | Aug | Sep | Oct | Nov | Dec 
2007: Jan | Feb | Mar | Apr | May | Jun | Jul | Aug | Sep | Oct | Nov | Dec 
2006: Jan | Feb | Mar | Apr | May | Jun | Jul | Aug | Sep | Oct | Nov | Dec 
2005: Jan | Feb | Mar | Apr | May | Jun | Jul | Aug | Sep | Oct | Nov | Dec 

Report for 2016 07
MONTHLY CLIMATOLOGICAL SUMMARY FOR 7/2016 HEAT COOL MEAN DEG DEG WIND SPEED DOM MEAN MEAN DAY TEMP HIGH TIME LOW TIME DAYS DAYS RAIN AVG HI TIME DIR BAROM HUM --------------------------------------------------------------------------------------- 1 84.6 91.5 3:07pm 78.6 6:48am 0 19 0.00 3 14 4:41pm W 30.02 80 2 84.4 92.1 1:35pm 77.9 6:56am 0 19 0.00 2 14 2:17pm W 30.06 79 3 85.2 93.9 3:39pm 79.7 4:06am 0 20 0.00 2 15 4:42pm W 30.09 80 4 85.3 94.5 2:25pm 77.5 11:54pm 0 20 0.02 2 16 6:05pm SSW 30.11 81 5 85.7 94.4 3:01pm 77.0 2:35am 0 21 0.00 3 12 10:23am W 30.11 77 6 87.0 94.6 2:43pm 80.5 6:42am 0 22 0.00 2 12 3:19pm SSW 30.09 77 7 85.2 93.3 3:04pm 74.4 1:51am 0 19 0.85 2 18 1:03am SW 30.08 81 8 84.4 91.6 4:44pm 78.0 6:43am 0 19 0.01 2 18 2:06pm W 30.06 79 9 85.5 94.4 12:47pm 78.2 5:22am 0 20 0.00 2 16 5:56pm ENE 30.05 79 10 85.6 92.1 6:35pm 77.9 6:36am 0 20 0.25 1 12 3:07pm W 30.04 80 11 85.2 94.9 4:10pm 76.5 9:46pm 0 20 0.18 2 21 9:23pm S 30.06 78 12 83.1 92.7 3:37pm 76.9 7:11pm 0 18 0.04 2 19 6:57pm ENE 30.07 86 13 80.6 93.5 2:10pm 71.2 4:57pm 0 15 0.27 2 33 4:28pm NE 30.09 87 14 79.8 92.6 1:01pm 75.1 5:34am 0 15 0.44 2 21 2:16pm E 30.06 90 15 82.5 91.9 3:19pm 76.2 7:08am 0 17 0.00 2 13 4:22pm ENE 30.03 84 16 80.9 92.1 12:52pm 74.3 7:55pm 0 15 0.16 2 20 4:14pm SSW 30.05 85 17 80.8 94.2 4:43pm 73.9 6:19am 0 16 0.57 2 21 5:33pm E 30.10 87 18 83.8 95.2 4:37pm 76.7 12:22am 0 19 0.00 3 26 1:59pm E 30.12 80 19 81.2 92.2 12:09pm 75.3 3:06pm 0 16 0.51 4 22 12:27pm ENE 30.09 87 20 83.2 96.5 4:25pm 75.2 4:09am 0 18 0.01 3 23 4:57pm ENE 30.07 83 21 81.9 93.1 1:34pm 77.2 5:12pm 0 17 0.02 2 22 1:41pm E 30.06 87 22 80.3 90.4 1:49pm 74.6 10:39pm 0 15 0.00 2 21 5:01pm E 30.04 87 23 81.9 90.4 3:37pm 73.7 6:57am 0 17 0.02 1 13 4:03pm W 30.00 81 24 81.1 90.1 4:34pm 73.9 4:32am 0 16 0.25 2 15 7:14pm SSW 30.02 84 25 83.2 92.8 2:16pm 75.1 6:30am 0 17 0.00 2 15 11:28am ESE 30.02 80 26 84.3 95.1 4:57pm 77.1 6:34am 0 19 0.00 1 12 7:15pm SSW 30.03 80 27 83.9 95.3 2:13pm 77.9 5:29am 0 19 0.20 2 16 2:44pm ESE 30.03 83 28 84.8 94.2 4:05pm 77.1 6:29am 0 19 0.00 1 13 4:31pm E 30.02 81 29 83.6 91.8 1:40pm 78.5 6:26am 0 19 0.03 1 15 3:57pm SW 30.02 85 30 82.9 91.0 4:11pm 73.8 9:30pm 0 18 0.27 2 29 8:44pm W 30.02 85 31 81.5 92.8 3:47pm 73.1 7:12pm 0 16 0.18 2 24 6:35pm ESE 30.03 85 --------------------------------------------------------------------------------------- TOT 83.3 96.5 7/20/16 71.2 7/13/16 0 561 4.28 2 33 7/13/16 E 30.06 82 HEAT BASE: 65.0 COOL BASE: 65.0
 
  
Hurricane Tracker

Hurricane Tracker
Hurricane Tracker
2017 Storm Tracker Forum


Atlantic Storms
No Storms


Sponsored Links

Recent Forum Posts

New Post
Fishing Guides Thoughts
Posted by
captruss on Feb 19, 2018 at 01:51:59 PM


New Post
2018 Atlantic Basin Hurricane Names
Posted by
chris on Feb 18, 2018 at 07:34:49 PM


***FORUM RULES***

Member Login
Username

Password


Join For Free!!
Click here to Register!

Total Hits
We received
81551491
page views since June 2005

Sponsored Links

Social Networks

Southwest Florida Weather | Central Florida Weather | Florida Weather

Cape Coral | Fort Myers | Bonita Springs | Naples | Punta Gorda | Port Charlotte | Estero | Sanibel | Lehigh Acres | Captiva | Pine Island | Bokeelia | St. James City | Alva | Arcadia | Labelle | Clewiston | Venice

Lee County | Charlotte County | Collier County | Hendry County | Desoto County
Glades County | Monroe County | Sarasota County | Manatee County
Hillsborough County | Pinellas County | Pasco County

Recommend us




Copyright Capeweather.com 2005-2017

DO NOT make decisions that affect life or property based on this data!
PHP-Nuke Copyright © 2004 by Francisco Burzi. This is free software, and you may redistribute it under the GPL. PHP-Nuke comes with absolutely no warranty, for details, see the license.
Page Generation: 0.22 Seconds