Southwest Florida Weather History, Yearly, Monthly, Daily, Records
 Click here to register!Home | Advertise | Forum | Live Webcams | Contact Us | Tell a Friend | Your Account  

Lee County Forecast & Temp
Tonight

Tonight: Patchy fog after 4am.  Otherwise, partly cloudy, with a low around 62. Light and variable wind.
Patchy Fog

Sunday

Sunday: Patchy fog before 9am.  Otherwise, mostly sunny, with a high near 84. East northeast wind 5 to 7 mph.
Patchy Fog
then Sunny
Lo 62 °FHi 84 °F
Extended Forecast
Florida Weather Forecast

Southwest Florida Webcams

Main Navigation
Weather
· Home
· Current Conditions
· Storm Warnings
· Station Graphs
· Storm Fronts
· Station History
· Drought Index
· Storm Reports
· Rainfall Estimates
· Fire Graphs

Doppler Radar
· Lee County
· Charlotte County
· Collier County
· Hendry County
· Desoto County
· Glades County
· Sarasota County
· Manatee County
· Hillsborough County
· Pinellas County
· Pasco County
· Southwest Florida
· Florida
· State Radars
· National

Satellite
· South Florida
· North Florida
· Regional
· National

Forecast
· Extended
· Marine
· Discussion
· Florida Forecast
· Hazardous Outlook
· Wave Heights
· Fire

Lightning
· Live
· Tracker
· Loop
· Network
· WASP
· WASP Loop

Tropical Weather
· Hurricane Tracker
· Tropical Satellite
· Sea Temperature
· Discussion
· Buoy Data
· Tracking Tools
· Monthly Summary

Moon and Tides
· Tides
· Moon Phase

Live Products

Fishing Reports

Local News

Other Info

  
 

Southwest Florida Monthly and Yearly Weather Reports

2018: Jan | Feb | Mar | Apr | May | Jun | Jul | Aug | Sep | Oct | Nov | Dec 
2017: Jan | Feb | Mar | Apr | May | Jun | Jul | Aug | Sep | Oct | Nov | Dec 
2016: Jan | Feb | Mar | Apr | May | Jun | Jul | Aug | Sep | Oct | Nov | Dec 
2015: Jan | Feb | Mar | Apr | May | Jun | Jul | Aug | Sep | Oct | Nov | Dec 
2014: Jan | Feb | Mar | Apr | May | Jun | Jul | Aug | Sep | Oct | Nov | Dec 
2013: Jan | Feb | Mar | Apr | May | Jun | Jul | Aug | Sep | Oct | Nov | Dec 
2012: Jan | Feb | Mar | Apr | May | Jun | Jul | Aug | Sep | Oct | Nov | Dec 
2011: Jan | Feb | Mar | Apr | May | Jun | Jul | Aug | Sep | Oct | Nov | Dec 
2010: Jan | Feb | Mar | Apr | May | Jun | Jul | Aug | Sep | Oct | Nov | Dec 
2009: Jan | Feb | Mar | Apr | May | Jun | Jul | Aug | Sep | Oct | Nov | Dec 
2008: Jan | Feb | Mar | Apr | May | Jun | Jul | Aug | Sep | Oct | Nov | Dec 
2007: Jan | Feb | Mar | Apr | May | Jun | Jul | Aug | Sep | Oct | Nov | Dec 
2006: Jan | Feb | Mar | Apr | May | Jun | Jul | Aug | Sep | Oct | Nov | Dec 
2005: Jan | Feb | Mar | Apr | May | Jun | Jul | Aug | Sep | Oct | Nov | Dec 

Report for 2016 04
MONTHLY CLIMATOLOGICAL SUMMARY FOR 4/2016 HEAT COOL MEAN DEG DEG WIND SPEED DOM MEAN MEAN DAY TEMP HIGH TIME LOW TIME DAYS DAYS RAIN AVG HI TIME DIR BAROM HUM --------------------------------------------------------------------------------------- 1 78.1 85.5 12:22pm 71.9 4:12am 0 13 0.00 3 21 1:56pm S 29.92 89 2 78.9 84.8 12:51pm 73.2 11:49pm 0 13 0.56 4 18 4:40am SSW 29.89 90 3 73.0 82.7 4:39pm 65.7 8:02am 0 8 0.00 5 20 9:25am NE 30.01 61 4 70.9 84.1 2:53pm 63.9 8:04am 0 6 0.02 4 15 6:18pm NE 30.06 74 5 73.4 88.7 4:06pm 60.5 7:28am 1 9 0.00 4 17 12:22pm NNW 30.08 65 6 71.9 85.5 3:10pm 62.5 6:50am 0 7 0.14 4 22 10:20am NE 30.08 77 7 72.6 80.8 2:25pm 65.1 6:21am 0 7 0.00 4 19 12:50pm WNW 29.96 79 8 71.6 78.9 4:17pm 64.6 7:36am 0 6 0.00 4 18 4:41pm WNW 29.98 81 9 71.2 81.7 2:50pm 62.6 8:02am 0 6 0.00 6 21 10:01am WNW 30.05 58 10 70.8 86.9 4:43pm 55.1 7:13am 2 8 0.00 5 19 1:19pm NE 30.16 58 11 75.6 89.3 4:20pm 64.9 7:24am 0 10 0.00 4 19 4:36pm E 30.14 67 12 73.6 83.8 3:09pm 62.5 7:26am 0 9 0.00 3 16 12:01am ESE 30.08 72 13 73.8 82.8 2:39pm 64.5 7:41am 0 9 0.00 3 15 3:53pm W 30.02 81 14 75.7 84.2 3:12pm 67.8 7:39am 0 10 0.00 3 15 4:08pm W 29.95 81 15 75.8 80.3 3:35pm 70.2 5:15am 0 11 0.00 2 13 3:01pm ENE 29.91 85 16 75.9 87.2 4:08pm 69.6 7:12am 0 11 0.00 6 31 8:38pm ENE 29.97 80 17 74.6 85.1 4:26pm 67.3 7:35am 0 9 0.00 8 23 12:12pm ENE 30.10 69 18 72.9 87.1 3:51pm 60.6 7:16am 1 9 0.00 6 21 3:51pm NE 30.14 68 19 73.8 87.4 3:21pm 60.8 7:08am 1 10 0.00 4 17 3:12pm ENE 30.09 63 20 75.6 87.1 4:31pm 62.6 7:25am 0 10 0.00 3 16 10:17pm E 30.04 64 21 76.7 91.0 4:23pm 65.3 6:52am 0 12 0.00 3 18 10:06am E 30.02 64 22 77.7 85.4 12:34pm 70.1 7:16am 0 13 0.00 3 17 2:21pm S 29.99 78 23 76.6 84.1 3:00pm 71.2 11:42pm 0 11 0.00 6 20 12:44pm WNW 29.93 79 24 77.1 91.6 2:28pm 66.5 7:35am 0 12 0.00 3 17 4:42pm NW 29.95 74 25 78.6 90.4 1:09pm 71.0 6:44am 0 14 0.02 4 16 9:33am ESE 29.96 71 26 77.5 86.1 3:04pm 69.3 7:28am 0 12 0.00 3 14 5:01pm ESE 29.92 75 27 78.6 86.4 4:09pm 71.0 6:46am 0 14 0.00 3 14 1:43am SSE 29.90 74 28 79.6 88.7 2:06pm 72.7 6:05am 0 15 0.00 3 15 2:54pm W 29.95 77 29 79.3 88.7 2:56pm 70.8 6:45am 0 14 0.06 3 17 10:23pm W 29.95 80 30 79.0 92.2 2:59pm 70.3 6:44am 0 14 0.01 2 17 9:55pm ESE 29.93 76 --------------------------------------------------------------------------------------- TOT 75.3 92.2 4/30/16 55.1 4/10/16 6 311 0.81 4 31 4/16/16 ESE 30.00 74 HEAT BASE: 65.0 COOL BASE: 65.0
 
  
Hurricane Tracker

Hurricane Tracker
Hurricane Tracker
2017 Storm Tracker Forum


Atlantic Storms
No Storms


Sponsored Links

Recent Forum Posts

New Post
Fishing Report Feb 17 2018
Posted by
captruss on Feb 17, 2018 at 09:41:35 AM


New Post
Water Temperature is Everything
Posted by
captruss on Feb 09, 2018 at 06:39:09 AM


***FORUM RULES***

Member Login
Username

Password


Join For Free!!
Click here to Register!

Total Hits
We received
81457960
page views since June 2005

Sponsored Links

Social Networks

Southwest Florida Weather | Central Florida Weather | Florida Weather

Cape Coral | Fort Myers | Bonita Springs | Naples | Punta Gorda | Port Charlotte | Estero | Sanibel | Lehigh Acres | Captiva | Pine Island | Bokeelia | St. James City | Alva | Arcadia | Labelle | Clewiston | Venice

Lee County | Charlotte County | Collier County | Hendry County | Desoto County
Glades County | Monroe County | Sarasota County | Manatee County
Hillsborough County | Pinellas County | Pasco County

Recommend us




Copyright Capeweather.com 2005-2017

DO NOT make decisions that affect life or property based on this data!
PHP-Nuke Copyright © 2004 by Francisco Burzi. This is free software, and you may redistribute it under the GPL. PHP-Nuke comes with absolutely no warranty, for details, see the license.
Page Generation: 0.30 Seconds