Southwest Florida Weather History, Yearly, Monthly, Daily, Records
 Click here to register!Home | Advertise | Forum | Live Webcams | Contact Us | Tell a Friend | Your Account  

Lee County Forecast
This
Afternoon
This Afternoon: Partly sunny, with a high near 74. Breezy, with a west northwest wind 14 to 17 mph, with gusts as high as 23 mph.
Partly Sunny
and Breezy
Tonight

Tonight: Mostly clear, with a low around 48. West northwest wind 10 to 13 mph becoming north after midnight.
Mostly Clear

Hi 74 °FLo 48 °F
Extended Forecast
Florida Weather Forecast

Southwest Florida Webcams

Main Navigation
Weather
· Home
· Current Conditions
· Storm Warnings
· Station Graphs
· Storm Fronts
· Station History
· Drought Index
· Storm Reports
· Rainfall Estimates
· Fire Graphs

Doppler Radar
· Lee County
· Charlotte County
· Collier County
· Hendry County
· Desoto County
· Glades County
· Sarasota County
· Manatee County
· Hillsborough County
· Pinellas County
· Pasco County
· Southwest Florida
· Florida
· State Radars
· National

Satellite
· South Florida
· North Florida
· Regional
· National

Forecast
· Extended
· Marine
· Discussion
· Florida Forecast
· Hazardous Outlook
· Wave Heights
· Fire

Lightning
· Live
· Tracker
· Loop
· Network
· WASP
· WASP Loop

Tropical Weather
· Hurricane Tracker
· Tropical Satellite
· Sea Temperature
· Discussion
· Buoy Data
· Tracking Tools
· Monthly Summary

Moon and Tides
· Tides
· Moon Phase

Live Products

Fishing Reports

Local News

Other Info

Support Us

Support Capeweather.com
donations

If you find this website useful, consider making
a donation.

Click here to learn more


  
 

Southwest Florida Monthly and Yearly Weather Reports

2017: Jan | Feb | Mar | Apr | May | Jun | Jul | Aug | Sep | Oct | Nov | Dec 
2016: Jan | Feb | Mar | Apr | May | Jun | Jul | Aug | Sep | Oct | Nov | Dec 
2015: Jan | Feb | Mar | Apr | May | Jun | Jul | Aug | Sep | Oct | Nov | Dec 
2014: Jan | Feb | Mar | Apr | May | Jun | Jul | Aug | Sep | Oct | Nov | Dec 
2013: Jan | Feb | Mar | Apr | May | Jun | Jul | Aug | Sep | Oct | Nov | Dec 
2012: Jan | Feb | Mar | Apr | May | Jun | Jul | Aug | Sep | Oct | Nov | Dec 
2011: Jan | Feb | Mar | Apr | May | Jun | Jul | Aug | Sep | Oct | Nov | Dec 
2010: Jan | Feb | Mar | Apr | May | Jun | Jul | Aug | Sep | Oct | Nov | Dec 
2009: Jan | Feb | Mar | Apr | May | Jun | Jul | Aug | Sep | Oct | Nov | Dec 
2008: Jan | Feb | Mar | Apr | May | Jun | Jul | Aug | Sep | Oct | Nov | Dec 
2007: Jan | Feb | Mar | Apr | May | Jun | Jul | Aug | Sep | Oct | Nov | Dec 
2006: Jan | Feb | Mar | Apr | May | Jun | Jul | Aug | Sep | Oct | Nov | Dec 
2005: Jan | Feb | Mar | Apr | May | Jun | Jul | Aug | Sep | Oct | Nov | Dec 

Report for 2016 03
MONTHLY CLIMATOLOGICAL SUMMARY FOR 3/2016 HEAT COOL MEAN DEG DEG WIND SPEED DOM MEAN MEAN DAY TEMP HIGH TIME LOW TIME DAYS DAYS RAIN AVG HI TIME DIR BAROM HUM --------------------------------------------------------------------------------------- 1 67.4 78.8 2:49pm 56.7 6:22am 2 4 0.00 2 12 2:15pm W 30.10 77 2 68.8 78.2 1:29pm 61.6 6:34am 1 4 0.00 3 15 1:45pm WNW 30.07 86 3 67.9 77.2 2:28pm 58.6 7:04am 1 4 0.00 1 8 12:43pm W 30.02 80 4 69.2 78.8 2:07pm 59.2 11:58pm 0 5 0.00 4 17 1:46pm WNW 29.98 85 5 64.8 78.3 1:36pm 55.3 6:56am 3 3 0.00 4 15 3:29pm N 30.05 81 6 66.3 80.7 3:40pm 53.4 7:10am 3 4 0.00 5 23 9:46pm N 30.12 66 7 67.1 80.2 2:49pm 54.9 6:57am 3 5 0.00 4 19 11:05am ESE 30.19 67 8 70.8 82.3 3:01pm 60.1 6:59am 1 7 0.00 4 21 5:09pm ESE 30.17 68 9 73.6 83.9 3:24pm 64.8 5:24am 0 8 0.00 4 21 5:02pm ESE 30.14 67 10 73.4 84.2 12:25pm 66.0 6:10am 0 8 0.00 4 19 11:21am ESE 30.15 79 11 72.9 83.3 1:26pm 66.1 6:32am 0 8 0.00 4 18 9:15am E 30.15 80 12 73.8 85.3 1:24pm 67.1 6:46am 0 8 0.00 4 18 2:09pm ESE 30.09 84 13 74.3 81.6 2:12pm 68.3 3:17am 0 9 0.00 3 20 12:35pm S 30.01 89 14 75.3 82.1 3:44pm 70.8 6:43am 0 10 0.00 4 18 1:33pm SW 30.00 90 15 76.0 83.0 3:00pm 72.2 8:39am 0 11 0.00 3 13 2:13pm WSW 30.00 90 16 74.5 82.7 12:23pm 68.2 7:48am 0 10 0.00 2 13 3:25pm WSW 30.02 90 17 74.1 83.8 2:49pm 66.5 7:20am 0 9 0.00 2 14 4:53pm SW 29.99 82 18 74.1 82.5 4:16pm 66.6 7:13am 0 9 0.00 1 11 12:39pm SW 29.94 85 19 73.1 79.4 11:35am 68.4 2:41am 0 8 0.25 2 24 2:27pm SSE 29.87 91 20 72.4 77.6 1:36pm 68.6 11:56pm 0 7 0.07 3 17 9:50pm WNW 29.89 89 21 61.4 68.6 12:00am 51.7 11:13pm 4 0 0.00 7 26 12:00pm NNE 30.13 57 22 63.3 79.0 4:28pm 48.6 6:47am 6 4 0.00 4 18 1:03pm NE 30.26 60 23 69.1 82.1 2:53pm 56.5 7:29am 2 6 0.00 2 16 12:13pm E 30.18 72 24 73.8 84.8 12:32pm 63.6 2:39am 0 9 0.00 3 17 11:54am S 30.02 84 25 74.2 83.1 1:34pm 65.5 6:18am 0 9 0.01 2 19 4:54am SSE 29.97 88 26 77.5 85.4 4:09pm 71.6 6:14am 0 13 0.00 2 14 2:17pm SSE 30.05 87 27 77.3 84.7 12:47pm 71.9 3:37am 0 12 0.00 3 22 1:12pm SSE 30.07 89 28 77.5 84.5 3:05pm 75.1 5:05am 0 13 0.00 3 16 11:20am SW 30.04 91 29 72.3 80.7 11:08am 64.1 4:12pm 0 7 0.63 2 40 3:49pm ENE 30.03 93 30 72.9 83.2 3:19pm 64.9 7:40am 0 8 0.01 5 21 1:36pm ENE 30.04 82 31 75.5 84.3 3:14pm 68.0 6:27am 0 10 0.00 3 17 12:27pm E 29.96 88 --------------------------------------------------------------------------------------- TOT 71.8 85.4 3/26/16 48.6 3/22/16 26 232 0.97 3 40 3/29/16 E 30.05 81 HEAT BASE: 65.0 COOL BASE: 65.0
 
  
Hurricane Tracker

Hurricane Tracker
Hurricane Tracker
2017 Storm Tracker Forum


Atlantic Storms
No Storms


Sponsored Links

Recent Forum Posts

New Post
SW FL-Bonita Beach: Sharks, Grouper, Snapper; Sheeps, Drum
Posted by
fishbuster on Nov 30, 2017 at 02:32:09 PM


New Post
SW FL-Bonita Beach:Nice trout Inshore;Keeper Mutton Offshore
Posted by
fishbuster on Nov 09, 2017 at 02:17:33 PM


New Post
Philippe- Final Advisory
Posted by
ccstorms on Oct 29, 2017 at 05:36:13 PM


New Post
Invest 92L- Deactivated
Posted by
ccstorms on Oct 17, 2017 at 06:12:31 AM


New Post
Ophelia- Final Advisory
Posted by
ccstorms on Oct 16, 2017 at 06:32:58 AM


New Post
Nate- Final Advisory
Posted by
ccstorms on Oct 08, 2017 at 02:04:43 PM


***FORUM RULES***

Member Login
Username

Password


Join For Free!!
Click here to Register!

Total Hits
We received
79771576
page views since June 2005

Sponsored Links

Social Networks

Southwest Florida Weather | Central Florida Weather | Florida Weather

Cape Coral | Fort Myers | Bonita Springs | Naples | Punta Gorda | Port Charlotte | Estero | Sanibel | Lehigh Acres | Captiva | Pine Island | Bokeelia | St. James City | Alva | Arcadia | Labelle | Clewiston | Venice

Lee County | Charlotte County | Collier County | Hendry County | Desoto County
Glades County | Monroe County | Sarasota County | Manatee County
Hillsborough County | Pinellas County | Pasco County

Recommend us




Copyright Capeweather.com 2005-2017

DO NOT make decisions that affect life or property based on this data!
PHP-Nuke Copyright © 2004 by Francisco Burzi. This is free software, and you may redistribute it under the GPL. PHP-Nuke comes with absolutely no warranty, for details, see the license.
Page Generation: 0.31 Seconds