Southwest Florida Weather History, Yearly, Monthly, Daily, Records
 Click here to register!Home | Advertise | Forum | Live Webcams | Contact Us | Tell a Friend | Your Account  

Lee County Forecast & Temp
Tonight

Tonight: Patchy fog after 4am.  Otherwise, partly cloudy, with a low around 62. Light and variable wind.
Patchy Fog

Sunday

Sunday: Patchy fog before 9am.  Otherwise, mostly sunny, with a high near 84. East northeast wind 5 to 7 mph.
Patchy Fog
then Sunny
Lo 62 °FHi 84 °F
Extended Forecast
Florida Weather Forecast

Southwest Florida Webcams

Main Navigation
Weather
· Home
· Current Conditions
· Storm Warnings
· Station Graphs
· Storm Fronts
· Station History
· Drought Index
· Storm Reports
· Rainfall Estimates
· Fire Graphs

Doppler Radar
· Lee County
· Charlotte County
· Collier County
· Hendry County
· Desoto County
· Glades County
· Sarasota County
· Manatee County
· Hillsborough County
· Pinellas County
· Pasco County
· Southwest Florida
· Florida
· State Radars
· National

Satellite
· South Florida
· North Florida
· Regional
· National

Forecast
· Extended
· Marine
· Discussion
· Florida Forecast
· Hazardous Outlook
· Wave Heights
· Fire

Lightning
· Live
· Tracker
· Loop
· Network
· WASP
· WASP Loop

Tropical Weather
· Hurricane Tracker
· Tropical Satellite
· Sea Temperature
· Discussion
· Buoy Data
· Tracking Tools
· Monthly Summary

Moon and Tides
· Tides
· Moon Phase

Live Products

Fishing Reports

Local News

Other Info

  
 

Southwest Florida Monthly and Yearly Weather Reports

2018: Jan | Feb | Mar | Apr | May | Jun | Jul | Aug | Sep | Oct | Nov | Dec 
2017: Jan | Feb | Mar | Apr | May | Jun | Jul | Aug | Sep | Oct | Nov | Dec 
2016: Jan | Feb | Mar | Apr | May | Jun | Jul | Aug | Sep | Oct | Nov | Dec 
2015: Jan | Feb | Mar | Apr | May | Jun | Jul | Aug | Sep | Oct | Nov | Dec 
2014: Jan | Feb | Mar | Apr | May | Jun | Jul | Aug | Sep | Oct | Nov | Dec 
2013: Jan | Feb | Mar | Apr | May | Jun | Jul | Aug | Sep | Oct | Nov | Dec 
2012: Jan | Feb | Mar | Apr | May | Jun | Jul | Aug | Sep | Oct | Nov | Dec 
2011: Jan | Feb | Mar | Apr | May | Jun | Jul | Aug | Sep | Oct | Nov | Dec 
2010: Jan | Feb | Mar | Apr | May | Jun | Jul | Aug | Sep | Oct | Nov | Dec 
2009: Jan | Feb | Mar | Apr | May | Jun | Jul | Aug | Sep | Oct | Nov | Dec 
2008: Jan | Feb | Mar | Apr | May | Jun | Jul | Aug | Sep | Oct | Nov | Dec 
2007: Jan | Feb | Mar | Apr | May | Jun | Jul | Aug | Sep | Oct | Nov | Dec 
2006: Jan | Feb | Mar | Apr | May | Jun | Jul | Aug | Sep | Oct | Nov | Dec 
2005: Jan | Feb | Mar | Apr | May | Jun | Jul | Aug | Sep | Oct | Nov | Dec 

Report for 2016 02
MONTHLY CLIMATOLOGICAL SUMMARY FOR 2/2016 HEAT COOL MEAN DEG DEG WIND SPEED DOM MEAN MEAN DAY TEMP HIGH TIME LOW TIME DAYS DAYS RAIN AVG HI TIME DIR BAROM HUM --------------------------------------------------------------------------------------- 1 70.7 80.6 11:57am 64.7 5:37am 0 6 0.01 1 13 1:36am E 30.00 90 2 72.5 84.1 2:59pm 65.8 2:31am 0 7 0.00 2 12 1:34pm SSE 30.02 92 3 74.6 81.8 12:53pm 69.9 11:21pm 0 10 0.00 3 21 11:36am SE 30.02 88 4 72.2 80.1 12:05pm 57.4 11:59pm 0 7 0.33 4 23 11:11pm SE 30.02 90 5 58.6 67.8 3:06pm 50.3 8:26am 6 0 0.02 8 24 7:44am NE 30.17 61 6 56.7 67.5 10:58am 51.8 3:57am 8 0 0.58 6 23 5:00pm NE 30.10 88 7 54.7 60.2 11:29am 47.7 11:47pm 10 0 0.01 8 27 10:40am NNW 30.04 74 8 56.8 65.4 3:38pm 44.2 4:51am 8 0 0.00 3 15 5:15pm N 30.04 80 9 61.5 66.3 1:25am 56.7 7:21am 4 0 0.00 11 31 3:01am WNW 30.02 67 10 56.5 63.8 12:13pm 47.4 11:47pm 8 0 0.00 5 16 12:00am NW 30.19 71 11 55.4 70.5 3:17pm 43.6 5:21am 10 1 0.00 2 11 8:47am NE 30.27 76 12 58.1 72.8 12:52pm 46.9 6:54am 8 1 0.00 2 12 1:58pm W 30.25 75 13 60.9 75.3 12:48pm 52.6 4:03am 6 2 0.00 3 19 4:26pm NW 30.20 83 14 61.8 74.9 2:21pm 48.7 7:31am 5 2 0.00 5 17 12:32pm NE 30.18 70 15 67.3 75.9 3:19pm 60.5 4:54am 1 3 0.00 4 16 8:10am E 30.02 82 16 67.5 74.5 3:29pm 60.4 11:57pm 1 3 0.52 3 28 4:49am WNW 29.91 87 17 64.4 77.0 2:55pm 56.3 7:49am 3 3 0.00 3 14 11:51am WNW 30.09 80 18 64.9 78.4 3:19pm 53.4 7:06am 4 4 0.00 5 17 8:41pm NW 30.23 72 19 64.5 75.9 1:49pm 54.5 5:35am 4 3 0.00 5 21 11:33am E 30.28 74 20 66.0 79.1 2:51pm 54.7 6:56am 3 4 0.00 3 14 10:49am E 30.22 75 21 66.9 78.0 11:56am 57.4 5:04am 2 4 0.00 1 13 11:31am E 30.12 77 22 68.3 80.2 12:29pm 58.6 6:04am 2 5 0.00 2 15 3:45pm SSW 29.98 85 23 71.8 79.5 12:46pm 64.1 3:02am 0 7 0.00 3 22 12:56pm SSE 29.88 89 24 70.1 76.0 9:41am 64.0 6:17pm 0 5 0.38 5 21 5:43am SSE 29.88 93 25 61.3 66.9 11:47am 52.3 11:55pm 4 0 0.00 7 23 2:06pm NNW 30.11 71 26 58.4 71.0 1:02pm 49.7 5:36am 7 1 0.00 4 21 4:32pm NNW 30.20 71 27 55.7 67.0 3:22pm 46.9 4:12am 9 0 0.00 4 18 12:24pm NNW 30.21 67 28 61.3 75.8 2:03pm 47.3 7:01am 6 3 0.00 3 17 9:44am E 30.19 68 29 66.7 78.3 1:44pm 57.2 7:02am 2 4 0.00 3 12 1:24pm E 30.13 71 --------------------------------------------------------------------------------------- TOT 63.7 84.1 2/2/16 46.9 2/12/16 123 85 1.85 4 31 2/9/16 NE 30.10 78 HEAT BASE: 65.0 COOL BASE: 65.0
 
  
Hurricane Tracker

Hurricane Tracker
Hurricane Tracker
2017 Storm Tracker Forum


Atlantic Storms
No Storms


Sponsored Links

Recent Forum Posts

New Post
Fishing Report Feb 17 2018
Posted by
captruss on Feb 17, 2018 at 09:41:35 AM


New Post
Water Temperature is Everything
Posted by
captruss on Feb 09, 2018 at 06:39:09 AM


***FORUM RULES***

Member Login
Username

Password


Join For Free!!
Click here to Register!

Total Hits
We received
81457914
page views since June 2005

Sponsored Links

Social Networks

Southwest Florida Weather | Central Florida Weather | Florida Weather

Cape Coral | Fort Myers | Bonita Springs | Naples | Punta Gorda | Port Charlotte | Estero | Sanibel | Lehigh Acres | Captiva | Pine Island | Bokeelia | St. James City | Alva | Arcadia | Labelle | Clewiston | Venice

Lee County | Charlotte County | Collier County | Hendry County | Desoto County
Glades County | Monroe County | Sarasota County | Manatee County
Hillsborough County | Pinellas County | Pasco County

Recommend us




Copyright Capeweather.com 2005-2017

DO NOT make decisions that affect life or property based on this data!
PHP-Nuke Copyright © 2004 by Francisco Burzi. This is free software, and you may redistribute it under the GPL. PHP-Nuke comes with absolutely no warranty, for details, see the license.
Page Generation: 0.24 Seconds