Southwest Florida Weather History, Yearly, Monthly, Daily, Records
 Click here to register!Home | Advertise | Forum | Live Webcams | Contact Us | Tell a Friend | Your Account  

Lee County Forecast & Temp
Current Temp: ^vxv007^ °F
Overnight

Overnight: Mostly cloudy, with a low around 59. North wind 7 to 9 mph.
Mostly Cloudy

Wednesday

Wednesday: Partly sunny, with a high near 72. North northeast wind 8 to 10 mph.
Partly Sunny

Lo 59 °FHi 72 °F
Extended Forecast
Florida Weather Forecast

Southwest Florida Webcams

Main Navigation
Weather
· Home
· Current Conditions
· Storm Warnings
· Station Graphs
· Storm Fronts
· Station History
· Drought Index
· Storm Reports
· Rainfall Estimates
· Fire Graphs

Doppler Radar
· Lee County
· Charlotte County
· Collier County
· Hendry County
· Desoto County
· Glades County
· Sarasota County
· Manatee County
· Hillsborough County
· Pinellas County
· Pasco County
· Southwest Florida
· Florida
· State Radars
· National

Satellite
· South Florida
· North Florida
· Regional
· National

Forecast
· Extended
· Marine
· Discussion
· Florida Forecast
· Hazardous Outlook
· Wave Heights
· Fire

Lightning
· Live
· Tracker
· Loop
· Network
· WASP
· WASP Loop

Tropical Weather
· Hurricane Tracker
· Tropical Satellite
· Sea Temperature
· Discussion
· Buoy Data
· Tracking Tools
· Monthly Summary

Moon and Tides
· Tides
· Moon Phase

Live Products

Fishing Reports

Local News

Other Info

Support Us

Support Capeweather.com
donations

If you find this website useful, consider making
a donation.

Click here to learn more


  
 

Southwest Florida Monthly and Yearly Weather Reports

2018: Jan | Feb | Mar | Apr | May | Jun | Jul | Aug | Sep | Oct | Nov | Dec 
2017: Jan | Feb | Mar | Apr | May | Jun | Jul | Aug | Sep | Oct | Nov | Dec 
2016: Jan | Feb | Mar | Apr | May | Jun | Jul | Aug | Sep | Oct | Nov | Dec 
2015: Jan | Feb | Mar | Apr | May | Jun | Jul | Aug | Sep | Oct | Nov | Dec 
2014: Jan | Feb | Mar | Apr | May | Jun | Jul | Aug | Sep | Oct | Nov | Dec 
2013: Jan | Feb | Mar | Apr | May | Jun | Jul | Aug | Sep | Oct | Nov | Dec 
2012: Jan | Feb | Mar | Apr | May | Jun | Jul | Aug | Sep | Oct | Nov | Dec 
2011: Jan | Feb | Mar | Apr | May | Jun | Jul | Aug | Sep | Oct | Nov | Dec 
2010: Jan | Feb | Mar | Apr | May | Jun | Jul | Aug | Sep | Oct | Nov | Dec 
2009: Jan | Feb | Mar | Apr | May | Jun | Jul | Aug | Sep | Oct | Nov | Dec 
2008: Jan | Feb | Mar | Apr | May | Jun | Jul | Aug | Sep | Oct | Nov | Dec 
2007: Jan | Feb | Mar | Apr | May | Jun | Jul | Aug | Sep | Oct | Nov | Dec 
2006: Jan | Feb | Mar | Apr | May | Jun | Jul | Aug | Sep | Oct | Nov | Dec 
2005: Jan | Feb | Mar | Apr | May | Jun | Jul | Aug | Sep | Oct | Nov | Dec 

Report for 2016 01
MONTHLY CLIMATOLOGICAL SUMMARY FOR 1/2016 HEAT COOL MEAN DEG DEG WIND SPEED DOM MEAN MEAN DAY TEMP HIGH TIME LOW TIME DAYS DAYS RAIN AVG HI TIME DIR BAROM HUM --------------------------------------------------------------------------------------- 1 74.8 82.0 11:01am 69.8 7:26am 0 10 0.00 1 11 2:31pm S 30.06 92 2 72.0 80.2 2:40pm 66.1 11:46pm 0 7 0.00 3 15 3:24pm ENE 30.03 89 3 62.6 66.4 2:37am 59.5 4:05pm 2 0 0.52 5 18 3:05pm NE 29.97 92 4 60.2 69.2 12:43pm 53.4 11:57pm 5 1 0.01 5 17 8:54am N 29.99 68 5 61.0 72.9 2:15pm 50.1 5:19am 5 1 0.00 7 28 5:12pm NE 30.13 75 6 65.2 74.0 3:02pm 58.6 7:53am 2 2 0.00 6 20 12:18am NE 30.07 84 7 64.0 73.5 4:26pm 58.2 8:15am 2 1 0.00 3 12 12:54am ENE 29.97 91 8 68.8 77.3 3:36pm 64.1 12:00am 0 4 0.03 1 10 1:02am ESE 29.87 94 9 69.8 78.3 1:18pm 64.6 12:41am 0 5 0.97 2 25 6:52pm SE 29.85 94 10 68.9 73.7 1:34pm 58.9 11:35pm 1 5 0.62 4 19 1:53pm SSW 29.94 91 11 59.3 68.8 2:57pm 53.8 11:58pm 6 0 0.00 5 16 12:47pm NE 30.11 75 12 58.1 68.9 2:31pm 51.8 1:53am 7 0 0.00 4 13 10:05am NE 30.14 68 13 56.6 64.1 1:14pm 50.3 6:14am 8 0 0.00 5 17 8:52am NE 30.16 62 14 60.3 67.2 8:56pm 55.1 3:47am 5 0 0.00 5 16 9:31am ENE 30.06 76 15 66.8 72.5 3:44pm 61.8 11:56pm 0 2 2.56 3 30 11:40am W 29.81 95 16 66.2 77.0 3:19pm 56.2 7:23am 2 3 0.28 1 14 10:52pm WSW 29.85 88 17 64.6 74.8 10:10am 54.3 11:34pm 3 2 0.59 9 35 10:52am NW 29.81 84 18 54.2 61.7 4:31pm 48.2 7:40am 10 0 0.00 5 16 8:34am NNE 30.16 67 19 53.6 64.9 3:49pm 47.4 6:54am 11 0 0.00 6 18 10:18am NE 30.30 61 20 55.3 71.0 3:17pm 44.6 5:34am 10 1 0.00 4 15 9:30am NE 30.23 66 21 61.9 74.8 1:52pm 51.1 3:11am 5 2 0.00 2 15 1:10pm E 30.12 77 22 64.7 69.1 3:49pm 59.6 12:00am 1 1 1.20 6 25 11:37pm WNW 29.85 89 23 59.8 64.2 3:31am 54.2 11:51pm 5 0 0.00 13 37 6:58am WNW 29.91 69 24 51.4 61.5 2:41pm 41.9 7:49am 13 0 0.00 4 16 12:01pm NW 30.15 77 25 56.4 71.5 2:45pm 42.3 5:51am 10 1 0.00 1 14 3:49pm N 30.21 78 26 67.3 79.6 2:46pm 58.1 5:59am 2 4 0.09 2 14 12:10pm E 30.13 81 27 66.6 68.0 9:55am 65.3 9:55pm 0 2 3.21 2 15 11:02am NW 29.95 98 28 66.4 69.3 10:48am 62.5 11:56pm 0 2 0.91 3 27 5:46pm WSW 29.83 98 29 58.1 64.3 1:12pm 50.8 11:53pm 7 0 0.01 5 20 5:02am NW 30.04 79 30 58.0 70.4 2:37pm 48.9 6:56am 7 1 0.00 1 10 11:26am ENE 30.14 80 31 64.2 74.2 3:58pm 54.7 2:21am 3 3 0.00 2 11 1:09pm ENE 30.08 81 --------------------------------------------------------------------------------------- TOT 62.5 82.0 1/1/16 41.9 1/24/16 135 59 11.00 4 37 1/23/16 NE 30.03 81 HEAT BASE: 65.0 COOL BASE: 65.0
 
  
Hurricane Tracker

Hurricane Tracker
Hurricane Tracker
2017 Storm Tracker Forum


Atlantic Storms
No Storms


Sponsored Links

Recent Forum Posts

New Post
I'll Fa Lay for You, Par rum pum pum pum, This Black Drum
Posted by
chris on Jan 22, 2018 at 05:52:29 PM


New Post
SW FL-Bonita Beach:Weather isn't helping, but we're catching
Posted by
fishbuster on Jan 18, 2018 at 11:46:09 AM


***FORUM RULES***

Member Login
Username

Password


Join For Free!!
Click here to Register!

Total Hits
We received
80778701
page views since June 2005

Sponsored Links

Social Networks

Southwest Florida Weather | Central Florida Weather | Florida Weather

Cape Coral | Fort Myers | Bonita Springs | Naples | Punta Gorda | Port Charlotte | Estero | Sanibel | Lehigh Acres | Captiva | Pine Island | Bokeelia | St. James City | Alva | Arcadia | Labelle | Clewiston | Venice

Lee County | Charlotte County | Collier County | Hendry County | Desoto County
Glades County | Monroe County | Sarasota County | Manatee County
Hillsborough County | Pinellas County | Pasco County

Recommend us




Copyright Capeweather.com 2005-2017

DO NOT make decisions that affect life or property based on this data!
PHP-Nuke Copyright © 2004 by Francisco Burzi. This is free software, and you may redistribute it under the GPL. PHP-Nuke comes with absolutely no warranty, for details, see the license.
Page Generation: 0.20 Seconds