Southwest Florida Weather History, Yearly, Monthly, Daily, Records
 Click here to register!Home | Advertise | Forum | Live Webcams | Contact Us | Tell a Friend | Your Account  

Lee County Forecast
Tonight

Tonight: Isolated showers and thunderstorms before 11pm.  Partly cloudy, with a low around 74. Northeast wind 6 to 9 mph.  Chance of precipitation is 20%.
Isolated
T-storms then
Partly Cloudy
Friday

Friday: Scattered showers and thunderstorms after 2pm.  Mostly sunny, with a high near 91. Heat index values as high as 97. Northeast wind 7 to 9 mph.  Chance of precipitation is 50%. New rainfall amounts of less than a tenth of an inch, except higher amounts possible in thunderstorms.
Mostly Sunny
then
Scattered
Showers
Lo 74 °FHi 91 °F
Extended Forecast
Florida Weather Forecast

Southwest Florida Webcams

Main Navigation
Weather
· Home
· Current Conditions
· Storm Warnings
· Station Graphs
· Storm Fronts
· Temperature Map
· Station History
· Drought Index
· Storm Reports
· Rainfall Estimates
· Fire Graphs

Doppler Radar
· Lee County
· Charlotte County
· Collier County
· Hendry County
· Desoto County
· Glades County
· Sarasota County
· Manatee County
· Hillsborough County
· Pinellas County
· Pasco County
· Southwest Florida
· Florida
· State Radars
· National

Satellite
· South Florida
· North Florida
· Regional
· National

Forecast
· Extended
· Marine
· Discussion
· Florida Forecast
· Hazardous Outlook
· Wave Heights
· Fire

Lightning
· Live
· Tracker
· Loop
· Network
· WASP
· WASP Loop
· 3 Hour Forecast

Tropical Weather
· Hurricane Tracker
· Tropical Satellite
· Sea Temperature
· Discussion
· Buoy Data
· Tracking Tools
· Monthly Summary

Moon and Tides
· Tides
· Moon Phase

Live Products

Fishing Reports

Local News

Other Info

  
 

Southwest Florida Monthly and Yearly Weather Reports

2017: Jan | Feb | Mar | Apr | May | Jun | Jul | Aug | Sep | Oct | Nov | Dec 
2016: Jan | Feb | Mar | Apr | May | Jun | Jul | Aug | Sep | Oct | Nov | Dec 
2015: Jan | Feb | Mar | Apr | May | Jun | Jul | Aug | Sep | Oct | Nov | Dec 
2014: Jan | Feb | Mar | Apr | May | Jun | Jul | Aug | Sep | Oct | Nov | Dec 
2013: Jan | Feb | Mar | Apr | May | Jun | Jul | Aug | Sep | Oct | Nov | Dec 
2012: Jan | Feb | Mar | Apr | May | Jun | Jul | Aug | Sep | Oct | Nov | Dec 
2011: Jan | Feb | Mar | Apr | May | Jun | Jul | Aug | Sep | Oct | Nov | Dec 
2010: Jan | Feb | Mar | Apr | May | Jun | Jul | Aug | Sep | Oct | Nov | Dec 
2009: Jan | Feb | Mar | Apr | May | Jun | Jul | Aug | Sep | Oct | Nov | Dec 
2008: Jan | Feb | Mar | Apr | May | Jun | Jul | Aug | Sep | Oct | Nov | Dec 
2007: Jan | Feb | Mar | Apr | May | Jun | Jul | Aug | Sep | Oct | Nov | Dec 
2006: Jan | Feb | Mar | Apr | May | Jun | Jul | Aug | Sep | Oct | Nov | Dec 
2005: Jan | Feb | Mar | Apr | May | Jun | Jul | Aug | Sep | Oct | Nov | Dec 

Report for 2015 12
MONTHLY CLIMATOLOGICAL SUMMARY FOR 12/2015 HEAT COOL MEAN DEG DEG WIND SPEED DOM MEAN MEAN DAY TEMP HIGH TIME LOW TIME DAYS DAYS RAIN AVG HI TIME DIR BAROM HUM --------------------------------------------------------------------------------------- 1 76.6 86.0 2:53pm 69.2 7:21am 0 11 0.00 3 12 4:12pm ENE 29.97 84 2 75.5 83.7 10:46am 69.9 5:29am 0 10 0.00 1 10 10:24am E 29.93 92 3 73.1 77.8 12:53pm 63.7 11:59pm 0 8 2.42 3 26 9:37pm ENE 29.99 97 4 68.9 75.6 11:43am 63.5 12:18am 0 4 1.00 7 23 5:28pm ENE 30.10 96 5 72.6 79.0 1:26pm 68.4 2:29am 0 8 0.02 8 25 7:57pm ENE 30.18 90 6 73.9 78.7 1:48pm 70.7 11:59pm 0 9 0.00 7 25 5:51pm ENE 30.15 86 7 70.5 79.3 3:27pm 62.9 11:57pm 0 5 0.00 6 17 8:23pm NE 30.04 85 8 67.5 75.7 1:50pm 60.1 7:35am 2 4 0.00 6 19 10:05am ENE 30.01 83 9 71.9 81.6 2:40pm 65.4 5:34am 0 7 0.00 4 13 12:49am ENE 29.96 87 10 70.6 79.5 3:51pm 64.2 6:39am 0 5 0.00 2 10 2:56am N 29.98 89 11 71.6 82.7 3:14pm 63.2 7:32am 0 7 0.00 3 11 10:57am N 30.04 83 12 72.8 83.4 1:11pm 63.8 4:54am 0 8 0.00 4 21 11:25am NE 30.10 82 13 73.9 83.5 3:00pm 65.6 4:27am 0 9 0.01 4 19 11:46am E 29.99 87 14 75.1 81.6 12:23pm 71.0 5:56am 0 10 0.01 2 15 12:01pm SSE 29.90 93 15 75.3 81.6 4:13pm 70.8 4:32am 0 10 0.00 1 11 9:01am SSE 29.89 93 16 75.3 82.7 11:21am 69.3 5:56am 0 7 0.00 2 10 9:12am S 29.91 89 17 75.7 82.7 12:28pm 70.6 2:44am 0 2 0.00 2 16 10:37am SSE 29.90 92 18 71.5 76.0 8:42am 62.2 12:02am 0 1 0.37 3 22 1:55pm SSE 29.99 91 19 62.6 72.2 3:58pm 50.6 7:20am 3 1 0.00 9 26 3:20pm NE 30.28 71 20 65.8 77.9 2:39pm 53.8 4:57am 4 5 0.00 6 23 11:32am NE 30.28 78 21 74.2 85.0 2:45pm 65.9 6:06am 0 9 0.00 5 22 11:33am E 30.14 82 22 75.4 83.5 12:46pm 69.6 4:01am 0 10 0.00 2 17 1:24pm ESE 30.00 90 23 77.2 83.4 12:08pm 73.2 12:06am 0 12 0.00 3 19 12:47pm SSE 29.99 91 24 76.9 84.3 12:55pm 72.7 7:08am 0 12 0.00 2 12 10:22am SSE 30.10 91 25 77.5 87.4 2:39pm 71.5 6:51am 0 12 0.00 3 16 11:58am SSE 30.16 87 26 76.5 86.3 2:03pm 70.0 6:37am 0 11 0.00 3 15 11:04am E 30.13 88 27 75.9 85.7 2:51pm 70.9 6:19am 0 11 0.00 3 15 10:17am E 30.02 85 28 76.6 83.9 12:26pm 71.4 3:33am 0 11 0.00 3 16 2:43pm ESE 29.98 89 29 76.4 84.1 12:45pm 71.4 11:54pm 0 11 0.00 1 14 11:37am ESE 30.08 90 30 76.6 85.0 12:01pm 71.4 12:00am 0 11 0.00 2 11 9:49am S 30.14 90 31 76.7 84.9 12:09pm 71.8 6:06am 0 11 0.00 2 12 1:27pm SSW 30.10 89 --------------------------------------------------------------------------------------- TOT 73.6 87.4 12/25/15 50.6 12/19/15 9 254 3.83 4 26 12/3/15 ENE 30.05 88 HEAT BASE: 65.0 COOL BASE: 65.0
 
  
Hurricane Tracker

Hurricane Tracker
Hurricane Tracker
2017 Storm Tracker Forum


Atlantic Storms
Jose
Lee
Maria


Sponsored Links

Recent Forum Posts

New Post
Maria
Posted by
ccstorms on Sep 21, 2017 at 02:13:14 PM


New Post
Jose
Posted by
ccstorms on Sep 21, 2017 at 02:10:21 PM


New Post
Lee- Final Advisory
Posted by
ccstorms on Sep 19, 2017 at 08:10:26 AM


New Post
Irma
Posted by
ccstorms on Sep 13, 2017 at 08:51:17 PM


New Post
Katia
Posted by
ccstorms on Sep 07, 2017 at 10:38:16 AM


New Post
Possible Gulf Invest- Deactivated
Posted by
ccstorms on Aug 31, 2017 at 07:45:36 AM


***FORUM RULES***

Sponsored Links

Total Hits
We received
77349619
page views since June 2005

Social Networks

Southwest Florida Weather | Central Florida Weather | Florida Weather

Cape Coral | Fort Myers | Bonita Springs | Naples | Punta Gorda | Port Charlotte | Estero | Sanibel | Lehigh Acres | Captiva | Pine Island | Bokeelia | St. James City | Alva | Arcadia | Labelle | Clewiston | Venice

Lee County | Charlotte County | Collier County | Hendry County | Desoto County
Glades County | Monroe County | Sarasota County | Manatee County
Hillsborough County | Pinellas County | Pasco County

Recommend us




Copyright Capeweather.com 2005-2017

DO NOT make decisions that affect life or property based on this data!
PHP-Nuke Copyright © 2004 by Francisco Burzi. This is free software, and you may redistribute it under the GPL. PHP-Nuke comes with absolutely no warranty, for details, see the license.
Page Generation: 0.30 Seconds