Southwest Florida Weather History, Yearly, Monthly, Daily, Records
 Click here to register!Home | Advertise | Forum | Live Webcams | Contact Us | Tell a Friend | Your Account  

Lee County Forecast & Temp
Tonight

Tonight: Patchy fog after 4am.  Otherwise, partly cloudy, with a low around 62. Light and variable wind.
Patchy Fog

Sunday

Sunday: Patchy fog before 9am.  Otherwise, mostly sunny, with a high near 84. East northeast wind 5 to 7 mph.
Patchy Fog
then Sunny
Lo 62 °FHi 84 °F
Extended Forecast
Florida Weather Forecast

Southwest Florida Webcams

Main Navigation
Weather
· Home
· Current Conditions
· Storm Warnings
· Station Graphs
· Storm Fronts
· Station History
· Drought Index
· Storm Reports
· Rainfall Estimates
· Fire Graphs

Doppler Radar
· Lee County
· Charlotte County
· Collier County
· Hendry County
· Desoto County
· Glades County
· Sarasota County
· Manatee County
· Hillsborough County
· Pinellas County
· Pasco County
· Southwest Florida
· Florida
· State Radars
· National

Satellite
· South Florida
· North Florida
· Regional
· National

Forecast
· Extended
· Marine
· Discussion
· Florida Forecast
· Hazardous Outlook
· Wave Heights
· Fire

Lightning
· Live
· Tracker
· Loop
· Network
· WASP
· WASP Loop

Tropical Weather
· Hurricane Tracker
· Tropical Satellite
· Sea Temperature
· Discussion
· Buoy Data
· Tracking Tools
· Monthly Summary

Moon and Tides
· Tides
· Moon Phase

Live Products

Fishing Reports

Local News

Other Info

  
 

Southwest Florida Monthly and Yearly Weather Reports

2018: Jan | Feb | Mar | Apr | May | Jun | Jul | Aug | Sep | Oct | Nov | Dec 
2017: Jan | Feb | Mar | Apr | May | Jun | Jul | Aug | Sep | Oct | Nov | Dec 
2016: Jan | Feb | Mar | Apr | May | Jun | Jul | Aug | Sep | Oct | Nov | Dec 
2015: Jan | Feb | Mar | Apr | May | Jun | Jul | Aug | Sep | Oct | Nov | Dec 
2014: Jan | Feb | Mar | Apr | May | Jun | Jul | Aug | Sep | Oct | Nov | Dec 
2013: Jan | Feb | Mar | Apr | May | Jun | Jul | Aug | Sep | Oct | Nov | Dec 
2012: Jan | Feb | Mar | Apr | May | Jun | Jul | Aug | Sep | Oct | Nov | Dec 
2011: Jan | Feb | Mar | Apr | May | Jun | Jul | Aug | Sep | Oct | Nov | Dec 
2010: Jan | Feb | Mar | Apr | May | Jun | Jul | Aug | Sep | Oct | Nov | Dec 
2009: Jan | Feb | Mar | Apr | May | Jun | Jul | Aug | Sep | Oct | Nov | Dec 
2008: Jan | Feb | Mar | Apr | May | Jun | Jul | Aug | Sep | Oct | Nov | Dec 
2007: Jan | Feb | Mar | Apr | May | Jun | Jul | Aug | Sep | Oct | Nov | Dec 
2006: Jan | Feb | Mar | Apr | May | Jun | Jul | Aug | Sep | Oct | Nov | Dec 
2005: Jan | Feb | Mar | Apr | May | Jun | Jul | Aug | Sep | Oct | Nov | Dec 

Report for 2015 11
MONTHLY CLIMATOLOGICAL SUMMARY FOR 11/2015 HEAT COOL MEAN DEG DEG WIND SPEED DOM MEAN MEAN DAY TEMP HIGH TIME LOW TIME DAYS DAYS RAIN AVG HI TIME DIR BAROM HUM --------------------------------------------------------------------------------------- 1 80.0 87.9 11:42am 73.1 6:10am 0 14 0.08 2 13 1:55pm ESE 29.98 88 2 79.9 86.6 3:10pm 74.9 6:53am 0 15 0.00 2 15 11:55am SSW 29.96 90 3 79.8 87.9 11:33am 73.3 6:55am 0 15 0.00 2 11 12:14pm SSW 29.99 85 4 81.5 89.5 3:17pm 74.6 4:39am 0 16 0.00 3 13 11:23am ESE 30.04 84 5 81.1 89.4 3:02pm 75.7 6:24am 0 16 0.00 5 22 10:47am E 30.08 79 6 79.6 91.2 3:12pm 71.6 6:45am 0 15 0.00 4 15 10:17am E 30.06 81 7 79.8 88.4 11:42am 73.9 4:43am 0 14 0.00 3 11 9:37am E 30.02 84 8 79.8 87.4 11:23am 73.3 3:32am 0 15 0.01 2 13 9:52am S 29.98 88 9 79.6 85.7 1:09pm 74.5 6:54am 0 15 0.00 2 11 1:02pm SSW 29.99 89 10 78.2 86.2 11:28am 71.0 10:31pm 0 13 0.00 3 15 3:45pm WNW 29.99 88 11 77.9 86.9 1:26pm 70.1 3:33am 0 13 0.00 2 10 3:06pm WNW 30.00 85 12 79.8 87.0 1:21pm 73.0 7:14am 0 15 0.00 3 12 12:13pm ESE 29.99 84 13 79.1 89.1 2:21pm 71.4 6:49am 0 14 0.00 3 13 4:25pm ENE 29.98 81 14 74.4 81.9 12:53pm 66.4 6:55am 0 9 0.00 8 24 7:30pm ENE 30.08 76 15 74.5 79.6 1:24pm 70.3 2:08am 0 9 0.00 7 23 12:55pm ENE 30.14 79 16 76.6 86.8 2:52pm 70.9 3:57am 0 11 0.00 5 16 10:19am ENE 30.08 78 17 76.7 86.4 12:37pm 70.2 5:59am 0 12 0.00 6 23 4:31pm E 29.98 85 18 78.5 89.3 1:14pm 72.3 5:29am 0 13 0.00 4 18 10:33am E 29.96 86 19 78.8 84.7 11:18am 74.5 7:03am 0 13 0.00 2 13 10:30am SSW 29.99 89 20 78.6 88.2 1:54pm 73.4 7:12am 0 14 0.00 4 15 10:17am ENE 29.96 85 21 75.1 81.0 12:12pm 71.5 7:56pm 0 10 0.23 2 15 12:01am ENE 29.90 92 22 73.9 81.8 2:36pm 69.2 11:58pm 0 9 2.04 4 14 9:50am NW 29.85 91 23 65.7 76.1 2:28pm 57.6 11:56pm 2 3 0.00 7 18 2:43pm NE 30.07 71 24 65.0 77.1 2:35pm 55.1 6:09am 3 3 0.00 7 25 10:15am NE 30.15 76 25 70.6 80.9 1:35pm 61.5 5:25am 1 6 0.00 7 24 11:55am NE 30.19 76 26 72.0 81.4 1:55pm 64.3 5:59am 0 7 0.00 8 29 1:34pm ENE 30.23 77 27 71.9 83.7 3:16pm 65.0 6:56am 0 7 0.00 6 23 2:43pm ENE 30.17 81 28 71.7 82.1 3:21pm 63.4 5:41am 0 7 0.00 5 19 1:52pm NE 30.10 78 29 70.4 81.9 1:13pm 61.8 5:33am 1 6 0.00 5 18 10:20am NE 30.05 79 30 73.4 84.5 3:38pm 63.8 4:59am 0 9 0.00 4 17 9:46am ENE 30.00 83 --------------------------------------------------------------------------------------- TOT 76.1 91.2 11/6/15 55.1 11/24/15 7 336 2.36 4 29 11/26/15 ENE 30.03 83 HEAT BASE: 65.0 COOL BASE: 65.0
 
  
Hurricane Tracker

Hurricane Tracker
Hurricane Tracker
2017 Storm Tracker Forum


Atlantic Storms
No Storms


Sponsored Links

Recent Forum Posts

New Post
Fishing Report Feb 17 2018
Posted by
captruss on Feb 17, 2018 at 09:41:35 AM


New Post
Water Temperature is Everything
Posted by
captruss on Feb 09, 2018 at 06:39:09 AM


***FORUM RULES***

Member Login
Username

Password


Join For Free!!
Click here to Register!

Total Hits
We received
81457940
page views since June 2005

Sponsored Links

Social Networks

Southwest Florida Weather | Central Florida Weather | Florida Weather

Cape Coral | Fort Myers | Bonita Springs | Naples | Punta Gorda | Port Charlotte | Estero | Sanibel | Lehigh Acres | Captiva | Pine Island | Bokeelia | St. James City | Alva | Arcadia | Labelle | Clewiston | Venice

Lee County | Charlotte County | Collier County | Hendry County | Desoto County
Glades County | Monroe County | Sarasota County | Manatee County
Hillsborough County | Pinellas County | Pasco County

Recommend us




Copyright Capeweather.com 2005-2017

DO NOT make decisions that affect life or property based on this data!
PHP-Nuke Copyright © 2004 by Francisco Burzi. This is free software, and you may redistribute it under the GPL. PHP-Nuke comes with absolutely no warranty, for details, see the license.
Page Generation: 0.24 Seconds