Southwest Florida Weather History, Yearly, Monthly, Daily, Records
 Click here to register!Home | Advertise | Forum | Live Webcams | Contact Us | Tell a Friend | Your Account  

Lee County Forecast
Tonight

Tonight: Isolated showers and thunderstorms before 11pm.  Partly cloudy, with a low around 74. Northeast wind 6 to 9 mph.  Chance of precipitation is 20%.
Isolated
T-storms then
Partly Cloudy
Friday

Friday: Scattered showers and thunderstorms after 2pm.  Mostly sunny, with a high near 91. Heat index values as high as 97. Northeast wind 7 to 9 mph.  Chance of precipitation is 50%. New rainfall amounts of less than a tenth of an inch, except higher amounts possible in thunderstorms.
Mostly Sunny
then
Scattered
Showers
Lo 74 °FHi 91 °F
Extended Forecast
Florida Weather Forecast

Southwest Florida Webcams

Main Navigation
Weather
· Home
· Current Conditions
· Storm Warnings
· Station Graphs
· Storm Fronts
· Temperature Map
· Station History
· Drought Index
· Storm Reports
· Rainfall Estimates
· Fire Graphs

Doppler Radar
· Lee County
· Charlotte County
· Collier County
· Hendry County
· Desoto County
· Glades County
· Sarasota County
· Manatee County
· Hillsborough County
· Pinellas County
· Pasco County
· Southwest Florida
· Florida
· State Radars
· National

Satellite
· South Florida
· North Florida
· Regional
· National

Forecast
· Extended
· Marine
· Discussion
· Florida Forecast
· Hazardous Outlook
· Wave Heights
· Fire

Lightning
· Live
· Tracker
· Loop
· Network
· WASP
· WASP Loop
· 3 Hour Forecast

Tropical Weather
· Hurricane Tracker
· Tropical Satellite
· Sea Temperature
· Discussion
· Buoy Data
· Tracking Tools
· Monthly Summary

Moon and Tides
· Tides
· Moon Phase

Live Products

Fishing Reports

Local News

Other Info

  
 

Southwest Florida Monthly and Yearly Weather Reports

2017: Jan | Feb | Mar | Apr | May | Jun | Jul | Aug | Sep | Oct | Nov | Dec 
2016: Jan | Feb | Mar | Apr | May | Jun | Jul | Aug | Sep | Oct | Nov | Dec 
2015: Jan | Feb | Mar | Apr | May | Jun | Jul | Aug | Sep | Oct | Nov | Dec 
2014: Jan | Feb | Mar | Apr | May | Jun | Jul | Aug | Sep | Oct | Nov | Dec 
2013: Jan | Feb | Mar | Apr | May | Jun | Jul | Aug | Sep | Oct | Nov | Dec 
2012: Jan | Feb | Mar | Apr | May | Jun | Jul | Aug | Sep | Oct | Nov | Dec 
2011: Jan | Feb | Mar | Apr | May | Jun | Jul | Aug | Sep | Oct | Nov | Dec 
2010: Jan | Feb | Mar | Apr | May | Jun | Jul | Aug | Sep | Oct | Nov | Dec 
2009: Jan | Feb | Mar | Apr | May | Jun | Jul | Aug | Sep | Oct | Nov | Dec 
2008: Jan | Feb | Mar | Apr | May | Jun | Jul | Aug | Sep | Oct | Nov | Dec 
2007: Jan | Feb | Mar | Apr | May | Jun | Jul | Aug | Sep | Oct | Nov | Dec 
2006: Jan | Feb | Mar | Apr | May | Jun | Jul | Aug | Sep | Oct | Nov | Dec 
2005: Jan | Feb | Mar | Apr | May | Jun | Jul | Aug | Sep | Oct | Nov | Dec 

Report for 2015 09
MONTHLY CLIMATOLOGICAL SUMMARY FOR 9/2015 HEAT COOL MEAN DEG DEG WIND SPEED DOM MEAN MEAN DAY TEMP HIGH TIME LOW TIME DAYS DAYS RAIN AVG HI TIME DIR BAROM HUM --------------------------------------------------------------------------------------- 1 83.2 91.5 12:20pm 76.1 7:17am 0 16 0.01 2 13 2:27pm WSW 30.03 87 2 85.4 94.0 12:22pm 76.6 6:53am 0 17 0.00 2 12 3:58pm WNW 30.01 82 3 85.8 95.8 2:31pm 79.0 7:35am 0 21 0.00 3 16 3:15pm WNW 29.94 80 4 84.4 93.7 4:08pm 76.2 11:56pm 0 19 0.10 3 21 2:06pm NW 29.94 82 5 81.6 90.9 4:14pm 73.1 9:40pm 0 16 0.30 3 26 8:21pm W 29.95 84 6 81.1 92.9 12:37pm 73.6 12:00am 0 16 0.01 3 17 8:07pm ENE 29.93 86 7 78.4 88.8 3:29pm 73.2 9:59am 0 13 0.55 2 29 4:17pm E 29.92 91 8 83.7 91.8 3:35pm 75.9 6:00am 0 18 0.52 2 16 12:34am SSW 29.95 85 9 84.9 93.9 3:00pm 76.7 6:48am 0 20 0.00 1 11 12:53pm SSW 29.96 83 10 84.7 94.0 3:29pm 79.3 7:39am 0 20 0.00 1 9 2:35pm SE 29.95 83 11 85.4 93.3 3:52pm 78.7 7:33am 0 20 0.00 2 11 4:10pm SW 29.95 84 12 83.0 90.6 4:04pm 77.9 11:50pm 0 18 0.28 3 16 4:36pm S 29.90 87 13 83.1 89.6 2:57pm 77.7 12:30am 0 18 0.20 4 17 10:33am SE 29.91 84 14 82.6 95.8 4:31pm 74.2 9:24pm 0 17 0.14 4 26 7:21pm ENE 30.02 84 15 79.9 89.3 12:46pm 74.9 12:00am 0 15 0.10 4 24 12:51pm NE 30.06 91 16 78.5 89.2 2:10pm 74.0 4:27pm 0 14 1.42 4 24 2:28pm E 30.04 93 17 77.5 85.1 3:29pm 73.8 11:01pm 0 12 0.69 2 13 1:56am ENE 29.89 94 18 78.2 86.8 5:56pm 73.9 6:15am 0 13 0.04 1 9 5:58am E 29.76 93 19 81.3 88.2 2:37pm 74.8 6:34am 0 16 0.00 3 16 12:09pm WNW 29.80 87 20 83.1 91.5 2:01pm 75.4 7:35am 0 17 0.11 2 14 4:43pm WNW 29.87 85 21 83.4 94.4 5:49pm 75.7 6:48am 0 18 0.01 2 14 11:32pm E 29.88 81 22 79.5 94.0 11:26am 73.4 3:52pm 0 15 0.82 3 16 5:22pm E 29.89 88 23 80.4 91.0 5:03pm 73.3 5:55am 0 15 0.00 2 11 3:47pm ENE 29.89 84 24 78.7 88.6 4:27pm 72.3 5:27pm 0 14 1.78 2 22 5:05pm ENE 29.89 90 25 80.6 89.4 3:29pm 73.9 7:10am 0 16 0.00 2 15 3:35pm ESE 29.89 87 26 80.5 89.5 12:57pm 74.8 5:53am 0 15 0.00 2 11 2:45pm E 29.88 87 27 79.5 86.8 11:32am 76.7 6:09am 0 14 0.01 2 12 1:52pm ESE 29.89 91 28 78.6 86.3 12:37pm 73.3 9:00pm 0 14 0.99 2 27 8:14pm SSE 29.86 90 29 78.1 83.9 5:14pm 75.3 3:45am 0 13 1.33 2 18 5:47pm S 29.81 97 30 82.0 89.1 2:20pm 76.4 2:10am 0 17 0.01 4 17 4:45pm NW 29.76 87 --------------------------------------------------------------------------------------- TOT 81.5 95.8 9/3/15 72.3 9/24/15 0 487 9.42 3 29 9/7/15 E 29.91 87 HEAT BASE: 65.0 COOL BASE: 65.0
 
  
Hurricane Tracker

Hurricane Tracker
Hurricane Tracker
2017 Storm Tracker Forum


Atlantic Storms
Jose
Lee
Maria


Sponsored Links

Recent Forum Posts

New Post
Maria
Posted by
ccstorms on Sep 21, 2017 at 02:13:14 PM


New Post
Jose
Posted by
ccstorms on Sep 21, 2017 at 02:10:21 PM


New Post
Lee- Final Advisory
Posted by
ccstorms on Sep 19, 2017 at 08:10:26 AM


New Post
Irma
Posted by
ccstorms on Sep 13, 2017 at 08:51:17 PM


New Post
Katia
Posted by
ccstorms on Sep 07, 2017 at 10:38:16 AM


New Post
Possible Gulf Invest- Deactivated
Posted by
ccstorms on Aug 31, 2017 at 07:45:36 AM


***FORUM RULES***

Sponsored Links

Total Hits
We received
77350060
page views since June 2005

Social Networks

Southwest Florida Weather | Central Florida Weather | Florida Weather

Cape Coral | Fort Myers | Bonita Springs | Naples | Punta Gorda | Port Charlotte | Estero | Sanibel | Lehigh Acres | Captiva | Pine Island | Bokeelia | St. James City | Alva | Arcadia | Labelle | Clewiston | Venice

Lee County | Charlotte County | Collier County | Hendry County | Desoto County
Glades County | Monroe County | Sarasota County | Manatee County
Hillsborough County | Pinellas County | Pasco County

Recommend us




Copyright Capeweather.com 2005-2017

DO NOT make decisions that affect life or property based on this data!
PHP-Nuke Copyright © 2004 by Francisco Burzi. This is free software, and you may redistribute it under the GPL. PHP-Nuke comes with absolutely no warranty, for details, see the license.
Page Generation: 0.21 Seconds