Southwest Florida Weather History, Yearly, Monthly, Daily, Records
 Click here to register!Home | Advertise | Forum | Live Webcams | Contact Us | Tell a Friend | Your Account  

Lee County Forecast
Tonight

Tonight: Partly cloudy, with a low around 60. West northwest wind 5 to 7 mph becoming calm  after midnight.
Partly Cloudy

Tuesday

Tuesday: Mostly sunny, with a high near 83. Calm wind becoming west 5 to 8 mph in the afternoon.
Mostly Sunny

Lo 60 °FHi 83 °F
Extended Forecast
Florida Weather Forecast

Southwest Florida Webcams

Main Navigation
Weather
· Home
· Current Conditions
· Storm Warnings
· Station Graphs
· Storm Fronts
· Temperature Map
· Station History
· Drought Index
· Storm Reports
· Rainfall Estimates
· Fire Graphs

Doppler Radar
· Lee County
· Charlotte County
· Collier County
· Hendry County
· Desoto County
· Glades County
· Sarasota County
· Manatee County
· Hillsborough County
· Pinellas County
· Pasco County
· Southwest Florida
· Florida
· State Radars
· National

Satellite
· South Florida
· North Florida
· Regional
· National

Forecast
· Extended
· Marine
· Discussion
· Florida Forecast
· Hazardous Outlook
· Wave Heights
· Fire

Lightning
· Live
· Tracker
· Loop
· Network
· WASP
· WASP Loop
· 3 Hour Forecast

Tropical Weather
· Hurricane Tracker
· Tropical Satellite
· Sea Temperature
· Discussion
· Buoy Data
· Tracking Tools
· Jeff Masters Blog
· Monthly Summary

Moon and Tides
· Tides
· Moon Phase

Live Products
· Webcams
· NOAA Radio
· Police Scanner
· Marine VHF Radio

Fishing Reports
· Forum Reports
· Captain Joe

Local News
· Cape Coral
· Fort Myers
· Lehigh Acres
· Estero
· Bonita Springs

Other Info
· Advertising
· Donation Support
· Station Status
· Disclaimer
· Forum
· Facebook
· Contact Us
· CWOP
· Events Calendar

Matched Content

  
 

Southwest Florida Monthly and Yearly Weather Reports

2017: Jan | Feb | Mar | Apr | May | Jun | Jul | Aug | Sep | Oct | Nov | Dec 
2016: Jan | Feb | Mar | Apr | May | Jun | Jul | Aug | Sep | Oct | Nov | Dec 
2015: Jan | Feb | Mar | Apr | May | Jun | Jul | Aug | Sep | Oct | Nov | Dec 
2014: Jan | Feb | Mar | Apr | May | Jun | Jul | Aug | Sep | Oct | Nov | Dec 
2013: Jan | Feb | Mar | Apr | May | Jun | Jul | Aug | Sep | Oct | Nov | Dec 
2012: Jan | Feb | Mar | Apr | May | Jun | Jul | Aug | Sep | Oct | Nov | Dec 
2011: Jan | Feb | Mar | Apr | May | Jun | Jul | Aug | Sep | Oct | Nov | Dec 
2010: Jan | Feb | Mar | Apr | May | Jun | Jul | Aug | Sep | Oct | Nov | Dec 
2009: Jan | Feb | Mar | Apr | May | Jun | Jul | Aug | Sep | Oct | Nov | Dec 
2008: Jan | Feb | Mar | Apr | May | Jun | Jul | Aug | Sep | Oct | Nov | Dec 
2007: Jan | Feb | Mar | Apr | May | Jun | Jul | Aug | Sep | Oct | Nov | Dec 
2006: Jan | Feb | Mar | Apr | May | Jun | Jul | Aug | Sep | Oct | Nov | Dec 
2005: Jan | Feb | Mar | Apr | May | Jun | Jul | Aug | Sep | Oct | Nov | Dec 

Report for 2015 07
MONTHLY CLIMATOLOGICAL SUMMARY FOR 7/2015 HEAT COOL MEAN DEG DEG WIND SPEED DOM MEAN MEAN DAY TEMP HIGH TIME LOW TIME DAYS DAYS RAIN AVG HI TIME DIR BAROM HUM --------------------------------------------------------------------------------------- 1 84.1 93.7 2:15pm 75.6 7:01pm 0 18 0.00 3 27 6:07pm ESE 30.10 75 2 82.1 93.7 3:18pm 75.2 4:27am 0 17 0.02 3 17 6:18pm E 30.07 80 3 81.6 93.6 3:44pm 73.4 7:37pm 0 17 0.99 3 22 6:17pm E 30.05 82 4 81.6 94.0 4:21pm 72.4 2:16am 0 16 0.01 3 22 5:57pm NE 30.07 82 5 83.0 93.6 1:06pm 72.1 11:19pm 0 18 1.84 4 22 11:44pm NNE 30.11 85 6 80.9 92.8 3:42pm 71.5 7:00am 0 16 0.04 3 18 7:13pm E 30.12 83 7 81.1 94.0 2:05pm 76.1 6:48am 0 16 0.24 2 23 3:10pm E 30.11 85 8 80.3 94.6 2:27pm 74.6 5:27pm 0 15 0.94 3 22 3:44pm ENE 30.11 87 9 82.4 96.3 3:53pm 74.9 3:36am 0 17 0.14 2 17 4:22pm E 30.09 83 10 84.3 98.4 4:21pm 75.0 6:29am 0 18 0.00 2 14 12:32pm E 30.09 80 11 84.8 97.7 4:30pm 74.3 6:17am 0 20 0.00 3 15 2:33pm S 30.08 74 12 83.5 92.2 1:56pm 77.9 6:30am 0 19 0.00 3 16 10:46am NW 30.01 82 13 84.0 90.5 4:19pm 76.7 6:34am 0 18 0.00 3 15 3:20pm W 29.94 81 14 85.4 90.5 2:52pm 80.9 2:11am 0 20 0.00 4 15 11:43am WSW 29.95 76 15 80.8 88.7 3:25pm 74.4 8:44pm 0 16 0.66 3 30 9:08am WSW 29.98 87 16 81.3 88.0 3:57pm 75.3 5:53am 0 16 0.05 3 27 4:45pm W 30.01 87 17 80.9 89.5 12:55pm 75.8 2:55pm 0 16 0.49 2 22 1:54pm SW 30.01 88 18 82.4 91.4 3:10pm 75.8 6:41am 0 17 0.10 2 14 5:29pm SW 30.02 86 19 83.5 90.4 3:42pm 76.4 2:22am 0 18 0.00 3 18 12:09pm W 30.02 82 20 83.7 90.9 2:51pm 77.2 6:20am 0 19 0.05 3 15 5:52pm SW 29.98 82 21 84.2 90.6 2:59pm 77.9 6:59am 0 19 0.00 3 14 3:37pm W 29.96 80 22 85.0 91.0 3:46pm 79.1 4:09am 0 19 0.00 4 16 12:47pm WNW 29.97 81 23 85.1 90.7 2:13pm 79.2 7:24am 0 20 0.00 4 17 4:15pm WNW 30.01 81 24 81.9 89.1 12:28pm 76.4 6:28pm 0 17 0.39 4 23 2:28pm WNW 30.00 88 25 78.8 84.3 11:50am 74.5 1:22am 0 13 0.91 5 23 12:01am W 29.92 92 26 77.4 80.5 10:27am 74.9 3:23pm 0 12 2.40 4 22 6:19pm SW 29.88 95 27 80.8 84.4 5:06pm 76.0 6:40am 0 16 0.13 5 32 5:49am SW 29.94 88 28 84.2 89.0 1:15pm 80.3 12:44am 0 19 0.00 6 20 10:35am SW 29.97 82 29 80.5 82.8 4:59pm 77.1 1:35pm 0 16 0.18 3 15 5:15am WSW 29.97 91 30 82.7 88.5 2:03pm 77.6 4:58am 0 18 0.00 4 16 2:59pm WSW 29.98 87 31 84.6 91.0 2:15pm 79.5 7:22am 0 19 0.00 3 16 2:51pm SSW 29.98 82 --------------------------------------------------------------------------------------- TOT 82.5 98.4 7/10/15 71.5 7/6/15 0 534 9.58 3 32 7/27/15 W 30.02 84 HEAT BASE: 65.0 COOL BASE: 65.0
 
  
Hurricane Tracker

Hurricane Tracker
Hurricane Tracker
Storm Tracker Forum


Atlantic Storms
14L
90L


Sponsored Links

Recent Forum Posts

New Post
SW FL-Bonita Beach: Offshore or Inshore--Great Fishing!
Posted by
fishbuster on Mar 25, 2017 at 11:22:51 AM


New Post
SWFL-Bonita Beach:Redfish&Drum Inshore;Grouper & Sna
Posted by
fishbuster on Mar 05, 2017 at 03:02:40 PM


New Post
Florida Stormy Clouds
Posted by
emeryhayward98 on Mar 03, 2017 at 12:08:57 PM


New Post
SW FL-Bonita Beach: Two weeks of excellent fishing offshore
Posted by
fishbuster on Feb 16, 2017 at 02:43:04 PM


New Post
SW FL-Bonita Beach: All kinds of bottom fish offshore; Drum
Posted by
chris on Jan 27, 2017 at 09:03:43 PM


New Post
Big Time In the Sound
Posted by
chris on Jan 26, 2017 at 01:25:22 PM


***FORUM RULES***

Member Login
Username

Password


Join For Free!!
Click here to Register!

Sponsors

Social Networks

Total Hits
We received
71028489
page views since June 2005

Free Weather Graphics

Free weather stickers

Add a weather graphic to your website with the latest conditions!
Click for Details

Sponsored Links

Southwest Florida Weather | Central Florida Weather | Florida Weather

Cape Coral | Fort Myers | Bonita Springs | Naples | Punta Gorda | Port Charlotte | Estero | Sanibel | Lehigh Acres | Captiva | Pine Island | Bokeelia | St. James City | Alva | Arcadia | Labelle | Clewiston | Venice

Lee County | Charlotte County | Collier County | Hendry County | Desoto County
Glades County | Monroe County | Sarasota County | Manatee County
Hillsborough County | Pinellas County | Pasco County

Recommend us




Copyright Capeweather.com 2005-2017

DO NOT make decisions that affect life or property based on this data!
PHP-Nuke Copyright © 2004 by Francisco Burzi. This is free software, and you may redistribute it under the GPL. PHP-Nuke comes with absolutely no warranty, for details, see the license.
Page Generation: 0.26 Seconds