Southwest Florida Weather History, Yearly, Monthly, Daily, Records
 Click here to register!Home | Advertise | Forum | Live Webcams | Contact Us | Tell a Friend | Your Account  

Lee County Forecast
Tonight

Tonight: Mostly clear, with a low around 49. Light and variable wind.
Mostly Clear
Thursday

Thursday: Mostly sunny, with a high near 71. Calm wind becoming southwest 5 to 8 mph in the morning.
Mostly Sunny
Lo 49 °FHi 71 °F
Extended Forecast
Florida Weather Forecast

Southwest Florida Webcams

Main Navigation
Weather
· Home
· Current Conditions
· Storm Warnings
· Station Graphs
· Storm Fronts
· Station History
· Drought Index
· Storm Reports
· Rainfall Estimates
· Fire Graphs

Doppler Radar
· Lee County
· Charlotte County
· Collier County
· Hendry County
· Desoto County
· Glades County
· Sarasota County
· Manatee County
· Hillsborough County
· Pinellas County
· Pasco County
· Southwest Florida
· Florida
· State Radars
· National

Satellite
· South Florida
· North Florida
· Regional
· National

Forecast
· Extended
· Marine
· Discussion
· Florida Forecast
· Hazardous Outlook
· Wave Heights
· Fire

Lightning
· Live
· Tracker
· Loop
· Network
· WASP
· WASP Loop

Tropical Weather
· Hurricane Tracker
· Tropical Satellite
· Sea Temperature
· Discussion
· Buoy Data
· Tracking Tools
· Monthly Summary

Moon and Tides
· Tides
· Moon Phase

Live Products

Fishing Reports

Local News

Other Info

Support Us

Support Capeweather.com
donations

If you find this website useful, consider making
a donation.

Click here to learn more


  
 

Southwest Florida Monthly and Yearly Weather Reports

2017: Jan | Feb | Mar | Apr | May | Jun | Jul | Aug | Sep | Oct | Nov | Dec 
2016: Jan | Feb | Mar | Apr | May | Jun | Jul | Aug | Sep | Oct | Nov | Dec 
2015: Jan | Feb | Mar | Apr | May | Jun | Jul | Aug | Sep | Oct | Nov | Dec 
2014: Jan | Feb | Mar | Apr | May | Jun | Jul | Aug | Sep | Oct | Nov | Dec 
2013: Jan | Feb | Mar | Apr | May | Jun | Jul | Aug | Sep | Oct | Nov | Dec 
2012: Jan | Feb | Mar | Apr | May | Jun | Jul | Aug | Sep | Oct | Nov | Dec 
2011: Jan | Feb | Mar | Apr | May | Jun | Jul | Aug | Sep | Oct | Nov | Dec 
2010: Jan | Feb | Mar | Apr | May | Jun | Jul | Aug | Sep | Oct | Nov | Dec 
2009: Jan | Feb | Mar | Apr | May | Jun | Jul | Aug | Sep | Oct | Nov | Dec 
2008: Jan | Feb | Mar | Apr | May | Jun | Jul | Aug | Sep | Oct | Nov | Dec 
2007: Jan | Feb | Mar | Apr | May | Jun | Jul | Aug | Sep | Oct | Nov | Dec 
2006: Jan | Feb | Mar | Apr | May | Jun | Jul | Aug | Sep | Oct | Nov | Dec 
2005: Jan | Feb | Mar | Apr | May | Jun | Jul | Aug | Sep | Oct | Nov | Dec 

Report for 2015 06
MONTHLY CLIMATOLOGICAL SUMMARY FOR 6/2015 HEAT COOL MEAN DEG DEG WIND SPEED DOM MEAN MEAN DAY TEMP HIGH TIME LOW TIME DAYS DAYS RAIN AVG HI TIME DIR BAROM HUM --------------------------------------------------------------------------------------- 1 80.6 89.8 2:30pm 73.7 12:00am 0 15 0.02 3 14 4:01pm SW 30.02 81 2 75.2 86.1 3:45pm 68.6 10:19pm 0 10 0.61 2 15 6:23pm SE 29.97 90 3 78.4 88.4 12:41pm 68.9 12:00am 0 13 0.00 3 14 9:13pm ENE 29.90 81 4 82.8 91.7 6:04pm 72.9 6:48am 0 17 0.00 3 15 9:50pm ESE 29.92 78 5 82.3 91.6 12:46pm 75.1 6:49am 0 17 0.00 3 13 5:43pm ESE 29.93 81 6 78.5 86.8 1:26pm 74.0 6:22am 0 14 0.06 1 22 2:06pm SE 29.90 87 7 79.1 94.1 2:05pm 71.5 6:24am 0 14 0.21 3 20 4:56pm E 29.96 85 8 79.7 90.7 12:06pm 72.4 6:54am 0 15 0.14 3 22 7:25pm ESE 30.00 85 9 80.4 88.9 3:39pm 73.9 6:52am 0 15 0.01 3 22 7:07pm SW 29.96 90 10 81.5 89.3 3:03pm 72.7 11:23pm 0 16 0.33 4 22 9:11pm SW 29.95 86 11 78.7 91.6 3:59pm 69.7 6:08am 0 14 0.67 3 26 1:27am ESE 30.02 84 12 80.3 93.5 3:52pm 74.2 5:28pm 0 15 0.13 4 24 4:06pm ESE 30.06 87 13 81.5 92.6 3:34pm 76.4 6:50am 0 16 0.10 4 28 5:20pm ESE 30.06 87 14 82.5 91.5 1:55pm 76.5 5:56am 0 18 0.00 4 24 3:11pm ESE 30.03 83 15 80.0 92.0 12:04pm 76.2 3:08pm 0 15 0.08 3 29 2:21pm ESE 30.05 90 16 82.7 94.4 4:26pm 73.9 7:10am 0 17 0.41 2 17 6:43pm E 30.07 84 17 84.0 96.2 4:15pm 75.7 6:45am 0 19 0.11 2 15 5:38pm WNW 30.05 82 18 84.5 93.6 1:59pm 76.5 7:04am 0 20 0.00 2 14 4:58pm W 30.06 83 19 83.9 91.1 10:30am 78.9 7:00am 0 18 0.00 2 14 3:45pm NNE 30.06 81 20 83.3 94.2 3:03pm 75.9 5:59pm 0 18 0.17 2 20 5:11pm NNE 30.07 85 21 83.6 92.5 4:19pm 74.8 6:27am 0 19 0.00 2 16 6:41pm ESE 30.07 82 22 84.0 96.5 3:40pm 73.2 7:47pm 0 18 0.78 3 22 6:42pm SE 30.07 81 23 82.1 92.4 12:19pm 75.6 12:00am 0 17 0.00 2 18 5:07pm SSE 30.10 86 24 82.4 93.2 12:20pm 74.5 10:04pm 0 17 0.32 3 16 5:07pm NE 30.10 84 25 82.2 93.0 2:55pm 74.6 11:52pm 0 17 0.29 3 22 7:48pm SE 30.08 83 26 81.6 90.9 12:04pm 73.7 6:15am 0 17 0.06 2 15 12:08pm E 30.05 87 27 83.9 90.0 3:06pm 77.6 6:35am 0 19 0.00 3 16 4:18pm W 30.03 82 28 84.2 91.0 12:47pm 76.4 6:56am 0 18 0.00 4 18 3:35pm W 30.03 78 29 83.2 89.4 5:38pm 77.5 6:59am 0 18 0.02 3 26 3:14pm WNW 30.05 80 30 84.2 94.0 3:34pm 75.9 4:53am 0 19 0.00 2 13 7:16pm NW 30.08 79 --------------------------------------------------------------------------------------- TOT 81.7 96.5 6/22/15 68.6 6/2/15 0 495 4.52 3 29 6/15/15 ESE 30.02 84 HEAT BASE: 65.0 COOL BASE: 65.0
 
  
Hurricane Tracker

Hurricane Tracker
Hurricane Tracker
2017 Storm Tracker Forum


Atlantic Storms
No Storms


Sponsored Links

Recent Forum Posts

New Post
SW FL-Bonita Beach: Sharks, Grouper, Snapper; Sheeps, Drum
Posted by
fishbuster on Nov 30, 2017 at 02:32:09 PM


New Post
SW FL-Bonita Beach:Nice trout Inshore;Keeper Mutton Offshore
Posted by
fishbuster on Nov 09, 2017 at 02:17:33 PM


New Post
Philippe- Final Advisory
Posted by
ccstorms on Oct 29, 2017 at 05:36:13 PM


New Post
Invest 92L- Deactivated
Posted by
ccstorms on Oct 17, 2017 at 06:12:31 AM


New Post
Ophelia- Final Advisory
Posted by
ccstorms on Oct 16, 2017 at 06:32:58 AM


New Post
Nate- Final Advisory
Posted by
ccstorms on Oct 08, 2017 at 02:04:43 PM


***FORUM RULES***

Member Login
Username

Password


Join For Free!!
Click here to Register!

Total Hits
We received
79804530
page views since June 2005

Sponsored Links

Social Networks

Southwest Florida Weather | Central Florida Weather | Florida Weather

Cape Coral | Fort Myers | Bonita Springs | Naples | Punta Gorda | Port Charlotte | Estero | Sanibel | Lehigh Acres | Captiva | Pine Island | Bokeelia | St. James City | Alva | Arcadia | Labelle | Clewiston | Venice

Lee County | Charlotte County | Collier County | Hendry County | Desoto County
Glades County | Monroe County | Sarasota County | Manatee County
Hillsborough County | Pinellas County | Pasco County

Recommend us




Copyright Capeweather.com 2005-2017

DO NOT make decisions that affect life or property based on this data!
PHP-Nuke Copyright © 2004 by Francisco Burzi. This is free software, and you may redistribute it under the GPL. PHP-Nuke comes with absolutely no warranty, for details, see the license.
Page Generation: 0.44 Seconds