Southwest Florida Weather History, Yearly, Monthly, Daily, Records
 Click here to register!Home | Advertise | Forum | Live Webcams | Contact Us | Tell a Friend | Your Account  

Lee County Forecast
Tonight

Tonight: Partly cloudy, with a low around 77. East southeast wind around 5 mph becoming calm  after midnight.
Partly Cloudy
Monday

Monday: Isolated showers and thunderstorms before 5pm.  Mostly sunny, with a high near 92. Heat index values as high as 102. Light and variable wind becoming southwest 5 to 9 mph in the morning.  Chance of precipitation is 20%.
Isolated
T-storms
Lo 77 °FHi 92 °F
Extended Forecast
Florida Weather Forecast

Southwest Florida Webcams

Main Navigation
Weather
· Home
· Current Conditions
· Storm Warnings
· Station Graphs
· Storm Fronts
· Temperature Map
· Station History
· Drought Index
· Storm Reports
· Rainfall Estimates
· Fire Graphs

Doppler Radar
· Lee County
· Charlotte County
· Collier County
· Hendry County
· Desoto County
· Glades County
· Sarasota County
· Manatee County
· Hillsborough County
· Pinellas County
· Pasco County
· Southwest Florida
· Florida
· State Radars
· National

Satellite
· South Florida
· North Florida
· Regional
· National

Forecast
· Extended
· Marine
· Discussion
· Florida Forecast
· Hazardous Outlook
· Wave Heights
· Fire

Lightning
· Live
· Tracker
· Loop
· Network
· WASP
· WASP Loop
· 3 Hour Forecast

Tropical Weather
· Hurricane Tracker
· Tropical Satellite
· Sea Temperature
· Discussion
· Buoy Data
· Tracking Tools
· Jeff Masters Blog
· Monthly Summary

Moon and Tides
· Tides
· Moon Phase

Live Products

Fishing Reports

Local News

Other Info

  
 

Southwest Florida Monthly and Yearly Weather Reports

2017: Jan | Feb | Mar | Apr | May | Jun | Jul | Aug | Sep | Oct | Nov | Dec 
2016: Jan | Feb | Mar | Apr | May | Jun | Jul | Aug | Sep | Oct | Nov | Dec 
2015: Jan | Feb | Mar | Apr | May | Jun | Jul | Aug | Sep | Oct | Nov | Dec 
2014: Jan | Feb | Mar | Apr | May | Jun | Jul | Aug | Sep | Oct | Nov | Dec 
2013: Jan | Feb | Mar | Apr | May | Jun | Jul | Aug | Sep | Oct | Nov | Dec 
2012: Jan | Feb | Mar | Apr | May | Jun | Jul | Aug | Sep | Oct | Nov | Dec 
2011: Jan | Feb | Mar | Apr | May | Jun | Jul | Aug | Sep | Oct | Nov | Dec 
2010: Jan | Feb | Mar | Apr | May | Jun | Jul | Aug | Sep | Oct | Nov | Dec 
2009: Jan | Feb | Mar | Apr | May | Jun | Jul | Aug | Sep | Oct | Nov | Dec 
2008: Jan | Feb | Mar | Apr | May | Jun | Jul | Aug | Sep | Oct | Nov | Dec 
2007: Jan | Feb | Mar | Apr | May | Jun | Jul | Aug | Sep | Oct | Nov | Dec 
2006: Jan | Feb | Mar | Apr | May | Jun | Jul | Aug | Sep | Oct | Nov | Dec 
2005: Jan | Feb | Mar | Apr | May | Jun | Jul | Aug | Sep | Oct | Nov | Dec 

Report for 2015 05
MONTHLY CLIMATOLOGICAL SUMMARY FOR 5/2015 HEAT COOL MEAN DEG DEG WIND SPEED DOM MEAN MEAN DAY TEMP HIGH TIME LOW TIME DAYS DAYS RAIN AVG HI TIME DIR BAROM HUM --------------------------------------------------------------------------------------- 1 72.8 80.3 10:57am 62.2 7:15am 0 8 0.00 5 21 6:39pm N 29.90 69 2 74.5 85.6 2:55pm 63.5 7:20am 0 9 0.00 4 18 9:25am N 29.98 64 3 75.6 86.3 4:50pm 64.9 7:25am 0 11 0.00 7 21 9:55am E 30.06 64 4 75.0 84.4 3:37pm 64.3 7:08am 0 10 0.00 7 26 1:00pm ENE 30.11 65 5 75.0 86.0 6:10pm 66.5 6:35am 0 10 0.03 6 23 11:15am NE 30.07 80 6 77.1 87.9 1:39pm 68.4 7:15am 0 12 0.00 4 17 3:38pm WNW 30.01 79 7 78.1 86.9 1:17pm 69.1 7:03am 0 13 0.00 3 15 2:52pm NW 30.00 78 8 77.5 88.6 2:15pm 65.9 7:07am 0 12 0.00 4 18 3:36pm NW 30.01 71 9 78.0 89.7 12:11pm 67.0 6:51am 0 13 0.00 3 15 4:13pm W 30.03 73 10 79.7 90.3 3:14pm 68.8 6:51am 0 15 0.00 2 13 3:38pm W 30.06 75 11 81.4 94.8 2:22pm 70.9 6:50am 0 16 0.00 3 23 5:15pm ESE 30.08 73 12 77.8 91.9 2:37pm 70.2 4:43pm 0 13 1.31 3 34 3:47pm ESE 30.10 86 13 79.6 93.2 2:23pm 71.0 12:58am 0 15 0.00 2 17 4:33pm ENE 30.08 79 14 83.1 96.2 4:27pm 73.6 6:22am 0 17 0.00 4 18 8:55pm E 30.09 75 15 82.3 94.7 4:50pm 72.4 6:50am 0 17 0.00 4 17 10:41pm E 30.09 73 16 80.5 91.7 1:37pm 73.5 6:42am 0 16 0.38 4 20 6:01pm E 30.10 81 17 79.4 91.3 12:50pm 73.3 6:25am 0 14 0.53 3 15 3:30pm SE 30.13 86 18 80.6 91.5 3:30pm 72.6 6:50am 0 16 0.01 4 17 5:20pm ESE 30.12 80 19 80.2 86.7 12:21pm 72.3 6:55am 0 15 0.00 3 16 4:20pm NW 30.03 81 20 81.9 89.9 11:09am 73.3 6:53am 0 16 0.00 4 20 4:16pm NNW 29.97 79 21 81.5 88.4 12:17pm 74.6 7:10am 0 16 0.00 5 18 3:11pm WNW 29.97 82 22 81.6 90.9 11:11am 75.2 11:57pm 0 17 0.00 3 22 6:23pm NW 30.05 81 23 79.6 92.8 1:57pm 72.9 3:16am 0 14 0.00 4 29 5:02pm E 30.14 83 24 82.5 95.5 3:46pm 74.7 7:02am 0 17 1.11 4 22 7:16pm E 30.12 79 25 80.5 95.9 3:03pm 74.8 12:00am 0 16 0.88 4 17 4:43pm E 30.11 86 26 82.4 93.1 2:45pm 74.8 11:59pm 0 17 0.58 4 16 3:19pm ESE 30.11 83 27 82.3 93.0 3:56pm 73.6 6:58am 0 17 0.00 5 19 9:03pm E 30.09 71 28 80.8 92.1 4:14pm 71.0 6:13am 0 16 0.00 6 22 12:10pm E 30.06 68 29 78.6 89.4 2:35pm 68.1 7:00am 0 13 0.02 4 15 3:45pm E 30.03 75 30 80.5 89.7 12:58pm 72.5 7:14am 0 15 0.01 4 15 6:46pm E 30.00 80 31 80.2 90.2 12:54pm 72.9 6:47am 0 15 0.01 3 27 7:24pm SE 30.00 80 --------------------------------------------------------------------------------------- TOT 79.4 96.2 5/14/15 62.2 5/1/15 0 440 4.87 4 34 5/12/15 E 30.05 77 HEAT BASE: 65.0 COOL BASE: 65.0
 
  
Hurricane Tracker

Hurricane Tracker
Hurricane Tracker
2017 Storm Tracker Forum


Atlantic Storms
No Storms


Sponsored Links

Recent Forum Posts

New Post
SW FL-Bonita Beach: Grouper, snapper, redfish, black drum
Posted by
fishbuster on Jul 20, 2017 at 11:36:41 AM


New Post
Some webcams are offline due to lightning
Posted by
chris on Jul 17, 2017 at 10:23:12 PM


New Post
Surely 50MPH sustained this afternoon
Posted by
chris on Jul 12, 2017 at 08:56:15 PM


New Post
Tropical Depression 4 now Remnant Low 7/7
Posted by
ccstorms on Jul 10, 2017 at 06:30:03 PM


New Post
SW FL-Bonita Beach: June wrap-up--Grouper, Snapper, Shark
Posted by
fishbuster on Jul 01, 2017 at 10:12:57 AM


New Post
Lightning strikes pregnant woman, discount store in FM
Posted by
chris on Jun 29, 2017 at 07:31:54 PM


***FORUM RULES***

Sponsored Links

Member Login
Username

Password


Join For Free!!
Click here to Register!

Total Hits
We received
74757467
page views since June 2005

Free Weather Graphics

Free weather stickers

Add a weather graphic to your website with the latest conditions!
Click for Details

Sponsored Links

Social Networks

Southwest Florida Weather | Central Florida Weather | Florida Weather

Cape Coral | Fort Myers | Bonita Springs | Naples | Punta Gorda | Port Charlotte | Estero | Sanibel | Lehigh Acres | Captiva | Pine Island | Bokeelia | St. James City | Alva | Arcadia | Labelle | Clewiston | Venice

Lee County | Charlotte County | Collier County | Hendry County | Desoto County
Glades County | Monroe County | Sarasota County | Manatee County
Hillsborough County | Pinellas County | Pasco County

Recommend us




Copyright Capeweather.com 2005-2017

DO NOT make decisions that affect life or property based on this data!
PHP-Nuke Copyright © 2004 by Francisco Burzi. This is free software, and you may redistribute it under the GPL. PHP-Nuke comes with absolutely no warranty, for details, see the license.
Page Generation: 0.23 Seconds