Southwest Florida Weather History, Yearly, Monthly, Daily, Records
 Click here to register!Home | Advertise | Forum | Live Webcams | Contact Us | Tell a Friend | Your Account  

Lee County Forecast
Today

Today: Scattered showers and thunderstorms after 3pm.  Mostly sunny, with a high near 91. Heat index values as high as 101. Calm wind becoming west northwest 5 to 7 mph in the afternoon.  Chance of precipitation is 30%.
Mostly Sunny
then
Scattered
T-storms
Tonight

Tonight: Scattered showers and thunderstorms before midnight.  Mostly cloudy, with a low around 75. East wind 3 to 6 mph.  Chance of precipitation is 30%.
Scattered
T-storms then
Mostly Cloudy
Hi 91 °FLo 75 °F
Extended Forecast
Florida Weather Forecast

Southwest Florida Webcams

Main Navigation
Weather
· Home
· Current Conditions
· Storm Warnings
· Station Graphs
· Storm Fronts
· Temperature Map
· Station History
· Drought Index
· Storm Reports
· Rainfall Estimates
· Fire Graphs

Doppler Radar
· Lee County
· Charlotte County
· Collier County
· Hendry County
· Desoto County
· Glades County
· Sarasota County
· Manatee County
· Hillsborough County
· Pinellas County
· Pasco County
· Southwest Florida
· Florida
· State Radars
· National

Satellite
· South Florida
· North Florida
· Regional
· National

Forecast
· Extended
· Marine
· Discussion
· Florida Forecast
· Hazardous Outlook
· Wave Heights
· Fire

Lightning
· Live
· Tracker
· Loop
· Network
· WASP
· WASP Loop
· 3 Hour Forecast

Tropical Weather
· Hurricane Tracker
· Tropical Satellite
· Sea Temperature
· Discussion
· Buoy Data
· Tracking Tools
· Jeff Masters Blog
· Monthly Summary

Moon and Tides
· Tides
· Moon Phase

Live Products

Fishing Reports

Local News

Other Info

  
 

Southwest Florida Monthly and Yearly Weather Reports

2017: Jan | Feb | Mar | Apr | May | Jun | Jul | Aug | Sep | Oct | Nov | Dec 
2016: Jan | Feb | Mar | Apr | May | Jun | Jul | Aug | Sep | Oct | Nov | Dec 
2015: Jan | Feb | Mar | Apr | May | Jun | Jul | Aug | Sep | Oct | Nov | Dec 
2014: Jan | Feb | Mar | Apr | May | Jun | Jul | Aug | Sep | Oct | Nov | Dec 
2013: Jan | Feb | Mar | Apr | May | Jun | Jul | Aug | Sep | Oct | Nov | Dec 
2012: Jan | Feb | Mar | Apr | May | Jun | Jul | Aug | Sep | Oct | Nov | Dec 
2011: Jan | Feb | Mar | Apr | May | Jun | Jul | Aug | Sep | Oct | Nov | Dec 
2010: Jan | Feb | Mar | Apr | May | Jun | Jul | Aug | Sep | Oct | Nov | Dec 
2009: Jan | Feb | Mar | Apr | May | Jun | Jul | Aug | Sep | Oct | Nov | Dec 
2008: Jan | Feb | Mar | Apr | May | Jun | Jul | Aug | Sep | Oct | Nov | Dec 
2007: Jan | Feb | Mar | Apr | May | Jun | Jul | Aug | Sep | Oct | Nov | Dec 
2006: Jan | Feb | Mar | Apr | May | Jun | Jul | Aug | Sep | Oct | Nov | Dec 
2005: Jan | Feb | Mar | Apr | May | Jun | Jul | Aug | Sep | Oct | Nov | Dec 

Report for 2015 04
MONTHLY CLIMATOLOGICAL SUMMARY FOR 4/2015 HEAT COOL MEAN DEG DEG WIND SPEED DOM MEAN MEAN DAY TEMP HIGH TIME LOW TIME DAYS DAYS RAIN AVG HI TIME DIR BAROM HUM --------------------------------------------------------------------------------------- 1 71.2 80.5 3:18pm 62.8 7:31am 0 6 0.00 3 17 2:32pm WNW 30.10 78 2 73.3 85.2 1:33pm 64.2 7:39am 0 8 0.00 3 13 9:26am WNW 30.14 80 3 74.4 84.7 4:11pm 64.9 7:38am 0 9 0.00 3 15 1:56pm WNW 30.11 78 4 74.3 85.8 12:49pm 64.7 7:30am 0 9 0.00 3 15 5:23pm NNW 30.08 75 5 75.9 88.7 3:25pm 65.3 7:21am 0 10 0.00 4 13 9:17am W 30.05 75 6 76.8 88.8 3:55pm 67.7 7:16am 0 12 0.00 3 15 4:35pm W 30.09 77 7 76.1 87.0 12:24pm 69.1 5:56am 0 11 0.20 2 14 4:31pm NW 30.11 84 8 78.3 89.6 2:32pm 69.7 7:22am 0 13 0.00 3 15 12:11pm W 30.08 79 9 78.4 89.1 3:55pm 69.1 7:30am 0 13 0.00 3 16 5:39pm SSE 30.08 79 10 79.1 87.9 3:53pm 71.1 7:11am 0 14 0.00 3 16 4:57pm ESE 30.07 79 11 78.8 87.8 3:48pm 71.3 7:32am 0 13 0.02 3 16 5:29pm SSE 30.05 82 12 78.8 89.0 12:30pm 71.0 5:38am 0 14 0.00 3 14 5:09pm E 30.05 81 13 79.0 86.7 2:50pm 72.4 6:23am 0 14 0.00 4 18 3:12pm ESE 30.09 87 14 79.8 88.3 12:11pm 71.5 7:21am 0 14 0.00 3 17 4:17pm ESE 30.08 80 15 79.6 87.3 3:42pm 71.8 6:07am 0 15 0.00 3 15 3:44pm SW 30.04 82 16 80.6 89.3 2:02pm 73.7 7:12am 0 15 0.00 2 13 3:19am SW 30.04 80 17 79.0 84.3 11:19am 72.5 6:05am 0 13 0.00 3 13 11:11am SW 30.00 88 18 80.0 86.8 12:22pm 73.9 6:18am 0 15 0.00 2 15 3:45pm SW 29.95 84 19 80.0 87.7 12:20pm 72.2 7:19am 0 15 0.00 4 21 1:06pm W 29.91 85 20 80.5 88.1 3:25pm 73.1 6:15am 0 15 0.00 4 21 4:30pm NNW 29.89 84 21 78.0 86.2 1:57pm 72.0 5:05am 0 13 0.53 2 16 4:40am W 29.94 87 22 77.9 85.2 1:38pm 72.8 7:25am 0 13 0.04 2 10 9:45am SSW 29.96 83 23 80.1 87.5 2:35pm 74.6 6:19am 0 15 0.10 3 19 1:46pm SSW 29.93 86 24 80.3 86.0 2:19pm 75.6 6:42am 0 15 0.04 4 19 2:07pm NW 29.93 86 25 80.6 87.0 5:01pm 73.4 6:22am 0 16 0.00 4 18 2:44pm ESE 29.89 84 26 82.5 87.4 12:15pm 78.3 3:33am 0 17 0.00 7 22 10:46am SW 29.80 85 27 83.1 90.9 3:52pm 77.9 6:18am 0 18 0.00 5 13 9:50am W 29.79 79 28 76.5 81.6 12:19pm 70.3 1:50pm 0 12 0.24 4 25 12:55pm ESE 29.76 87 29 77.5 83.8 4:07pm 70.0 5:11am 0 12 0.93 6 20 2:26pm W 29.69 87 30 75.1 78.7 1:20pm 69.6 11:51pm 0 10 0.00 8 23 8:38am WNW 29.79 75 --------------------------------------------------------------------------------------- TOT 78.2 90.9 4/27/15 62.8 4/1/15 0 390 2.10 3 25 4/28/15 W 29.98 82 HEAT BASE: 65.0 COOL BASE: 65.0
 
  
Hurricane Tracker

Hurricane Tracker
Hurricane Tracker
2017 Storm Tracker Forum


Atlantic Storms
No Storms


Sponsored Links

Recent Forum Posts

New Post
Cape Coral weather, Sun 6/25/17
Posted by
Weatherman911 on Jun 25, 2017 at 04:34:00 PM


New Post
Cindy- Final Advisory
Posted by
Weatherman911 on Jun 24, 2017 at 10:00:31 PM


New Post
Cape Coral weather, Sat 6/24/17
Posted by
Weatherman911 on Jun 24, 2017 at 05:28:02 PM


New Post
Bret- Final Advisory
Posted by
Weatherman911 on Jun 20, 2017 at 06:54:20 PM


New Post
TWO 8pm EDT 6/8/17
Posted by
chris on Jun 10, 2017 at 11:36:40 AM


New Post
TWO 8pm EDT 6/7/17
Posted by
Weatherman911 on Jun 07, 2017 at 08:17:40 PM


***FORUM RULES***

Sponsored Links

Member Login
Username

Password


Join For Free!!
Click here to Register!

Total Hits
We received
73816802
page views since June 2005

Free Weather Graphics

Free weather stickers

Add a weather graphic to your website with the latest conditions!
Click for Details

Sponsored Links

Social Networks

Southwest Florida Weather | Central Florida Weather | Florida Weather

Cape Coral | Fort Myers | Bonita Springs | Naples | Punta Gorda | Port Charlotte | Estero | Sanibel | Lehigh Acres | Captiva | Pine Island | Bokeelia | St. James City | Alva | Arcadia | Labelle | Clewiston | Venice

Lee County | Charlotte County | Collier County | Hendry County | Desoto County
Glades County | Monroe County | Sarasota County | Manatee County
Hillsborough County | Pinellas County | Pasco County

Recommend us




Copyright Capeweather.com 2005-2017

DO NOT make decisions that affect life or property based on this data!
PHP-Nuke Copyright © 2004 by Francisco Burzi. This is free software, and you may redistribute it under the GPL. PHP-Nuke comes with absolutely no warranty, for details, see the license.
Page Generation: 0.24 Seconds