Southwest Florida Weather History, Yearly, Monthly, Daily, Records
 Click here to register!Home | Advertise | Forum | Live Webcams | Contact Us | Tell a Friend | Your Account  

Lee County Forecast
Today

Today: Mostly sunny, with a high near 79. West wind 5 to 13 mph, with gusts as high as 18 mph.
Mostly Sunny

Tonight

Tonight: Partly cloudy, with a low around 58. Northwest wind 9 to 13 mph becoming north northeast after midnight. Winds could gust as high as 18 mph.
Partly Cloudy

Hi 79 °FLo 58 °F
Extended Forecast
Florida Weather Forecast

Southwest Florida Webcams

Main Navigation
Weather
· Home
· Current Conditions
· Storm Warnings
· Station Graphs
· Storm Fronts
· Temperature Map
· Station History
· Drought Index
· Storm Reports
· Rainfall Estimates
· Fire Graphs

Doppler Radar
· Lee County
· Charlotte County
· Collier County
· Hendry County
· Desoto County
· Glades County
· Sarasota County
· Manatee County
· Hillsborough County
· Pinellas County
· Pasco County
· Southwest Florida
· Florida
· State Radars
· National

Satellite
· South Florida
· North Florida
· Regional
· National

Forecast
· Extended
· Marine
· Discussion
· Florida Forecast
· Hazardous Outlook
· Wave Heights
· Fire

Lightning
· Live
· Tracker
· Loop
· Network
· WASP
· WASP Loop
· 3 Hour Forecast

Tropical Weather
· Hurricane Tracker
· Tropical Satellite
· Sea Temperature
· Discussion
· Buoy Data
· Tracking Tools
· Monthly Summary

Moon and Tides
· Tides
· Moon Phase

Live Products

Fishing Reports

Local News

Other Info

  
 

Southwest Florida Monthly and Yearly Weather Reports

2017: Jan | Feb | Mar | Apr | May | Jun | Jul | Aug | Sep | Oct | Nov | Dec 
2016: Jan | Feb | Mar | Apr | May | Jun | Jul | Aug | Sep | Oct | Nov | Dec 
2015: Jan | Feb | Mar | Apr | May | Jun | Jul | Aug | Sep | Oct | Nov | Dec 
2014: Jan | Feb | Mar | Apr | May | Jun | Jul | Aug | Sep | Oct | Nov | Dec 
2013: Jan | Feb | Mar | Apr | May | Jun | Jul | Aug | Sep | Oct | Nov | Dec 
2012: Jan | Feb | Mar | Apr | May | Jun | Jul | Aug | Sep | Oct | Nov | Dec 
2011: Jan | Feb | Mar | Apr | May | Jun | Jul | Aug | Sep | Oct | Nov | Dec 
2010: Jan | Feb | Mar | Apr | May | Jun | Jul | Aug | Sep | Oct | Nov | Dec 
2009: Jan | Feb | Mar | Apr | May | Jun | Jul | Aug | Sep | Oct | Nov | Dec 
2008: Jan | Feb | Mar | Apr | May | Jun | Jul | Aug | Sep | Oct | Nov | Dec 
2007: Jan | Feb | Mar | Apr | May | Jun | Jul | Aug | Sep | Oct | Nov | Dec 
2006: Jan | Feb | Mar | Apr | May | Jun | Jul | Aug | Sep | Oct | Nov | Dec 
2005: Jan | Feb | Mar | Apr | May | Jun | Jul | Aug | Sep | Oct | Nov | Dec 

Report for 2015 03
MONTHLY CLIMATOLOGICAL SUMMARY FOR 3/2015 HEAT COOL MEAN DEG DEG WIND SPEED DOM MEAN MEAN DAY TEMP HIGH TIME LOW TIME DAYS DAYS RAIN AVG HI TIME DIR BAROM HUM --------------------------------------------------------------------------------------- 1 75.6 87.6 3:56pm 68.8 6:50am 0 11 0.02 3 15 10:08am ENE 30.25 84 2 72.9 86.2 1:01pm 65.7 6:38am 0 8 0.01 2 14 5:15pm ENE 30.21 85 3 73.9 86.2 2:47pm 64.3 6:44am 0 9 0.00 2 17 12:17pm SSW 30.13 81 4 74.1 84.4 2:58pm 65.8 6:56am 0 9 0.00 3 16 2:02pm SSE 30.08 83 5 75.1 82.6 11:47am 68.6 5:55am 0 10 0.00 3 18 12:52pm SSW 30.08 88 6 73.6 82.6 1:40pm 66.9 11:58pm 0 8 0.00 3 17 9:55pm W 30.15 87 7 69.1 81.2 4:19pm 60.1 6:57am 1 5 0.00 7 20 12:03pm NE 30.21 81 8 72.0 82.4 1:50pm 64.7 6:22am 0 7 0.00 6 23 10:02am E 30.17 78 9 75.2 88.6 3:56pm 65.5 7:35am 0 17 0.00 4 18 11:42am E 30.10 76 10 76.2 87.7 2:48pm 67.9 7:50am 0 28 0.00 4 15 3:09am E 30.09 81 11 77.2 87.0 1:16pm 71.2 7:52am 0 12 0.00 3 17 3:01pm E 30.11 85 12 78.2 90.6 4:31pm 71.2 7:28am 0 13 0.00 4 17 11:20am E 30.13 79 13 76.6 88.8 2:27pm 69.7 7:42am 0 11 0.10 4 19 10:27am ESE 30.10 79 14 76.1 84.4 4:01pm 68.8 7:39am 0 11 0.00 3 17 4:32pm E 30.09 82 15 76.3 86.6 1:03pm 68.8 7:44am 0 11 0.00 3 14 5:44pm WNW 30.12 83 16 75.4 89.5 2:06pm 65.4 7:59am 0 10 0.00 4 18 4:36pm NNW 30.10 78 17 73.4 83.9 12:26pm 66.0 7:20am 0 8 0.00 5 18 4:16pm NW 30.04 77 18 74.2 82.5 4:07pm 68.6 12:28am 0 9 0.00 5 15 12:09pm WNW 29.97 84 19 74.3 83.6 2:25pm 67.8 7:57am 0 9 0.00 3 16 3:33pm W 30.00 81 20 73.3 82.3 2:25pm 65.9 7:32am 0 8 0.00 3 15 5:31pm WNW 30.06 81 21 74.8 88.2 12:28pm 64.8 8:07am 0 9 0.00 4 15 5:44pm WNW 30.04 80 22 74.1 83.6 3:13pm 68.0 7:15am 0 9 0.00 3 12 4:16pm W 29.99 85 23 73.8 80.5 11:20am 68.9 2:47am 0 9 0.06 4 22 1:39pm W 29.93 89 24 73.6 83.7 3:10pm 68.0 7:44am 0 8 0.00 2 13 3:49pm WNW 30.00 84 25 73.5 85.9 4:02pm 64.1 7:03am 0 9 0.00 2 13 2:50pm WNW 30.06 79 26 76.1 85.5 1:49pm 67.1 6:34am 0 11 0.00 3 18 12:21pm S 29.97 86 27 73.1 80.3 11:59am 67.4 11:59pm 0 8 1.05 7 32 3:12pm SW 29.89 91 28 65.1 72.4 11:36am 58.9 11:43pm 2 2 0.01 6 21 4:12pm NW 30.11 63 29 65.8 80.2 3:20pm 52.3 7:33am 4 5 0.00 5 20 4:27pm NE 30.25 56 30 64.6 78.4 3:43pm 50.8 7:45am 4 3 0.00 4 18 3:51pm WNW 30.22 66 31 68.9 82.6 12:24pm 57.3 7:36am 2 6 0.00 3 17 3:59pm WNW 30.12 79 --------------------------------------------------------------------------------------- TOT 73.5 90.6 3/12/15 50.8 3/30/15 12 292 1.25 4 32 3/27/15 WNW 30.09 80 HEAT BASE: 65.0 COOL BASE: 65.0
 
  
Hurricane Tracker

Hurricane Tracker
Hurricane Tracker
2017 Storm Tracker Forum


Atlantic Storms
No Storms


Sponsored Links

Recent Forum Posts

New Post
SW FL-Bonita Beach:Nice trout Inshore;Keeper Mutton Offshore
Posted by
fishbuster on Nov 09, 2017 at 02:17:33 PM


New Post
Philippe- Final Advisory
Posted by
ccstorms on Oct 29, 2017 at 05:36:13 PM


New Post
Invest 92L- Deactivated
Posted by
ccstorms on Oct 17, 2017 at 06:12:31 AM


New Post
Ophelia- Final Advisory
Posted by
ccstorms on Oct 16, 2017 at 06:32:58 AM


New Post
Nate- Final Advisory
Posted by
ccstorms on Oct 08, 2017 at 02:04:43 PM


New Post
SW FL-Bonita Beach: Fishing pre and post Hurricane Irma
Posted by
fishbuster on Oct 07, 2017 at 12:55:48 PM


***FORUM RULES***

Sponsored Links

Member Login
Username

Password


Join For Free!!
Click here to Register!

Total Hits
We received
79107840
page views since June 2005

Social Networks

Southwest Florida Weather | Central Florida Weather | Florida Weather

Cape Coral | Fort Myers | Bonita Springs | Naples | Punta Gorda | Port Charlotte | Estero | Sanibel | Lehigh Acres | Captiva | Pine Island | Bokeelia | St. James City | Alva | Arcadia | Labelle | Clewiston | Venice

Lee County | Charlotte County | Collier County | Hendry County | Desoto County
Glades County | Monroe County | Sarasota County | Manatee County
Hillsborough County | Pinellas County | Pasco County

Recommend us




Copyright Capeweather.com 2005-2017

DO NOT make decisions that affect life or property based on this data!
PHP-Nuke Copyright © 2004 by Francisco Burzi. This is free software, and you may redistribute it under the GPL. PHP-Nuke comes with absolutely no warranty, for details, see the license.
Page Generation: 0.25 Seconds