Southwest Florida Weather History, Yearly, Monthly, Daily, Records
 Click here to register!Home | Advertise | Forum | Live Webcams | Contact Us | Tell a Friend | Your Account  

Lee County Forecast
Overnight

Overnight: Partly cloudy, with a low around 72. East southeast wind around 8 mph.
Partly Cloudy

Saturday

Saturday: Mostly sunny, with a high near 90. Breezy, with an east southeast wind 10 to 15 mph, with gusts as high as 21 mph.
Mostly Sunny
then Sunny
and Breezy
Lo 72 °FHi 90 °F
Extended Forecast
Florida Weather Forecast

Southwest Florida Webcams

Main Navigation
Weather
· Home
· Current Conditions
· Storm Warnings
· Station Graphs
· Storm Fronts
· Temperature Map
· Station History
· Drought Index
· Storm Reports
· Rainfall Estimates
· Fire Graphs

Doppler Radar
· Lee County
· Charlotte County
· Collier County
· Hendry County
· Desoto County
· Glades County
· Sarasota County
· Manatee County
· Hillsborough County
· Pinellas County
· Pasco County
· Southwest Florida
· Florida
· State Radars
· National

Satellite
· South Florida
· North Florida
· Regional
· National

Forecast
· Extended
· Marine
· Discussion
· Florida Forecast
· Hazardous Outlook
· Wave Heights
· Fire

Lightning
· Live
· Tracker
· Loop
· Network
· WASP
· WASP Loop
· 3 Hour Forecast

Tropical Weather
· Hurricane Tracker
· Tropical Satellite
· Sea Temperature
· Discussion
· Buoy Data
· Tracking Tools
· Jeff Masters Blog
· Monthly Summary

Moon and Tides
· Tides
· Moon Phase

Live Products
· Webcams
· NOAA Radio
· Police Scanner
· Marine VHF Radio

Fishing Reports
· Forum Reports
· Captain Joe

Local News
· Cape Coral
· Fort Myers
· Lehigh Acres
· Estero
· Bonita Springs

Other Info
· Advertising
· Donation Support
· Station Status
· Disclaimer
· Forum
· Facebook
· Contact Us
· CWOP
· Events Calendar

Matched Content

  
 

Southwest Florida Monthly and Yearly Weather Reports

2017: Jan | Feb | Mar | Apr | May | Jun | Jul | Aug | Sep | Oct | Nov | Dec 
2016: Jan | Feb | Mar | Apr | May | Jun | Jul | Aug | Sep | Oct | Nov | Dec 
2015: Jan | Feb | Mar | Apr | May | Jun | Jul | Aug | Sep | Oct | Nov | Dec 
2014: Jan | Feb | Mar | Apr | May | Jun | Jul | Aug | Sep | Oct | Nov | Dec 
2013: Jan | Feb | Mar | Apr | May | Jun | Jul | Aug | Sep | Oct | Nov | Dec 
2012: Jan | Feb | Mar | Apr | May | Jun | Jul | Aug | Sep | Oct | Nov | Dec 
2011: Jan | Feb | Mar | Apr | May | Jun | Jul | Aug | Sep | Oct | Nov | Dec 
2010: Jan | Feb | Mar | Apr | May | Jun | Jul | Aug | Sep | Oct | Nov | Dec 
2009: Jan | Feb | Mar | Apr | May | Jun | Jul | Aug | Sep | Oct | Nov | Dec 
2008: Jan | Feb | Mar | Apr | May | Jun | Jul | Aug | Sep | Oct | Nov | Dec 
2007: Jan | Feb | Mar | Apr | May | Jun | Jul | Aug | Sep | Oct | Nov | Dec 
2006: Jan | Feb | Mar | Apr | May | Jun | Jul | Aug | Sep | Oct | Nov | Dec 
2005: Jan | Feb | Mar | Apr | May | Jun | Jul | Aug | Sep | Oct | Nov | Dec 

Report for 2015 02
MONTHLY CLIMATOLOGICAL SUMMARY FOR 2/2015 HEAT COOL MEAN DEG DEG WIND SPEED DOM MEAN MEAN DAY TEMP HIGH TIME LOW TIME DAYS DAYS RAIN AVG HI TIME DIR BAROM HUM --------------------------------------------------------------------------------------- 1 66.3 78.2 3:10pm 55.4 4:06am 3 4 0.00 3 17 11:22am SSE 30.13 73 2 65.5 74.0 3:35pm 57.2 11:57pm 2 2 0.03 4 17 12:37pm SE 30.01 87 3 61.1 76.2 3:44pm 47.4 7:21am 6 2 0.00 6 15 10:31am NE 30.15 69 4 66.3 78.5 2:34pm 54.8 7:36am 3 5 0.00 3 16 12:09am ENE 30.07 79 5 65.7 70.5 1:31pm 57.5 11:57pm 1 2 0.86 6 28 4:28am SW 29.94 92 6 61.3 74.9 3:58pm 51.1 4:44am 6 2 0.00 7 22 11:25am NE 30.16 72 7 63.4 77.3 2:55pm 51.1 7:20am 5 3 0.00 5 17 11:37am ENE 30.18 68 8 64.5 78.1 12:01pm 52.7 6:04am 4 4 0.00 2 12 2:34pm ESE 30.08 75 9 65.5 74.7 3:14pm 60.4 6:27am 2 2 0.02 3 17 8:01pm SSE 29.85 89 10 61.6 67.2 11:26am 54.2 11:55pm 4 0 0.00 8 27 1:13pm NW 29.80 84 11 57.6 69.2 12:47pm 48.9 7:32am 8 0 0.00 5 16 2:33pm NNE 29.99 80 12 57.3 67.9 2:45pm 47.3 7:20am 8 0 0.00 3 18 2:41pm NNE 30.07 82 13 56.0 66.9 1:15pm 46.1 11:56pm 9 0 0.00 5 21 3:06pm NW 30.14 77 14 52.2 66.8 2:22pm 41.1 7:21am 13 0 0.00 4 17 1:36pm NNE 30.19 71 15 60.8 73.4 2:06pm 48.9 1:00am 6 2 0.00 3 16 9:43am NW 30.16 80 16 65.0 77.4 12:51pm 52.7 6:48am 3 3 0.00 4 18 11:57am ENE 30.08 76 17 68.8 76.6 1:53pm 63.2 11:14pm 0 4 0.00 5 21 5:19pm SSE 29.92 87 18 59.7 67.3 2:21pm 50.3 11:10pm 5 0 0.04 6 24 7:18am NNW 30.05 72 19 52.5 59.8 11:57am 41.8 11:58pm 12 0 0.00 8 30 3:22pm NNW 30.26 56 20 50.3 67.4 3:41pm 36.2 6:18am 15 0 0.00 6 17 7:58am ENE 30.32 48 21 61.4 78.5 2:38pm 44.6 6:53am 7 4 0.00 3 17 10:06am ENE 30.23 71 22 70.1 81.3 12:26pm 60.5 5:58am 1 6 0.00 2 15 12:00pm SSE 30.15 83 23 70.1 80.0 12:13pm 62.9 5:16am 0 6 0.00 3 14 1:47pm WNW 30.14 90 24 66.4 71.0 10:52am 64.4 10:33pm 0 1 0.00 3 13 1:56pm NNW 30.03 94 25 69.4 77.2 1:46pm 64.4 6:22am 0 4 0.00 3 17 5:09pm S 29.88 92 26 67.7 71.0 2:47pm 61.2 11:56pm 0 3 0.07 4 19 1:37am N 29.86 94 27 61.1 65.6 11:34am 58.4 7:02am 4 0 0.00 6 22 6:11pm NE 30.11 85 28 70.5 87.4 3:01pm 58.8 12:00am 1 7 0.22 5 17 11:19am ENE 30.21 89 --------------------------------------------------------------------------------------- TOT 62.8 87.4 2/28/15 36.2 2/20/15 129 67 1.24 4 30 2/19/15 NE 30.08 79 HEAT BASE: 65.0 COOL BASE: 65.0
 
  
Hurricane Tracker

Hurricane Tracker
Hurricane Tracker
Storm Tracker Forum


Atlantic Storms
No Storms


Sponsored Links

Recent Forum Posts

New Post
SWFL-Bonita Beach:Bull Red, Drum Bayside; Grouper Offshore
Posted by
fishbuster on Apr 09, 2017 at 02:30:08 PM


New Post
SW FL-Bonita Beach: Offshore or Inshore--Great Fishing!
Posted by
fishbuster on Mar 25, 2017 at 11:22:51 AM


New Post
SWFL-Bonita Beach:Redfish&Drum Inshore;Grouper & Sna
Posted by
fishbuster on Mar 05, 2017 at 03:02:40 PM


New Post
Florida Stormy Clouds
Posted by
emeryhayward98 on Mar 03, 2017 at 12:08:57 PM


New Post
SW FL-Bonita Beach: Two weeks of excellent fishing offshore
Posted by
fishbuster on Feb 16, 2017 at 02:43:04 PM


New Post
SW FL-Bonita Beach: All kinds of bottom fish offshore; Drum
Posted by
chris on Jan 27, 2017 at 09:03:43 PM


***FORUM RULES***

Member Login
Username

Password


Join For Free!!
Click here to Register!

Sponsors

Social Networks

Total Hits
We received
71761515
page views since June 2005

Free Weather Graphics

Free weather stickers

Add a weather graphic to your website with the latest conditions!
Click for Details

Sponsored Links

Southwest Florida Weather | Central Florida Weather | Florida Weather

Cape Coral | Fort Myers | Bonita Springs | Naples | Punta Gorda | Port Charlotte | Estero | Sanibel | Lehigh Acres | Captiva | Pine Island | Bokeelia | St. James City | Alva | Arcadia | Labelle | Clewiston | Venice

Lee County | Charlotte County | Collier County | Hendry County | Desoto County
Glades County | Monroe County | Sarasota County | Manatee County
Hillsborough County | Pinellas County | Pasco County

Recommend us




Copyright Capeweather.com 2005-2017

DO NOT make decisions that affect life or property based on this data!
PHP-Nuke Copyright © 2004 by Francisco Burzi. This is free software, and you may redistribute it under the GPL. PHP-Nuke comes with absolutely no warranty, for details, see the license.
Page Generation: 0.24 Seconds