Southwest Florida Weather History, Yearly, Monthly, Daily, Records
 Click here to register!Home | Advertise | Forum | Live Webcams | Contact Us | Tell a Friend | Your Account  

Lee County Forecast & Temp
Tonight

Tonight: Patchy fog after 4am.  Otherwise, partly cloudy, with a low around 62. Light and variable wind.
Patchy Fog

Sunday

Sunday: Patchy fog before 9am.  Otherwise, mostly sunny, with a high near 84. East northeast wind 5 to 7 mph.
Patchy Fog
then Sunny
Lo 62 °FHi 84 °F
Extended Forecast
Florida Weather Forecast

Southwest Florida Webcams

Main Navigation
Weather
· Home
· Current Conditions
· Storm Warnings
· Station Graphs
· Storm Fronts
· Station History
· Drought Index
· Storm Reports
· Rainfall Estimates
· Fire Graphs

Doppler Radar
· Lee County
· Charlotte County
· Collier County
· Hendry County
· Desoto County
· Glades County
· Sarasota County
· Manatee County
· Hillsborough County
· Pinellas County
· Pasco County
· Southwest Florida
· Florida
· State Radars
· National

Satellite
· South Florida
· North Florida
· Regional
· National

Forecast
· Extended
· Marine
· Discussion
· Florida Forecast
· Hazardous Outlook
· Wave Heights
· Fire

Lightning
· Live
· Tracker
· Loop
· Network
· WASP
· WASP Loop

Tropical Weather
· Hurricane Tracker
· Tropical Satellite
· Sea Temperature
· Discussion
· Buoy Data
· Tracking Tools
· Monthly Summary

Moon and Tides
· Tides
· Moon Phase

Live Products

Fishing Reports

Local News

Other Info

  
 

Southwest Florida Monthly and Yearly Weather Reports

2018: Jan | Feb | Mar | Apr | May | Jun | Jul | Aug | Sep | Oct | Nov | Dec 
2017: Jan | Feb | Mar | Apr | May | Jun | Jul | Aug | Sep | Oct | Nov | Dec 
2016: Jan | Feb | Mar | Apr | May | Jun | Jul | Aug | Sep | Oct | Nov | Dec 
2015: Jan | Feb | Mar | Apr | May | Jun | Jul | Aug | Sep | Oct | Nov | Dec 
2014: Jan | Feb | Mar | Apr | May | Jun | Jul | Aug | Sep | Oct | Nov | Dec 
2013: Jan | Feb | Mar | Apr | May | Jun | Jul | Aug | Sep | Oct | Nov | Dec 
2012: Jan | Feb | Mar | Apr | May | Jun | Jul | Aug | Sep | Oct | Nov | Dec 
2011: Jan | Feb | Mar | Apr | May | Jun | Jul | Aug | Sep | Oct | Nov | Dec 
2010: Jan | Feb | Mar | Apr | May | Jun | Jul | Aug | Sep | Oct | Nov | Dec 
2009: Jan | Feb | Mar | Apr | May | Jun | Jul | Aug | Sep | Oct | Nov | Dec 
2008: Jan | Feb | Mar | Apr | May | Jun | Jul | Aug | Sep | Oct | Nov | Dec 
2007: Jan | Feb | Mar | Apr | May | Jun | Jul | Aug | Sep | Oct | Nov | Dec 
2006: Jan | Feb | Mar | Apr | May | Jun | Jul | Aug | Sep | Oct | Nov | Dec 
2005: Jan | Feb | Mar | Apr | May | Jun | Jul | Aug | Sep | Oct | Nov | Dec 

Report for 2015 01
MONTHLY CLIMATOLOGICAL SUMMARY FOR 1/2015 HEAT COOL MEAN DEG DEG WIND SPEED DOM MEAN MEAN DAY TEMP HIGH TIME LOW TIME DAYS DAYS RAIN AVG HI TIME DIR BAROM HUM --------------------------------------------------------------------------------------- 1 69.7 78.7 2:39pm 64.4 8:00am 0 5 0.00 3 11 12:00am ENE 30.15 91 2 73.7 83.9 3:34pm 66.8 3:40am 0 8 0.00 2 11 10:40am SSE 30.16 88 3 75.0 83.5 1:12pm 70.0 4:33am 0 10 0.00 3 15 11:04am SSE 30.16 88 4 74.4 82.5 12:43pm 68.8 11:48pm 0 9 0.00 2 16 10:36am SE 30.20 88 5 72.0 80.4 3:11pm 66.1 7:23am 0 7 0.00 4 16 12:54pm NE 30.27 88 6 69.0 83.6 1:32pm 59.5 7:36am 1 5 0.00 4 16 12:52am ENE 30.24 85 7 63.1 72.4 2:19pm 55.4 7:53am 3 1 0.00 5 17 8:21pm NNW 30.17 74 8 57.0 67.3 4:24pm 46.1 8:15am 8 0 0.00 8 28 9:27am NE 30.26 67 9 59.1 68.3 3:44pm 52.7 3:42am 6 0 0.00 4 14 4:59pm NE 30.21 80 10 60.3 72.2 4:01pm 52.0 8:06am 6 1 0.00 6 18 9:08am NE 30.28 71 11 67.7 81.3 1:50pm 56.6 7:21am 3 5 0.00 5 19 3:04pm E 30.23 88 12 70.7 77.9 1:54pm 65.4 11:57pm 0 6 0.05 3 18 9:16pm ENE 30.12 94 13 0.0 69.1 12:00am 69.1 12:00am 0 0 0.00 0 9 12:00am --- 0.00 0 14 67.3 71.9 1:11pm 64.4 7:26am 0 2 0.00 4 14 6:10am NE 30.06 91 15 64.3 70.4 1:40pm 60.2 11:55pm 2 1 0.00 4 15 7:29pm NE 30.07 88 16 63.4 75.7 4:20pm 56.1 11:22pm 3 2 0.00 4 17 10:46am NE 30.07 80 17 62.3 76.9 3:05pm 48.6 7:11am 5 3 0.00 3 14 1:22pm NE 30.12 79 18 65.2 76.0 3:14pm 57.8 11:55pm 3 3 0.00 3 16 3:15pm NW 30.11 82 19 60.9 73.3 3:45pm 49.9 7:37am 6 2 0.00 3 16 11:17am ESE 30.12 71 20 65.4 73.6 1:47pm 57.7 12:42am 2 3 0.00 2 11 1:51pm ESE 30.02 82 21 69.1 80.3 2:05pm 60.9 8:02am 1 5 0.00 2 11 2:46pm S 30.02 84 22 72.4 84.9 4:27pm 63.5 7:11am 0 8 0.00 2 13 10:37am NE 30.10 80 23 72.4 78.4 1:29pm 66.8 4:25am 0 7 0.00 5 21 10:32am SSE 30.00 84 24 66.8 72.1 2:00am 56.7 11:57pm 1 3 0.10 9 28 11:05am NNW 29.94 82 25 58.0 69.0 1:28pm 48.6 6:45am 7 0 0.00 3 13 9:34am NNW 30.03 79 26 65.0 70.5 12:26pm 59.0 12:00am 1 1 0.04 10 32 1:44pm WNW 29.92 72 27 61.0 66.9 3:48pm 51.6 7:50am 4 0 0.00 5 19 4:47pm NNW 30.01 74 28 58.9 70.2 3:23pm 49.0 7:55am 7 1 0.00 4 16 12:50pm NE 30.14 63 29 59.8 76.3 2:52pm 46.9 4:38am 7 2 0.00 4 17 11:31am NE 30.22 70 30 61.0 74.3 11:41am 50.2 6:49am 6 2 0.00 3 18 12:52pm NW 30.17 81 31 62.6 76.9 3:48pm 49.5 7:29am 5 3 0.00 6 18 6:15pm NE 30.19 71 --------------------------------------------------------------------------------------- TOT 65.7 84.9 1/22/15 46.1 1/8/15 88 104 0.21 4 32 1/26/15 NE 30.12 81 HEAT BASE: 65.0 COOL BASE: 65.0
 
  
Hurricane Tracker

Hurricane Tracker
Hurricane Tracker
2017 Storm Tracker Forum


Atlantic Storms
No Storms


Sponsored Links

Recent Forum Posts

New Post
Fishing Report Feb 17 2018
Posted by
captruss on Feb 17, 2018 at 09:41:35 AM


New Post
Water Temperature is Everything
Posted by
captruss on Feb 09, 2018 at 06:39:09 AM


***FORUM RULES***

Member Login
Username

Password


Join For Free!!
Click here to Register!

Total Hits
We received
81458011
page views since June 2005

Sponsored Links

Social Networks

Southwest Florida Weather | Central Florida Weather | Florida Weather

Cape Coral | Fort Myers | Bonita Springs | Naples | Punta Gorda | Port Charlotte | Estero | Sanibel | Lehigh Acres | Captiva | Pine Island | Bokeelia | St. James City | Alva | Arcadia | Labelle | Clewiston | Venice

Lee County | Charlotte County | Collier County | Hendry County | Desoto County
Glades County | Monroe County | Sarasota County | Manatee County
Hillsborough County | Pinellas County | Pasco County

Recommend us




Copyright Capeweather.com 2005-2017

DO NOT make decisions that affect life or property based on this data!
PHP-Nuke Copyright © 2004 by Francisco Burzi. This is free software, and you may redistribute it under the GPL. PHP-Nuke comes with absolutely no warranty, for details, see the license.
Page Generation: 0.23 Seconds