Southwest Florida Weather History, Yearly, Monthly, Daily, Records
 Click here to register!Home | Advertise | Forum | Live Webcams | Contact Us | Tell a Friend | Your Account  

Lee County Forecast
Tonight

Tonight: Mostly cloudy, with a low around 75. East wind 9 to 11 mph.
Mostly Cloudy

Sunday

Sunday: Partly sunny, with a high near 88. Southeast wind 8 to 13 mph.
Partly Sunny

Lo 75 °FHi 88 °F
Extended Forecast
Florida Weather Forecast

Southwest Florida Webcams

Main Navigation
Weather
· Home
· Current Conditions
· Storm Warnings
· Station Graphs
· Storm Fronts
· Temperature Map
· Station History
· Drought Index
· Storm Reports
· Rainfall Estimates
· Fire Graphs

Doppler Radar
· Lee County
· Charlotte County
· Collier County
· Hendry County
· Desoto County
· Glades County
· Sarasota County
· Manatee County
· Hillsborough County
· Pinellas County
· Pasco County
· Southwest Florida
· Florida
· State Radars
· National

Satellite
· South Florida
· North Florida
· Regional
· National

Forecast
· Extended
· Marine
· Discussion
· Florida Forecast
· Hazardous Outlook
· Wave Heights
· Fire

Lightning
· Live
· Tracker
· Loop
· Network
· WASP
· WASP Loop
· 3 Hour Forecast

Tropical Weather
· Hurricane Tracker
· Tropical Satellite
· Sea Temperature
· Discussion
· Buoy Data
· Tracking Tools
· Monthly Summary

Moon and Tides
· Tides
· Moon Phase

Live Products

Fishing Reports

Local News

Other Info

  
 

Southwest Florida Monthly and Yearly Weather Reports

2017: Jan | Feb | Mar | Apr | May | Jun | Jul | Aug | Sep | Oct | Nov | Dec 
2016: Jan | Feb | Mar | Apr | May | Jun | Jul | Aug | Sep | Oct | Nov | Dec 
2015: Jan | Feb | Mar | Apr | May | Jun | Jul | Aug | Sep | Oct | Nov | Dec 
2014: Jan | Feb | Mar | Apr | May | Jun | Jul | Aug | Sep | Oct | Nov | Dec 
2013: Jan | Feb | Mar | Apr | May | Jun | Jul | Aug | Sep | Oct | Nov | Dec 
2012: Jan | Feb | Mar | Apr | May | Jun | Jul | Aug | Sep | Oct | Nov | Dec 
2011: Jan | Feb | Mar | Apr | May | Jun | Jul | Aug | Sep | Oct | Nov | Dec 
2010: Jan | Feb | Mar | Apr | May | Jun | Jul | Aug | Sep | Oct | Nov | Dec 
2009: Jan | Feb | Mar | Apr | May | Jun | Jul | Aug | Sep | Oct | Nov | Dec 
2008: Jan | Feb | Mar | Apr | May | Jun | Jul | Aug | Sep | Oct | Nov | Dec 
2007: Jan | Feb | Mar | Apr | May | Jun | Jul | Aug | Sep | Oct | Nov | Dec 
2006: Jan | Feb | Mar | Apr | May | Jun | Jul | Aug | Sep | Oct | Nov | Dec 
2005: Jan | Feb | Mar | Apr | May | Jun | Jul | Aug | Sep | Oct | Nov | Dec 

Report for 2014 12
MONTHLY CLIMATOLOGICAL SUMMARY FOR 12/2014 HEAT COOL MEAN DEG DEG WIND SPEED DOM MEAN MEAN DAY TEMP HIGH TIME LOW TIME DAYS DAYS RAIN AVG HI TIME DIR BAROM HUM --------------------------------------------------------------------------------------- 1 70.8 81.6 2:29pm 61.7 4:32am 1 6 0.00 6 22 4:23pm ENE 30.20 78 2 70.9 80.7 2:03pm 62.7 7:08am 0 6 0.00 4 20 12:33pm ENE 30.12 85 3 72.1 82.9 3:11pm 63.4 7:20am 0 7 0.00 4 18 2:22pm ENE 30.10 80 4 72.0 83.2 3:51pm 63.3 6:38am 0 7 0.00 5 22 10:19am ENE 30.11 83 5 72.0 82.3 1:43pm 65.6 5:43am 0 7 0.01 3 13 11:53am ENE 30.15 88 6 73.4 83.8 2:17pm 67.6 3:51am 0 8 0.00 3 13 9:47am NW 30.13 85 7 69.1 78.2 12:08pm 64.6 11:57pm 0 4 0.00 3 13 1:06pm NW 30.06 88 8 64.3 73.7 2:59pm 58.5 4:47am 2 2 0.00 5 16 5:05pm NE 30.04 86 9 60.2 67.0 3:41pm 55.1 11:40pm 5 0 0.02 6 21 8:08pm N 30.04 85 10 57.0 67.9 11:42am 47.6 7:36am 8 0 0.00 3 20 11:45am NNE 30.10 73 11 57.1 67.7 11:48am 49.3 7:03am 8 0 0.00 2 12 2:44pm WNW 30.14 84 12 55.6 65.8 1:41pm 50.1 7:33am 9 0 0.00 3 14 2:31pm N 30.19 72 13 56.5 72.2 11:45am 45.3 6:58am 9 1 0.00 3 13 1:58pm NNE 30.12 69 14 57.2 72.0 1:43pm 45.0 7:33am 9 1 0.00 3 9 3:13pm NNW 30.07 67 15 58.2 73.1 2:18pm 46.3 7:08am 8 2 0.00 2 9 2:49pm WNW 30.08 72 16 60.0 74.1 1:47pm 49.7 7:26am 7 2 0.00 1 10 2:53pm W 30.16 80 17 63.8 75.3 1:40pm 54.6 3:59am 4 3 0.00 1 11 2:15pm W 30.14 85 18 62.1 74.3 3:45pm 52.1 7:13am 4 2 0.00 2 11 3:06pm NW 30.12 84 19 61.6 77.3 3:04pm 49.3 7:31am 6 3 0.00 1 8 1:26pm WNW 30.06 79 20 65.8 79.5 1:01pm 54.7 6:32am 4 4 0.00 1 13 1:55pm ENE 30.04 85 21 70.2 79.3 12:43pm 62.6 5:09am 0 5 0.02 2 15 3:59pm SSE 30.02 87 22 72.2 78.7 12:26pm 68.0 3:36am 0 7 0.01 3 18 10:06am SSE 29.96 90 23 74.4 81.2 1:13pm 69.8 12:34am 0 9 0.00 3 17 11:20am SE 29.90 89 24 74.4 80.0 11:10am 67.6 11:57pm 0 9 0.17 6 23 10:43am SSE 29.89 91 25 69.1 75.6 3:19pm 61.6 11:58pm 0 4 0.01 4 18 2:25pm NE 30.11 75 26 65.3 73.3 1:22pm 56.1 6:36am 3 3 0.00 5 13 10:16am NE 30.16 82 27 72.3 79.6 1:40pm 67.2 12:00am 0 7 0.00 1 10 12:25am ENE 30.16 89 28 71.5 80.7 12:16pm 64.1 7:28am 0 7 0.00 1 12 11:48am S 30.11 88 29 71.3 80.7 3:24pm 64.4 4:28am 0 6 0.00 1 12 11:23am SSW 30.08 92 30 72.6 81.9 2:24pm 66.2 5:04am 0 7 0.00 2 14 9:13pm SSW 30.13 89 31 70.5 77.8 3:10pm 66.4 5:22am 0 6 0.00 5 21 12:26am ENE 30.17 89 --------------------------------------------------------------------------------------- TOT 66.6 83.8 12/6/14 45.0 12/14/14 89 137 0.24 3 23 12/24/14 ENE 30.09 83 HEAT BASE: 65.0 COOL BASE: 65.0
 
  
Hurricane Tracker

Hurricane Tracker
Hurricane Tracker
2017 Storm Tracker Forum


Atlantic Storms
No Storms


Sponsored Links

Recent Forum Posts

New Post
Invest 92L- Deactivated
Posted by
ccstorms on Oct 17, 2017 at 06:12:31 AM


New Post
Ophelia- Final Advisory
Posted by
ccstorms on Oct 16, 2017 at 06:32:58 AM


New Post
Nate- Final Advisory
Posted by
ccstorms on Oct 08, 2017 at 02:04:43 PM


New Post
SW FL-Bonita Beach: Fishing pre and post Hurricane Irma
Posted by
fishbuster on Oct 07, 2017 at 12:55:48 PM


New Post
Invest 99L- Deactivated
Posted by
ccstorms on Oct 01, 2017 at 06:10:56 AM


New Post
Maria- Final Advisory
Posted by
ccstorms on Sep 30, 2017 at 05:15:26 PM


***FORUM RULES***

Sponsored Links

Member Login
Username

Password


Join For Free!!
Click here to Register!

Total Hits
We received
78351982
page views since June 2005

Social Networks

Southwest Florida Weather | Central Florida Weather | Florida Weather

Cape Coral | Fort Myers | Bonita Springs | Naples | Punta Gorda | Port Charlotte | Estero | Sanibel | Lehigh Acres | Captiva | Pine Island | Bokeelia | St. James City | Alva | Arcadia | Labelle | Clewiston | Venice

Lee County | Charlotte County | Collier County | Hendry County | Desoto County
Glades County | Monroe County | Sarasota County | Manatee County
Hillsborough County | Pinellas County | Pasco County

Recommend us




Copyright Capeweather.com 2005-2017

DO NOT make decisions that affect life or property based on this data!
PHP-Nuke Copyright © 2004 by Francisco Burzi. This is free software, and you may redistribute it under the GPL. PHP-Nuke comes with absolutely no warranty, for details, see the license.
Page Generation: 0.28 Seconds