Southwest Florida Weather History, Yearly, Monthly, Daily, Records
 Click here to register!Home | Advertise | Forum | Live Webcams | Contact Us | Tell a Friend | Your Account  

Lee County Forecast
This
Afternoon
This Afternoon: Isolated showers and thunderstorms after 5pm.  Mostly sunny, with a high near 94. Heat index values as high as 99. Northwest wind around 7 mph.  Chance of precipitation is 10%.
Isolated
T-storms

Tonight

Tonight: Isolated showers and thunderstorms before 8pm.  Partly cloudy, with a low around 77. North northwest wind 5 to 8 mph becoming east after midnight.  Chance of precipitation is 10%.
Isolated
T-storms then
Partly Cloudy
Hi 94 °FLo 77 °F
Extended Forecast
Florida Weather Forecast

Southwest Florida Webcams

Main Navigation
Weather
· Home
· Current Conditions
· Storm Warnings
· Station Graphs
· Storm Fronts
· Temperature Map
· Station History
· Drought Index
· Storm Reports
· Rainfall Estimates
· Fire Graphs

Doppler Radar
· Lee County
· Charlotte County
· Collier County
· Hendry County
· Desoto County
· Glades County
· Sarasota County
· Manatee County
· Hillsborough County
· Pinellas County
· Pasco County
· Southwest Florida
· Florida
· State Radars
· National

Satellite
· South Florida
· North Florida
· Regional
· National

Forecast
· Extended
· Marine
· Discussion
· Florida Forecast
· Hazardous Outlook
· Wave Heights
· Fire

Lightning
· Live
· Tracker
· Loop
· Network
· WASP
· WASP Loop
· 3 Hour Forecast

Tropical Weather
· Hurricane Tracker
· Tropical Satellite
· Sea Temperature
· Discussion
· Buoy Data
· Tracking Tools
· Monthly Summary

Moon and Tides
· Tides
· Moon Phase

Live Products

Fishing Reports

Local News

Other Info

  
 

Southwest Florida Monthly and Yearly Weather Reports

2017: Jan | Feb | Mar | Apr | May | Jun | Jul | Aug | Sep | Oct | Nov | Dec 
2016: Jan | Feb | Mar | Apr | May | Jun | Jul | Aug | Sep | Oct | Nov | Dec 
2015: Jan | Feb | Mar | Apr | May | Jun | Jul | Aug | Sep | Oct | Nov | Dec 
2014: Jan | Feb | Mar | Apr | May | Jun | Jul | Aug | Sep | Oct | Nov | Dec 
2013: Jan | Feb | Mar | Apr | May | Jun | Jul | Aug | Sep | Oct | Nov | Dec 
2012: Jan | Feb | Mar | Apr | May | Jun | Jul | Aug | Sep | Oct | Nov | Dec 
2011: Jan | Feb | Mar | Apr | May | Jun | Jul | Aug | Sep | Oct | Nov | Dec 
2010: Jan | Feb | Mar | Apr | May | Jun | Jul | Aug | Sep | Oct | Nov | Dec 
2009: Jan | Feb | Mar | Apr | May | Jun | Jul | Aug | Sep | Oct | Nov | Dec 
2008: Jan | Feb | Mar | Apr | May | Jun | Jul | Aug | Sep | Oct | Nov | Dec 
2007: Jan | Feb | Mar | Apr | May | Jun | Jul | Aug | Sep | Oct | Nov | Dec 
2006: Jan | Feb | Mar | Apr | May | Jun | Jul | Aug | Sep | Oct | Nov | Dec 
2005: Jan | Feb | Mar | Apr | May | Jun | Jul | Aug | Sep | Oct | Nov | Dec 

Report for 2014 11
MONTHLY CLIMATOLOGICAL SUMMARY FOR 11/2014 HEAT COOL MEAN DEG DEG WIND SPEED DOM MEAN MEAN DAY TEMP HIGH TIME LOW TIME DAYS DAYS RAIN AVG HI TIME DIR BAROM HUM --------------------------------------------------------------------------------------- 1 65.3 73.3 11:39am 54.8 11:58pm 2 2 0.00 7 31 5:02pm NNW 29.99 67 2 58.8 75.2 3:10pm 47.0 7:03am 8 2 0.00 5 16 12:16am NNE 30.22 56 3 63.8 79.7 2:28pm 48.1 4:00am 5 4 0.00 5 21 2:03pm NE 30.26 67 4 68.0 80.2 12:00pm 57.4 6:56am 2 5 0.00 4 17 1:06pm NE 30.20 75 5 72.3 85.1 2:00pm 61.1 6:48am 1 8 0.00 4 17 11:22am ENE 30.13 77 6 73.5 86.8 1:00pm 64.7 6:41am 0 8 0.00 3 13 1:47pm ENE 30.04 81 7 71.3 80.3 2:28pm 64.7 4:36am 0 6 0.00 2 13 3:46pm WNW 29.94 83 8 68.2 80.4 2:01pm 60.9 6:02am 1 4 0.42 3 13 8:39pm N 29.88 86 9 62.7 65.3 2:43pm 59.5 8:25am 2 0 0.29 4 15 6:52am NE 29.87 95 10 67.2 77.2 11:06am 60.7 7:23am 1 3 0.00 5 15 1:42pm NW 29.92 81 11 66.4 77.7 11:23am 58.3 6:45am 2 3 0.00 5 19 1:23pm NNW 29.93 80 12 67.7 82.0 11:36am 57.1 7:05am 2 5 0.00 3 13 2:56pm NNW 29.98 75 13 66.8 81.6 1:41pm 55.3 7:01am 3 5 0.00 2 10 9:05am WNW 30.00 76 14 65.3 74.6 10:43am 57.5 11:58pm 2 2 0.00 5 20 11:42am WNW 30.04 84 15 64.4 77.2 1:37pm 52.8 6:55am 3 3 0.00 3 12 3:39pm NE 30.14 81 16 72.5 84.7 1:14pm 62.9 12:03am 0 8 0.00 2 13 9:25am NNE 30.09 84 17 73.7 81.6 1:13pm 68.6 3:50am 0 9 0.55 2 17 6:45pm S 29.97 93 18 58.6 71.0 3:42am 49.2 11:38pm 7 1 0.09 6 22 3:42am NNE 30.12 85 19 54.3 66.5 2:30pm 46.7 7:29am 11 0 0.00 7 18 3:10am NE 30.22 73 20 61.9 77.0 2:58pm 50.0 6:29am 6 3 0.00 7 17 1:08pm NE 30.16 77 21 65.5 70.5 4:38pm 59.7 12:40am 2 2 0.00 7 30 5:00pm ENE 30.15 81 22 73.2 81.7 12:25pm 67.5 12:00am 0 8 0.00 7 27 11:20am E 30.10 86 23 76.5 84.1 11:47am 71.1 3:39am 0 11 0.00 4 19 3:22pm SSE 29.94 89 24 76.6 81.9 1:22pm 73.3 8:32am 0 11 0.08 3 13 2:58am SSE 29.95 91 25 77.7 82.5 1:33pm 73.2 11:56pm 0 13 0.47 4 24 11:37pm SSE 29.93 93 26 62.8 73.2 12:00am 51.8 11:56pm 4 2 2.89 6 26 5:27am N 30.07 86 27 60.7 74.9 3:17pm 49.7 2:26am 6 2 0.00 5 17 4:02pm N 30.22 72 28 56.3 69.5 3:04pm 46.7 7:13am 9 1 0.00 6 19 1:43am NE 30.23 61 29 61.1 77.8 3:03pm 48.4 6:52am 7 3 0.00 5 19 3:03pm ENE 30.22 76 30 66.4 79.4 2:14pm 53.7 7:10am 3 4 0.00 4 19 1:27pm ENE 30.23 75 --------------------------------------------------------------------------------------- TOT 66.7 86.8 11/6/14 46.7 11/19/14 90 139 4.79 5 31 11/1/14 NE 30.07 79 HEAT BASE: 65.0 COOL BASE: 65.0
 
  
Hurricane Tracker

Hurricane Tracker
Hurricane Tracker
2017 Storm Tracker Forum


Atlantic Storms
92L
Harvey


Sponsored Links

Recent Forum Posts

New Post
SWFL-BonitaBeach:Reds,Snook Inshore;Shark,Grouper,Snapper
Posted by
fishbuster on Aug 19, 2017 at 02:28:23 PM


New Post
Harvey
Posted by
ccstorms on Aug 19, 2017 at 11:47:30 AM


New Post
Pre-Invest East Atlantic 20%
Posted by
ccstorms on Aug 19, 2017 at 09:09:57 AM


New Post
Invest 92L-Atlantic 40%
Posted by
ccstorms on Aug 19, 2017 at 09:08:51 AM


New Post
Gert- Final Advisory
Posted by
ccstorms on Aug 17, 2017 at 06:17:15 PM


New Post
Hurricane Charley. 13 years ago today.
Posted by
chris on Aug 13, 2017 at 10:54:05 AM


***FORUM RULES***

Sponsored Links

Member Login
Username

Password


Join For Free!!
Click here to Register!

Total Hits
We received
75681880
page views since June 2005

Free Weather Graphics

Free weather stickers

Add a weather graphic to your website with the latest conditions!
Click for Details

Sponsored Links

Social Networks

Southwest Florida Weather | Central Florida Weather | Florida Weather

Cape Coral | Fort Myers | Bonita Springs | Naples | Punta Gorda | Port Charlotte | Estero | Sanibel | Lehigh Acres | Captiva | Pine Island | Bokeelia | St. James City | Alva | Arcadia | Labelle | Clewiston | Venice

Lee County | Charlotte County | Collier County | Hendry County | Desoto County
Glades County | Monroe County | Sarasota County | Manatee County
Hillsborough County | Pinellas County | Pasco County

Recommend us




Copyright Capeweather.com 2005-2017

DO NOT make decisions that affect life or property based on this data!
PHP-Nuke Copyright © 2004 by Francisco Burzi. This is free software, and you may redistribute it under the GPL. PHP-Nuke comes with absolutely no warranty, for details, see the license.
Page Generation: 0.24 Seconds