Southwest Florida Weather History, Yearly, Monthly, Daily, Records
 Click here to register!Home | Advertise | Forum | Live Webcams | Contact Us | Tell a Friend | Your Account  

Lee County Forecast
Today

Today: Scattered showers and thunderstorms after 2pm.  Mostly sunny, with a high near 90. Heat index values as high as 98. Northeast wind 5 to 7 mph.  Chance of precipitation is 40%.
Mostly Sunny
then
Scattered
T-storms
Tonight

Tonight: Scattered showers and thunderstorms before 11pm.  Mostly cloudy, with a low around 75. East northeast wind 5 to 7 mph.  Chance of precipitation is 30%.
Scattered
T-storms then
Mostly Cloudy
Hi 90 °FLo 75 °F
Extended Forecast
Florida Weather Forecast

Southwest Florida Webcams

Main Navigation
Weather
· Home
· Current Conditions
· Storm Warnings
· Station Graphs
· Storm Fronts
· Temperature Map
· Station History
· Drought Index
· Storm Reports
· Rainfall Estimates
· Fire Graphs

Doppler Radar
· Lee County
· Charlotte County
· Collier County
· Hendry County
· Desoto County
· Glades County
· Sarasota County
· Manatee County
· Hillsborough County
· Pinellas County
· Pasco County
· Southwest Florida
· Florida
· State Radars
· National

Satellite
· South Florida
· North Florida
· Regional
· National

Forecast
· Extended
· Marine
· Discussion
· Florida Forecast
· Hazardous Outlook
· Wave Heights
· Fire

Lightning
· Live
· Tracker
· Loop
· Network
· WASP
· WASP Loop
· 3 Hour Forecast

Tropical Weather
· Hurricane Tracker
· Tropical Satellite
· Sea Temperature
· Discussion
· Buoy Data
· Tracking Tools
· Monthly Summary

Moon and Tides
· Tides
· Moon Phase

Live Products

Fishing Reports

Local News

Other Info

  
 

Southwest Florida Monthly and Yearly Weather Reports

2017: Jan | Feb | Mar | Apr | May | Jun | Jul | Aug | Sep | Oct | Nov | Dec 
2016: Jan | Feb | Mar | Apr | May | Jun | Jul | Aug | Sep | Oct | Nov | Dec 
2015: Jan | Feb | Mar | Apr | May | Jun | Jul | Aug | Sep | Oct | Nov | Dec 
2014: Jan | Feb | Mar | Apr | May | Jun | Jul | Aug | Sep | Oct | Nov | Dec 
2013: Jan | Feb | Mar | Apr | May | Jun | Jul | Aug | Sep | Oct | Nov | Dec 
2012: Jan | Feb | Mar | Apr | May | Jun | Jul | Aug | Sep | Oct | Nov | Dec 
2011: Jan | Feb | Mar | Apr | May | Jun | Jul | Aug | Sep | Oct | Nov | Dec 
2010: Jan | Feb | Mar | Apr | May | Jun | Jul | Aug | Sep | Oct | Nov | Dec 
2009: Jan | Feb | Mar | Apr | May | Jun | Jul | Aug | Sep | Oct | Nov | Dec 
2008: Jan | Feb | Mar | Apr | May | Jun | Jul | Aug | Sep | Oct | Nov | Dec 
2007: Jan | Feb | Mar | Apr | May | Jun | Jul | Aug | Sep | Oct | Nov | Dec 
2006: Jan | Feb | Mar | Apr | May | Jun | Jul | Aug | Sep | Oct | Nov | Dec 
2005: Jan | Feb | Mar | Apr | May | Jun | Jul | Aug | Sep | Oct | Nov | Dec 

Report for 2014 10
MONTHLY CLIMATOLOGICAL SUMMARY FOR 10/2014 HEAT COOL MEAN DEG DEG WIND SPEED DOM MEAN MEAN DAY TEMP HIGH TIME LOW TIME DAYS DAYS RAIN AVG HI TIME DIR BAROM HUM --------------------------------------------------------------------------------------- 1 81.8 87.5 1:54pm 77.2 7:33am 0 16 0.54 4 16 1:05pm W 29.89 88 2 81.9 88.5 3:18pm 76.6 7:37am 0 17 0.00 3 13 1:54pm WNW 29.98 86 3 81.9 88.5 12:33pm 75.8 5:37am 0 17 0.01 3 15 1:18pm W 29.98 85 4 79.0 83.7 3:11pm 70.6 11:56pm 0 13 0.38 5 25 6:08am W 29.89 86 5 73.2 85.0 4:51pm 63.2 8:10am 0 8 0.00 4 15 9:45am N 29.94 69 6 75.8 87.4 4:33pm 64.7 7:21am 0 11 0.00 3 15 1:05pm ENE 30.00 76 7 77.9 86.3 1:35pm 74.2 4:31am 0 12 0.00 3 13 5:15am E 30.03 82 8 80.4 91.3 3:06pm 73.0 7:25am 0 15 0.00 2 11 12:32pm ENE 30.05 80 9 81.3 91.8 2:52pm 72.8 7:38am 0 16 0.00 4 17 3:09pm ENE 30.02 73 10 80.9 92.1 3:55pm 71.2 7:40am 0 15 0.00 5 16 12:02pm ENE 29.99 74 11 80.9 92.8 4:09pm 70.4 7:38am 0 16 0.00 3 16 9:46pm ENE 29.97 75 12 80.0 86.8 4:32pm 75.2 7:30am 0 12 0.02 3 14 4:30pm SW 29.96 89 13 80.3 92.8 2:28pm 74.7 7:15am 0 15 0.00 4 17 4:04pm ESE 30.00 83 14 79.5 86.8 4:32pm 75.2 7:30am 0 14 0.18 3 14 4:30pm SW 29.96 89 15 78.1 87.0 3:39pm 72.7 11:59pm 0 13 0.20 4 16 3:53am NW 29.93 86 16 73.7 82.7 1:17pm 64.1 7:35am 0 8 0.00 4 19 3:26pm NNW 29.92 76 17 72.7 85.5 1:00pm 62.5 8:09am 0 8 0.00 3 14 1:40pm N 29.94 73 18 71.8 84.3 4:03pm 61.3 7:36am 1 7 0.00 3 14 3:16pm N 29.94 75 19 75.0 86.9 2:21pm 64.8 7:35am 0 10 0.00 2 13 11:22pm NW 29.97 75 20 77.7 89.3 3:43pm 66.5 7:48am 0 12 0.00 2 11 12:30pm E 29.96 75 21 77.1 83.9 12:00pm 73.3 7:35am 0 12 0.00 2 15 3:47pm SW 29.91 86 22 77.9 87.3 3:45pm 72.3 6:06am 0 12 0.00 1 11 11:32am E 29.91 85 23 76.4 86.9 4:12pm 68.3 8:14am 0 11 0.00 6 22 11:04am ENE 29.89 75 24 74.6 86.3 2:17pm 65.1 7:23am 0 10 0.00 6 21 11:47am NE 29.88 69 25 71.8 84.5 2:00pm 62.3 7:44am 0 7 0.00 5 15 10:02am NW 29.92 71 26 70.6 83.9 12:29pm 59.3 7:57am 1 7 0.00 3 13 9:58am NNE 29.96 71 27 72.3 69.5 12:00am 69.5 12:00am 1 8 0.00 2 2 12:00am N 30.03 73 28 81.7 90.9 3:11pm 63.8 7:47am 1 19 0.00 4 14 10:54am ENE 30.07 64 29 76.1 86.8 3:06pm 67.5 6:59am 0 11 0.00 2 13 4:01pm E 30.02 81 30 75.5 86.6 12:20pm 66.8 7:15am 0 10 0.00 2 13 3:07pm WNW 29.91 80 31 72.5 82.0 12:12pm 65.9 11:49pm 0 7 0.30 5 22 4:33pm NNW 29.85 80 --------------------------------------------------------------------------------------- TOT 77.1 93.9 10/12/14 59.3 10/26/14 5 374 1.93 3 25 10/4/14 ENE 29.96 78 HEAT BASE: 65.0 COOL BASE: 65.0
 
  
Hurricane Tracker

Hurricane Tracker
Hurricane Tracker
2017 Storm Tracker Forum


Atlantic Storms
Jose
Maria


Sponsored Links

Recent Forum Posts

New Post
Maria
Posted by
ccstorms on Sep 22, 2017 at 05:06:39 AM


New Post
Jose
Posted by
ccstorms on Sep 22, 2017 at 05:01:53 AM


New Post
Lee- Final Advisory
Posted by
ccstorms on Sep 19, 2017 at 08:10:26 AM


New Post
Irma
Posted by
ccstorms on Sep 13, 2017 at 08:51:17 PM


New Post
Katia
Posted by
ccstorms on Sep 07, 2017 at 10:38:16 AM


New Post
Possible Gulf Invest- Deactivated
Posted by
ccstorms on Aug 31, 2017 at 07:45:36 AM


***FORUM RULES***

Sponsored Links

Total Hits
We received
77360316
page views since June 2005

Social Networks

Southwest Florida Weather | Central Florida Weather | Florida Weather

Cape Coral | Fort Myers | Bonita Springs | Naples | Punta Gorda | Port Charlotte | Estero | Sanibel | Lehigh Acres | Captiva | Pine Island | Bokeelia | St. James City | Alva | Arcadia | Labelle | Clewiston | Venice

Lee County | Charlotte County | Collier County | Hendry County | Desoto County
Glades County | Monroe County | Sarasota County | Manatee County
Hillsborough County | Pinellas County | Pasco County

Recommend us




Copyright Capeweather.com 2005-2017

DO NOT make decisions that affect life or property based on this data!
PHP-Nuke Copyright © 2004 by Francisco Burzi. This is free software, and you may redistribute it under the GPL. PHP-Nuke comes with absolutely no warranty, for details, see the license.
Page Generation: 0.29 Seconds