Southwest Florida Weather History, Yearly, Monthly, Daily, Records
 Click here to register!Home | Advertise | Forum | Live Webcams | Contact Us | Tell a Friend | Your Account  

Lee County Forecast
This
Afternoon
This Afternoon: Isolated showers and thunderstorms after 5pm.  Mostly sunny, with a high near 94. Heat index values as high as 99. Northwest wind around 7 mph.  Chance of precipitation is 10%.
Isolated
T-storms

Tonight

Tonight: Isolated showers and thunderstorms before 8pm.  Partly cloudy, with a low around 77. North northwest wind 5 to 8 mph becoming east after midnight.  Chance of precipitation is 10%.
Isolated
T-storms then
Partly Cloudy
Hi 94 °FLo 77 °F
Extended Forecast
Florida Weather Forecast

Southwest Florida Webcams

Main Navigation
Weather
· Home
· Current Conditions
· Storm Warnings
· Station Graphs
· Storm Fronts
· Temperature Map
· Station History
· Drought Index
· Storm Reports
· Rainfall Estimates
· Fire Graphs

Doppler Radar
· Lee County
· Charlotte County
· Collier County
· Hendry County
· Desoto County
· Glades County
· Sarasota County
· Manatee County
· Hillsborough County
· Pinellas County
· Pasco County
· Southwest Florida
· Florida
· State Radars
· National

Satellite
· South Florida
· North Florida
· Regional
· National

Forecast
· Extended
· Marine
· Discussion
· Florida Forecast
· Hazardous Outlook
· Wave Heights
· Fire

Lightning
· Live
· Tracker
· Loop
· Network
· WASP
· WASP Loop
· 3 Hour Forecast

Tropical Weather
· Hurricane Tracker
· Tropical Satellite
· Sea Temperature
· Discussion
· Buoy Data
· Tracking Tools
· Monthly Summary

Moon and Tides
· Tides
· Moon Phase

Live Products

Fishing Reports

Local News

Other Info

  
 

Southwest Florida Monthly and Yearly Weather Reports

2017: Jan | Feb | Mar | Apr | May | Jun | Jul | Aug | Sep | Oct | Nov | Dec 
2016: Jan | Feb | Mar | Apr | May | Jun | Jul | Aug | Sep | Oct | Nov | Dec 
2015: Jan | Feb | Mar | Apr | May | Jun | Jul | Aug | Sep | Oct | Nov | Dec 
2014: Jan | Feb | Mar | Apr | May | Jun | Jul | Aug | Sep | Oct | Nov | Dec 
2013: Jan | Feb | Mar | Apr | May | Jun | Jul | Aug | Sep | Oct | Nov | Dec 
2012: Jan | Feb | Mar | Apr | May | Jun | Jul | Aug | Sep | Oct | Nov | Dec 
2011: Jan | Feb | Mar | Apr | May | Jun | Jul | Aug | Sep | Oct | Nov | Dec 
2010: Jan | Feb | Mar | Apr | May | Jun | Jul | Aug | Sep | Oct | Nov | Dec 
2009: Jan | Feb | Mar | Apr | May | Jun | Jul | Aug | Sep | Oct | Nov | Dec 
2008: Jan | Feb | Mar | Apr | May | Jun | Jul | Aug | Sep | Oct | Nov | Dec 
2007: Jan | Feb | Mar | Apr | May | Jun | Jul | Aug | Sep | Oct | Nov | Dec 
2006: Jan | Feb | Mar | Apr | May | Jun | Jul | Aug | Sep | Oct | Nov | Dec 
2005: Jan | Feb | Mar | Apr | May | Jun | Jul | Aug | Sep | Oct | Nov | Dec 

Report for 2014 09
MONTHLY CLIMATOLOGICAL SUMMARY FOR 9/2014 HEAT COOL MEAN DEG DEG WIND SPEED DOM MEAN MEAN DAY TEMP HIGH TIME LOW TIME DAYS DAYS RAIN AVG HI TIME DIR BAROM HUM --------------------------------------------------------------------------------------- 1 81.2 95.3 1:36pm 74.4 11:28pm 0 15 0.63 3 35 4:49pm ESE 30.05 86 2 80.1 94.3 1:35pm 73.8 1:21am 0 15 0.08 2 22 4:29pm NE 30.01 87 3 80.0 94.3 2:57pm 73.3 6:48am 0 15 0.09 2 26 4:24pm ENE 29.98 85 4 82.6 90.4 11:23am 75.2 5:10am 0 17 0.00 2 13 4:24pm SW 30.03 82 5 81.6 93.1 3:29pm 75.8 11:58pm 0 17 0.00 3 22 6:46pm E 30.05 84 6 80.4 93.3 3:07pm 74.5 6:54am 0 15 0.00 3 22 4:48pm E 29.99 85 7 81.5 92.0 2:56pm 75.9 6:54am 0 16 0.00 3 23 3:00pm ESE 29.97 84 8 82.9 92.4 3:45pm 74.8 6:33am 0 18 0.00 3 15 4:00pm ESE 29.99 79 9 80.7 92.7 2:46pm 74.0 5:32pm 0 16 1.89 2 33 4:45pm E 30.00 84 10 80.3 93.8 3:16pm 73.1 6:21am 0 15 0.02 3 16 3:32pm E 29.95 87 11 80.3 90.1 12:40pm 75.1 6:35am 0 15 0.27 2 17 5:56pm E 29.97 88 12 81.5 92.8 2:13pm 76.3 11:25pm 0 17 0.10 4 20 2:33pm NE 29.92 87 13 81.2 91.5 2:23pm 75.0 6:07am 0 16 0.00 4 15 12:20am ESE 29.98 82 14 79.9 89.2 12:01pm 74.3 6:37am 0 15 0.00 3 20 12:27pm ESE 30.07 84 15 83.5 95.9 3:22pm 74.5 6:05am 0 18 0.00 3 11 4:11pm ESE 30.10 77 16 82.0 91.3 12:42pm 74.9 2:57pm 0 16 0.49 2 24 2:17pm WNW 30.03 82 17 76.9 84.6 11:48am 73.9 10:40pm 0 12 0.53 2 26 12:41pm WNW 29.93 92 18 81.7 89.8 12:02pm 75.1 12:00am 0 17 0.01 2 12 4:34pm ENE 29.88 84 19 77.9 81.3 5:28pm 73.5 11:00pm 0 12 1.06 1 15 9:01pm WSW 29.90 93 20 77.3 80.5 5:41pm 74.1 1:42am 0 12 0.10 3 14 10:27am W 29.90 92 21 80.6 88.7 11:55am 75.3 4:26am 0 16 0.01 2 13 3:03pm WSW 29.95 86 22 78.6 89.3 1:53pm 73.0 10:57pm 0 13 0.11 2 14 5:20pm NE 29.98 90 23 77.2 85.3 5:31pm 72.9 4:21am 0 12 0.01 2 12 12:17pm NE 29.97 89 24 79.9 89.5 2:08pm 72.9 7:02am 0 15 0.09 3 14 9:44am NNE 29.99 86 25 80.3 92.5 2:36pm 74.8 6:15am 0 15 0.19 4 23 4:45pm ENE 29.99 87 26 78.4 90.1 12:13pm 74.9 3:39am 0 13 0.62 4 22 2:54pm ENE 29.94 91 27 80.6 94.9 3:41pm 74.3 4:26am 0 16 0.06 4 17 3:48pm ENE 29.93 86 28 80.0 91.5 2:04pm 74.5 5:53am 0 14 0.43 3 18 3:44pm ENE 29.93 88 29 80.7 89.7 12:26pm 75.2 6:22am 0 16 0.03 3 16 8:04pm ENE 29.87 87 30 81.0 87.3 1:07pm 76.0 3:20am 0 16 0.13 4 25 2:59pm WSW 29.83 88 --------------------------------------------------------------------------------------- TOT 80.4 95.9 9/15/14 72.9 9/23/14 0 452 6.95 3 35 9/1/14 ENE 29.97 86 HEAT BASE: 65.0 COOL BASE: 65.0
 
  
Hurricane Tracker

Hurricane Tracker
Hurricane Tracker
2017 Storm Tracker Forum


Atlantic Storms
92L
Harvey


Sponsored Links

Recent Forum Posts

New Post
SWFL-BonitaBeach:Reds,Snook Inshore;Shark,Grouper,Snapper
Posted by
fishbuster on Aug 19, 2017 at 02:28:23 PM


New Post
Harvey
Posted by
ccstorms on Aug 19, 2017 at 11:47:30 AM


New Post
Pre-Invest East Atlantic 20%
Posted by
ccstorms on Aug 19, 2017 at 09:09:57 AM


New Post
Invest 92L-Atlantic 40%
Posted by
ccstorms on Aug 19, 2017 at 09:08:51 AM


New Post
Gert- Final Advisory
Posted by
ccstorms on Aug 17, 2017 at 06:17:15 PM


New Post
Hurricane Charley. 13 years ago today.
Posted by
chris on Aug 13, 2017 at 10:54:05 AM


***FORUM RULES***

Sponsored Links

Member Login
Username

Password


Join For Free!!
Click here to Register!

Total Hits
We received
75681924
page views since June 2005

Free Weather Graphics

Free weather stickers

Add a weather graphic to your website with the latest conditions!
Click for Details

Sponsored Links

Social Networks

Southwest Florida Weather | Central Florida Weather | Florida Weather

Cape Coral | Fort Myers | Bonita Springs | Naples | Punta Gorda | Port Charlotte | Estero | Sanibel | Lehigh Acres | Captiva | Pine Island | Bokeelia | St. James City | Alva | Arcadia | Labelle | Clewiston | Venice

Lee County | Charlotte County | Collier County | Hendry County | Desoto County
Glades County | Monroe County | Sarasota County | Manatee County
Hillsborough County | Pinellas County | Pasco County

Recommend us




Copyright Capeweather.com 2005-2017

DO NOT make decisions that affect life or property based on this data!
PHP-Nuke Copyright © 2004 by Francisco Burzi. This is free software, and you may redistribute it under the GPL. PHP-Nuke comes with absolutely no warranty, for details, see the license.
Page Generation: 0.23 Seconds