Southwest Florida Weather History, Yearly, Monthly, Daily, Records
 Click here to register!Home | Advertise | Forum | Live Webcams | Contact Us | Tell a Friend | Your Account  

Lee County Forecast & Temp
Today

Today: Mostly sunny, with a high near 84. East wind 7 to 13 mph, with gusts as high as 18 mph.
Mostly Sunny
Tonight

Tonight: Mostly clear, with a low around 66. East wind 7 to 9 mph.
Mostly Clear
Hi 84 °FLo 66 °F
Extended Forecast
Florida Weather Forecast

Southwest Florida Webcams

Main Navigation
Weather
· Home
· Current Conditions
· Storm Warnings
· Station Graphs
· Storm Fronts
· Station History
· Drought Index
· Storm Reports
· Rainfall Estimates
· Fire Graphs

Doppler Radar
· Lee County
· Charlotte County
· Collier County
· Hendry County
· Desoto County
· Glades County
· Sarasota County
· Manatee County
· Hillsborough County
· Pinellas County
· Pasco County
· Southwest Florida
· Florida
· State Radars
· National

Satellite
· South Florida
· North Florida
· Regional
· National

Forecast
· Extended
· Marine
· Discussion
· Florida Forecast
· Hazardous Outlook
· Wave Heights
· Fire

Lightning
· Live
· Tracker
· Loop
· Network
· WASP
· WASP Loop

Tropical Weather
· Hurricane Tracker
· Tropical Satellite
· Sea Temperature
· Discussion
· Buoy Data
· Tracking Tools
· Monthly Summary

Moon and Tides
· Tides
· Moon Phase

Live Products

Fishing Reports

Local News

Other Info

  
 

Southwest Florida Monthly and Yearly Weather Reports

2018: Jan | Feb | Mar | Apr | May | Jun | Jul | Aug | Sep | Oct | Nov | Dec 
2017: Jan | Feb | Mar | Apr | May | Jun | Jul | Aug | Sep | Oct | Nov | Dec 
2016: Jan | Feb | Mar | Apr | May | Jun | Jul | Aug | Sep | Oct | Nov | Dec 
2015: Jan | Feb | Mar | Apr | May | Jun | Jul | Aug | Sep | Oct | Nov | Dec 
2014: Jan | Feb | Mar | Apr | May | Jun | Jul | Aug | Sep | Oct | Nov | Dec 
2013: Jan | Feb | Mar | Apr | May | Jun | Jul | Aug | Sep | Oct | Nov | Dec 
2012: Jan | Feb | Mar | Apr | May | Jun | Jul | Aug | Sep | Oct | Nov | Dec 
2011: Jan | Feb | Mar | Apr | May | Jun | Jul | Aug | Sep | Oct | Nov | Dec 
2010: Jan | Feb | Mar | Apr | May | Jun | Jul | Aug | Sep | Oct | Nov | Dec 
2009: Jan | Feb | Mar | Apr | May | Jun | Jul | Aug | Sep | Oct | Nov | Dec 
2008: Jan | Feb | Mar | Apr | May | Jun | Jul | Aug | Sep | Oct | Nov | Dec 
2007: Jan | Feb | Mar | Apr | May | Jun | Jul | Aug | Sep | Oct | Nov | Dec 
2006: Jan | Feb | Mar | Apr | May | Jun | Jul | Aug | Sep | Oct | Nov | Dec 
2005: Jan | Feb | Mar | Apr | May | Jun | Jul | Aug | Sep | Oct | Nov | Dec 

Report for 2014 08
MONTHLY CLIMATOLOGICAL SUMMARY FOR 8/2014 HEAT COOL MEAN DEG DEG WIND SPEED DOM MEAN MEAN DAY TEMP HIGH TIME LOW TIME DAYS DAYS RAIN AVG HI TIME DIR BAROM HUM --------------------------------------------------------------------------------------- 1 83.4 91.0 4:28pm 77.6 6:55am 0 18 0.00 2 15 9:12pm WNW 29.94 80 2 82.8 94.4 1:12pm 75.5 8:04pm 0 17 0.82 3 25 7:27pm W 29.92 85 3 83.1 91.6 11:24am 76.5 11:25pm 0 18 0.52 3 16 5:45pm NNW 29.89 86 4 78.4 87.6 11:18am 73.5 4:19pm 0 13 1.41 4 26 12:01pm SW 29.92 94 5 83.4 90.0 5:02pm 78.9 12:00am 0 18 0.00 4 16 12:42pm SW 30.01 86 6 84.1 90.6 3:22pm 77.7 5:48am 0 19 0.00 3 15 4:30pm W 30.01 84 7 84.7 91.1 1:27pm 78.5 6:51am 0 20 0.00 3 15 3:14pm WNW 29.97 82 8 83.8 92.6 1:52pm 77.6 5:53am 0 18 0.00 3 15 10:18am ESE 29.99 82 9 84.1 91.5 2:06pm 76.3 5:45am 0 19 0.00 2 12 2:41pm SW 30.02 81 10 85.4 92.9 2:41pm 78.8 7:19am 0 20 0.00 2 13 4:23pm SW 30.03 78 11 85.1 92.7 3:16pm 76.6 5:53am 0 19 0.00 2 14 3:32pm E 30.01 79 12 85.7 92.7 1:51pm 78.1 7:14am 0 21 0.00 3 15 3:02pm SW 29.98 78 13 84.5 91.9 4:26pm 75.5 7:14am 0 20 0.41 3 17 6:22am WSW 29.99 81 14 85.5 91.9 1:19pm 79.2 11:53pm 0 20 0.00 4 18 2:34pm WSW 29.99 78 15 80.5 89.6 3:41pm 73.3 7:24pm 0 14 0.72 3 21 4:56pm SE 30.00 89 16 83.3 91.7 6:08pm 75.1 5:27am 0 18 0.01 3 14 12:06pm SSE 30.04 83 17 86.0 95.6 4:05pm 76.9 3:53am 0 20 0.00 2 13 4:28pm E 30.05 77 18 86.7 94.9 3:45pm 79.2 6:10am 0 22 0.00 2 16 4:30pm W 30.01 75 19 86.2 94.5 3:30pm 78.2 7:10am 0 21 0.00 3 13 4:14pm WNW 29.99 76 20 86.2 95.9 4:04pm 78.8 7:26am 0 20 0.00 3 17 5:25pm NW 30.03 76 21 84.7 96.9 2:34pm 78.7 6:53am 0 19 0.16 2 22 5:14pm SSE 30.06 81 22 83.9 93.1 12:37pm 76.5 7:15am 0 19 0.16 3 15 3:41pm W 30.02 83 23 84.9 93.4 4:30pm 76.4 3:40am 0 19 0.01 2 14 4:43pm WNW 29.91 81 24 84.7 96.8 3:16pm 73.5 9:10pm 0 37 1.48 3 32 8:35pm WNW 29.80 82 25 83.5 95.0 2:16pm 75.1 12:02am 0 19 0.08 6 24 5:41pm NE 29.76 83 26 84.7 95.2 5:20pm 75.3 7:03am 0 19 0.00 7 21 11:02am ENE 29.84 73 27 83.9 95.6 3:51pm 72.5 7:10am 0 19 0.00 4 15 12:00am NE 29.91 69 28 83.3 93.5 4:39pm 76.1 9:24pm 0 18 1.01 3 17 5:48pm ESE 29.94 82 29 82.2 94.2 12:05pm 76.0 10:18pm 0 16 0.54 3 30 5:12pm ESE 30.00 87 30 83.4 97.9 4:04pm 76.3 5:53am 0 18 0.04 3 21 5:16pm ESE 30.05 82 31 83.0 96.9 3:17pm 77.0 6:01am 0 18 0.40 3 23 3:48pm E 30.06 84 --------------------------------------------------------------------------------------- TOT 84.0 97.9 8/30/14 72.5 8/27/14 0 597 7.77 3 32 8/24/14 W 29.97 81 HEAT BASE: 65.0 COOL BASE: 65.0
 
  
Hurricane Tracker

Hurricane Tracker
Hurricane Tracker
2017 Storm Tracker Forum


Atlantic Storms
No Storms


Sponsored Links

Recent Forum Posts

New Post
Fishing Guides Thoughts
Posted by
captruss on Feb 19, 2018 at 01:51:59 PM


New Post
2018 Atlantic Basin Hurricane Names
Posted by
chris on Feb 18, 2018 at 07:34:49 PM


***FORUM RULES***

Member Login
Username

Password


Join For Free!!
Click here to Register!

Total Hits
We received
81551469
page views since June 2005

Sponsored Links

Social Networks

Southwest Florida Weather | Central Florida Weather | Florida Weather

Cape Coral | Fort Myers | Bonita Springs | Naples | Punta Gorda | Port Charlotte | Estero | Sanibel | Lehigh Acres | Captiva | Pine Island | Bokeelia | St. James City | Alva | Arcadia | Labelle | Clewiston | Venice

Lee County | Charlotte County | Collier County | Hendry County | Desoto County
Glades County | Monroe County | Sarasota County | Manatee County
Hillsborough County | Pinellas County | Pasco County

Recommend us




Copyright Capeweather.com 2005-2017

DO NOT make decisions that affect life or property based on this data!
PHP-Nuke Copyright © 2004 by Francisco Burzi. This is free software, and you may redistribute it under the GPL. PHP-Nuke comes with absolutely no warranty, for details, see the license.
Page Generation: 0.26 Seconds