Southwest Florida Weather History, Yearly, Monthly, Daily, Records
 Click here to register!Home | Advertise | Forum | Live Webcams | Contact Us | Tell a Friend | Your Account  

Lee County Forecast & Temp
This
Afternoon
This Afternoon: Sunny, with a high near 84. West northwest wind around 6 mph.
Sunny
Tonight

Tonight: Partly cloudy, with a low around 65. Light and variable wind becoming east 5 to 7 mph after midnight.
Partly Cloudy
Hi 84 °FLo 65 °F
Extended Forecast
Florida Weather Forecast

Southwest Florida Webcams

Main Navigation
Weather
· Home
· Current Conditions
· Storm Warnings
· Station Graphs
· Storm Fronts
· Station History
· Drought Index
· Storm Reports
· Rainfall Estimates
· Fire Graphs

Doppler Radar
· Lee County
· Charlotte County
· Collier County
· Hendry County
· Desoto County
· Glades County
· Sarasota County
· Manatee County
· Hillsborough County
· Pinellas County
· Pasco County
· Southwest Florida
· Florida
· State Radars
· National

Satellite
· South Florida
· North Florida
· Regional
· National

Forecast
· Extended
· Marine
· Discussion
· Florida Forecast
· Hazardous Outlook
· Wave Heights
· Fire

Lightning
· Live
· Tracker
· Loop
· Network
· WASP
· WASP Loop

Tropical Weather
· Hurricane Tracker
· Tropical Satellite
· Sea Temperature
· Discussion
· Buoy Data
· Tracking Tools
· Monthly Summary

Moon and Tides
· Tides
· Moon Phase

Live Products

Fishing Reports

Local News

Other Info

  
 

Southwest Florida Monthly and Yearly Weather Reports

2018: Jan | Feb | Mar | Apr | May | Jun | Jul | Aug | Sep | Oct | Nov | Dec 
2017: Jan | Feb | Mar | Apr | May | Jun | Jul | Aug | Sep | Oct | Nov | Dec 
2016: Jan | Feb | Mar | Apr | May | Jun | Jul | Aug | Sep | Oct | Nov | Dec 
2015: Jan | Feb | Mar | Apr | May | Jun | Jul | Aug | Sep | Oct | Nov | Dec 
2014: Jan | Feb | Mar | Apr | May | Jun | Jul | Aug | Sep | Oct | Nov | Dec 
2013: Jan | Feb | Mar | Apr | May | Jun | Jul | Aug | Sep | Oct | Nov | Dec 
2012: Jan | Feb | Mar | Apr | May | Jun | Jul | Aug | Sep | Oct | Nov | Dec 
2011: Jan | Feb | Mar | Apr | May | Jun | Jul | Aug | Sep | Oct | Nov | Dec 
2010: Jan | Feb | Mar | Apr | May | Jun | Jul | Aug | Sep | Oct | Nov | Dec 
2009: Jan | Feb | Mar | Apr | May | Jun | Jul | Aug | Sep | Oct | Nov | Dec 
2008: Jan | Feb | Mar | Apr | May | Jun | Jul | Aug | Sep | Oct | Nov | Dec 
2007: Jan | Feb | Mar | Apr | May | Jun | Jul | Aug | Sep | Oct | Nov | Dec 
2006: Jan | Feb | Mar | Apr | May | Jun | Jul | Aug | Sep | Oct | Nov | Dec 
2005: Jan | Feb | Mar | Apr | May | Jun | Jul | Aug | Sep | Oct | Nov | Dec 

Report for 2014 07
MONTHLY CLIMATOLOGICAL SUMMARY FOR 7/2014 HEAT COOL MEAN DEG DEG WIND SPEED DOM MEAN MEAN DAY TEMP HIGH TIME LOW TIME DAYS DAYS RAIN AVG HI TIME DIR BAROM HUM --------------------------------------------------------------------------------------- 1 83.8 91.8 1:53pm 76.7 6:46am 0 19 0.00 5 19 6:25pm WNW 29.89 83 2 83.9 90.1 1:44pm 76.3 7:15am 0 19 0.00 5 20 2:29pm W 29.91 82 3 85.6 90.6 3:47pm 81.1 6:43am 0 19 0.00 5 18 2:37pm SW 30.02 77 4 85.1 91.4 1:30pm 79.6 6:03am 0 20 0.00 3 15 2:21pm WSW 30.08 76 5 82.9 91.4 2:10pm 74.7 11:26pm 0 18 0.53 2 14 6:52pm SSE 30.07 82 6 80.7 90.0 2:03pm 74.5 12:22am 0 15 0.01 3 22 6:45pm ENE 30.04 85 7 77.1 82.3 6:20pm 74.8 4:37am 0 12 0.14 1 12 8:24am E 30.06 94 8 81.3 90.7 3:04pm 74.3 4:33am 0 16 0.13 3 18 7:17pm SSE 30.08 85 9 82.2 90.6 2:25pm 73.0 4:07am 0 16 0.01 2 16 4:05pm E 30.08 82 10 79.9 88.8 1:16pm 75.0 11:13pm 0 15 0.40 2 16 5:07pm SE 30.07 88 11 79.6 90.9 12:00pm 74.2 4:43am 0 15 0.17 3 18 3:58pm SE 30.08 88 12 79.2 91.1 1:58pm 75.1 1:34am 0 14 0.07 2 15 2:25pm E 30.08 91 13 81.3 90.8 3:16pm 74.1 6:02am 0 16 0.01 3 15 4:01pm E 30.05 85 14 82.2 90.2 11:07am 76.4 5:50am 0 17 0.00 2 13 8:02pm E 30.04 86 15 79.9 88.4 5:15pm 75.1 9:22am 0 14 0.45 2 12 5:21pm SW 29.99 88 16 79.2 86.9 3:34pm 73.9 6:54am 0 14 0.83 3 25 12:55pm WSW 29.95 91 17 83.6 89.6 2:55pm 76.7 12:00am 0 18 0.11 6 22 6:44am WNW 29.98 83 18 84.1 91.4 3:29pm 76.0 7:00am 0 18 0.00 3 15 5:18pm NW 30.02 81 19 85.0 92.9 12:55pm 77.4 6:58am 0 20 0.00 3 17 5:22pm NW 30.02 78 20 84.8 94.2 2:07pm 77.1 7:18am 0 20 0.00 3 17 3:46pm E 30.01 79 21 83.1 94.0 2:46pm 76.9 7:09am 0 17 0.11 3 18 4:19pm E 30.01 82 22 79.1 89.2 11:35am 75.3 3:39pm 0 14 0.12 2 14 1:34pm E 30.02 93 23 81.5 91.7 2:38pm 74.6 6:42am 0 16 0.00 2 16 7:44pm SSW 30.03 86 24 84.5 91.3 3:29pm 77.4 5:34am 0 19 0.00 2 12 1:06pm SSW 30.01 83 25 84.6 91.1 4:18pm 78.9 6:53am 0 20 0.00 2 12 4:22pm S 30.04 82 26 83.0 92.7 12:29pm 77.4 6:40am 0 18 0.14 1 16 4:01pm E 30.05 84 27 85.0 91.6 3:02pm 78.1 7:00am 0 19 0.00 3 15 3:47pm WSW 30.06 83 28 83.1 88.9 4:31pm 77.6 12:43pm 0 18 0.75 3 18 12:24pm W 30.03 86 29 83.4 90.0 1:52pm 78.6 8:35am 0 18 0.17 4 25 9:50am W 29.97 85 30 84.7 90.6 3:11pm 79.0 6:17am 0 19 0.00 4 15 3:51pm W 29.94 81 31 84.9 91.0 3:22pm 77.7 8:08am 0 20 0.00 3 15 5:10pm ENE 29.95 76 --------------------------------------------------------------------------------------- TOT 82.5 94.2 7/20/14 73.0 7/9/14 0 531 4.15 3 25 7/16/14 E 30.02 84 HEAT BASE: 65.0 COOL BASE: 65.0
 
  
Hurricane Tracker

Hurricane Tracker
Hurricane Tracker
2017 Storm Tracker Forum


Atlantic Storms
No Storms


Sponsored Links

Recent Forum Posts

New Post
Fishing Report Feb 17 2018
Posted by
captruss on Feb 17, 2018 at 09:41:35 AM


New Post
Water Temperature is Everything
Posted by
captruss on Feb 09, 2018 at 06:39:09 AM


***FORUM RULES***

Member Login
Username

Password


Join For Free!!
Click here to Register!

Total Hits
We received
81477116
page views since June 2005

Sponsored Links

Social Networks

Southwest Florida Weather | Central Florida Weather | Florida Weather

Cape Coral | Fort Myers | Bonita Springs | Naples | Punta Gorda | Port Charlotte | Estero | Sanibel | Lehigh Acres | Captiva | Pine Island | Bokeelia | St. James City | Alva | Arcadia | Labelle | Clewiston | Venice

Lee County | Charlotte County | Collier County | Hendry County | Desoto County
Glades County | Monroe County | Sarasota County | Manatee County
Hillsborough County | Pinellas County | Pasco County

Recommend us




Copyright Capeweather.com 2005-2017

DO NOT make decisions that affect life or property based on this data!
PHP-Nuke Copyright © 2004 by Francisco Burzi. This is free software, and you may redistribute it under the GPL. PHP-Nuke comes with absolutely no warranty, for details, see the license.
Page Generation: 0.24 Seconds