Southwest Florida Weather History, Yearly, Monthly, Daily, Records
 Click here to register!Home | Advertise | Forum | Live Webcams | Contact Us | Tell a Friend | Your Account  

Lee County Forecast & Temp
Current Temp: ^vxv007^ °F
Today

Today: Patchy fog before 10am.  Otherwise, partly sunny, with a high near 79. South southeast wind 7 to 11 mph.
Patchy Fog
then Partly
Sunny
Tonight

Tonight: Scattered showers, mainly after 1am.  Patchy fog after 1am.  Otherwise, mostly cloudy, with a low around 63. Southeast wind 5 to 8 mph.  Chance of precipitation is 40%.
Scattered
Showers and
Patchy Fog
Hi 79 °FLo 63 °F
Extended Forecast
Florida Weather Forecast

Southwest Florida Webcams

Main Navigation
Weather
· Home
· Current Conditions
· Storm Warnings
· Station Graphs
· Storm Fronts
· Station History
· Drought Index
· Storm Reports
· Rainfall Estimates
· Fire Graphs

Doppler Radar
· Lee County
· Charlotte County
· Collier County
· Hendry County
· Desoto County
· Glades County
· Sarasota County
· Manatee County
· Hillsborough County
· Pinellas County
· Pasco County
· Southwest Florida
· Florida
· State Radars
· National

Satellite
· South Florida
· North Florida
· Regional
· National

Forecast
· Extended
· Marine
· Discussion
· Florida Forecast
· Hazardous Outlook
· Wave Heights
· Fire

Lightning
· Live
· Tracker
· Loop
· Network
· WASP
· WASP Loop

Tropical Weather
· Hurricane Tracker
· Tropical Satellite
· Sea Temperature
· Discussion
· Buoy Data
· Tracking Tools
· Monthly Summary

Moon and Tides
· Tides
· Moon Phase

Live Products

Fishing Reports

Local News

Other Info

Support Us

Support Capeweather.com
donations

If you find this website useful, consider making
a donation.

Click here to learn more


  
 

Southwest Florida Monthly and Yearly Weather Reports

2018: Jan | Feb | Mar | Apr | May | Jun | Jul | Aug | Sep | Oct | Nov | Dec 
2017: Jan | Feb | Mar | Apr | May | Jun | Jul | Aug | Sep | Oct | Nov | Dec 
2016: Jan | Feb | Mar | Apr | May | Jun | Jul | Aug | Sep | Oct | Nov | Dec 
2015: Jan | Feb | Mar | Apr | May | Jun | Jul | Aug | Sep | Oct | Nov | Dec 
2014: Jan | Feb | Mar | Apr | May | Jun | Jul | Aug | Sep | Oct | Nov | Dec 
2013: Jan | Feb | Mar | Apr | May | Jun | Jul | Aug | Sep | Oct | Nov | Dec 
2012: Jan | Feb | Mar | Apr | May | Jun | Jul | Aug | Sep | Oct | Nov | Dec 
2011: Jan | Feb | Mar | Apr | May | Jun | Jul | Aug | Sep | Oct | Nov | Dec 
2010: Jan | Feb | Mar | Apr | May | Jun | Jul | Aug | Sep | Oct | Nov | Dec 
2009: Jan | Feb | Mar | Apr | May | Jun | Jul | Aug | Sep | Oct | Nov | Dec 
2008: Jan | Feb | Mar | Apr | May | Jun | Jul | Aug | Sep | Oct | Nov | Dec 
2007: Jan | Feb | Mar | Apr | May | Jun | Jul | Aug | Sep | Oct | Nov | Dec 
2006: Jan | Feb | Mar | Apr | May | Jun | Jul | Aug | Sep | Oct | Nov | Dec 
2005: Jan | Feb | Mar | Apr | May | Jun | Jul | Aug | Sep | Oct | Nov | Dec 

Report for 2014 06
MONTHLY CLIMATOLOGICAL SUMMARY FOR 6/2014 HEAT COOL MEAN DEG DEG WIND SPEED DOM MEAN MEAN DAY TEMP HIGH TIME LOW TIME DAYS DAYS RAIN AVG HI TIME DIR BAROM HUM --------------------------------------------------------------------------------------- 1 79.5 92.2 2:46pm 73.7 6:51am 0 14 0.11 4 23 3:57pm E 29.99 84 2 77.2 81.6 10:57am 74.9 1:42pm 0 12 0.73 7 25 12:16pm E 30.02 88 3 78.4 83.5 3:10pm 73.8 6:52am 0 13 0.00 5 16 9:57am E 30.00 73 4 78.8 87.3 1:47pm 70.8 6:13am 0 14 0.00 3 15 9:08am E 29.94 73 5 81.2 90.4 3:01pm 73.8 5:58am 0 16 0.00 3 14 4:03pm W 29.91 76 6 82.3 91.3 2:06pm 74.4 6:56am 0 17 0.00 3 14 5:00pm W 29.94 75 7 82.4 89.7 2:18pm 74.3 6:29am 0 17 0.00 3 16 4:54pm WNW 29.96 76 8 81.7 88.1 12:17pm 75.2 7:02am 0 17 0.01 4 19 5:06pm WNW 29.95 82 9 80.2 88.2 2:48pm 73.9 3:49am 0 15 0.00 3 17 3:03pm WNW 29.94 83 10 81.9 89.9 12:43pm 75.9 6:51am 0 17 0.00 2 13 2:44pm S 29.98 82 11 82.2 89.5 2:56pm 75.6 11:59pm 0 17 0.00 4 29 10:54pm SW 29.96 80 12 81.3 89.1 2:00pm 73.1 3:19am 0 16 0.00 5 17 8:20am SW 29.97 83 13 81.2 89.3 3:38pm 74.0 6:22am 0 16 0.30 3 16 8:34am SW 29.99 80 14 79.1 89.5 2:20pm 70.8 3:39am 0 14 1.92 3 25 1:41am E 30.02 85 15 78.6 90.9 12:28pm 73.0 11:53pm 0 13 0.25 3 30 4:07pm E 30.07 83 16 79.7 94.4 5:08pm 71.0 6:49am 0 15 0.04 4 21 6:30pm NE 30.09 79 17 78.5 90.4 1:10pm 71.5 6:19am 0 14 0.41 3 25 2:42pm ESE 30.08 82 18 77.3 89.5 1:37pm 72.4 4:56pm 0 11 0.12 4 25 2:41pm E 30.07 85 19 79.2 90.7 12:58pm 72.2 5:39am 0 14 0.03 2 12 6:03pm E 30.07 84 20 80.2 87.5 4:31pm 73.4 4:57am 0 15 0.00 3 15 3:44pm W 30.03 83 21 82.5 87.6 3:16pm 76.9 7:04am 0 17 0.00 5 16 12:50pm W 29.98 78 22 82.7 87.8 2:42pm 77.1 6:35am 0 18 0.00 5 19 11:48am W 29.96 77 23 83.8 90.6 2:19pm 78.5 6:57am 0 19 0.00 3 15 2:50pm WSW 30.01 75 24 83.8 91.7 1:51pm 76.1 6:44am 0 18 0.00 3 15 1:47pm WNW 30.09 77 25 82.9 92.6 12:47pm 76.6 6:37am 0 18 0.04 3 22 7:14pm WNW 30.08 82 26 84.2 97.7 4:49pm 72.8 11:59pm 0 19 0.24 3 21 11:20pm SSE 30.04 78 27 79.5 95.4 2:07pm 72.8 12:00am 0 13 0.72 3 17 4:58pm NE 30.06 88 28 81.7 96.6 4:06pm 72.6 7:11am 0 17 0.00 2 19 5:26pm ENE 30.10 80 29 83.6 94.9 12:22pm 74.9 9:08pm 0 19 0.01 4 30 8:02pm NNW 30.08 80 30 83.7 95.4 3:36pm 77.0 12:59am 0 18 0.13 4 24 4:57pm NW 29.97 80 --------------------------------------------------------------------------------------- TOT 81.0 97.7 6/26/14 70.8 6/4/14 0 471 5.06 4 30 6/15/14 E 30.01 80 HEAT BASE: 65.0 COOL BASE: 65.0
 
  
Hurricane Tracker

Hurricane Tracker
Hurricane Tracker
2017 Storm Tracker Forum


Atlantic Storms
No Storms


Sponsored Links

Recent Forum Posts

New Post
I'll Fa Lay for You, Par rum pum pum pum, This Black Drum
Posted by
captruss on Jan 21, 2018 at 01:56:32 PM


New Post
SW FL-Bonita Beach:Weather isn't helping, but we're catching
Posted by
fishbuster on Jan 18, 2018 at 11:46:09 AM


***FORUM RULES***

Member Login
Username

Password


Join For Free!!
Click here to Register!

Total Hits
We received
80728749
page views since June 2005

Sponsored Links

Social Networks

Southwest Florida Weather | Central Florida Weather | Florida Weather

Cape Coral | Fort Myers | Bonita Springs | Naples | Punta Gorda | Port Charlotte | Estero | Sanibel | Lehigh Acres | Captiva | Pine Island | Bokeelia | St. James City | Alva | Arcadia | Labelle | Clewiston | Venice

Lee County | Charlotte County | Collier County | Hendry County | Desoto County
Glades County | Monroe County | Sarasota County | Manatee County
Hillsborough County | Pinellas County | Pasco County

Recommend us




Copyright Capeweather.com 2005-2017

DO NOT make decisions that affect life or property based on this data!
PHP-Nuke Copyright © 2004 by Francisco Burzi. This is free software, and you may redistribute it under the GPL. PHP-Nuke comes with absolutely no warranty, for details, see the license.
Page Generation: 0.23 Seconds