Southwest Florida Weather History, Yearly, Monthly, Daily, Records
 Click here to register!Home | Advertise | Forum | Live Webcams | Contact Us | Tell a Friend | Your Account  

Lee County Forecast & Temp
Today

Today: A 20 percent chance of showers after 4pm.  Mostly sunny, with a high near 85. East wind 7 to 10 mph becoming south southwest in the afternoon.
Mostly Sunny
then Slight
Chance
Showers
Tonight

Tonight: A 10 percent chance of showers before 7pm.  Patchy fog after 4am.  Otherwise, partly cloudy, with a low around 66. South southwest wind around 5 mph becoming light and variable.
Slight Chance
Showers then
Patchy Fog
Hi 85 °FLo 66 °F
Extended Forecast
Florida Weather Forecast

Southwest Florida Webcams

Main Navigation
Weather
· Home
· Current Conditions
· Storm Warnings
· Station Graphs
· Storm Fronts
· Station History
· Drought Index
· Storm Reports
· Rainfall Estimates
· Fire Graphs

Doppler Radar
· Lee County
· Charlotte County
· Collier County
· Hendry County
· Desoto County
· Glades County
· Sarasota County
· Manatee County
· Hillsborough County
· Pinellas County
· Pasco County
· Southwest Florida
· Florida
· State Radars
· National

Satellite
· South Florida
· North Florida
· Regional
· National

Forecast
· Extended
· Marine
· Discussion
· Florida Forecast
· Hazardous Outlook
· Wave Heights
· Fire

Lightning
· Live
· Tracker
· Loop
· Network
· WASP
· WASP Loop

Tropical Weather
· Hurricane Tracker
· Tropical Satellite
· Sea Temperature
· Discussion
· Buoy Data
· Tracking Tools
· Monthly Summary

Moon and Tides
· Tides
· Moon Phase

Live Products

Fishing Reports

Local News

Other Info

  
 

Southwest Florida Monthly and Yearly Weather Reports

2018: Jan | Feb | Mar | Apr | May | Jun | Jul | Aug | Sep | Oct | Nov | Dec 
2017: Jan | Feb | Mar | Apr | May | Jun | Jul | Aug | Sep | Oct | Nov | Dec 
2016: Jan | Feb | Mar | Apr | May | Jun | Jul | Aug | Sep | Oct | Nov | Dec 
2015: Jan | Feb | Mar | Apr | May | Jun | Jul | Aug | Sep | Oct | Nov | Dec 
2014: Jan | Feb | Mar | Apr | May | Jun | Jul | Aug | Sep | Oct | Nov | Dec 
2013: Jan | Feb | Mar | Apr | May | Jun | Jul | Aug | Sep | Oct | Nov | Dec 
2012: Jan | Feb | Mar | Apr | May | Jun | Jul | Aug | Sep | Oct | Nov | Dec 
2011: Jan | Feb | Mar | Apr | May | Jun | Jul | Aug | Sep | Oct | Nov | Dec 
2010: Jan | Feb | Mar | Apr | May | Jun | Jul | Aug | Sep | Oct | Nov | Dec 
2009: Jan | Feb | Mar | Apr | May | Jun | Jul | Aug | Sep | Oct | Nov | Dec 
2008: Jan | Feb | Mar | Apr | May | Jun | Jul | Aug | Sep | Oct | Nov | Dec 
2007: Jan | Feb | Mar | Apr | May | Jun | Jul | Aug | Sep | Oct | Nov | Dec 
2006: Jan | Feb | Mar | Apr | May | Jun | Jul | Aug | Sep | Oct | Nov | Dec 
2005: Jan | Feb | Mar | Apr | May | Jun | Jul | Aug | Sep | Oct | Nov | Dec 

Report for 2014 05
MONTHLY CLIMATOLOGICAL SUMMARY FOR 5/2014 HEAT COOL MEAN DEG DEG WIND SPEED DOM MEAN MEAN DAY TEMP HIGH TIME LOW TIME DAYS DAYS RAIN AVG HI TIME DIR BAROM HUM --------------------------------------------------------------------------------------- 1 78.1 83.7 10:57am 76.3 3:50am 0 6 0.00 3 18 10:57am SSE 29.91 87 2 78.7 86.4 1:49pm 70.9 10:12pm 0 13 0.21 5 22 1:14pm S 29.90 84 3 74.2 79.2 12:05pm 70.5 11:58pm 0 9 0.67 4 28 12:50pm ENE 29.92 89 4 76.0 89.0 4:53pm 62.2 7:17am 0 11 0.00 5 20 10:22am NNE 30.03 60 5 75.5 92.6 4:17pm 60.7 7:21am 1 11 0.00 3 15 1:14pm ENE 30.01 66 6 76.9 86.6 2:03pm 66.7 7:08am 0 12 0.00 3 15 4:27pm WNW 29.98 73 7 79.4 90.3 1:56pm 68.1 6:59am 0 14 0.00 3 14 11:58am E 30.05 72 8 81.0 91.2 2:11pm 71.7 6:52am 0 16 0.00 4 19 10:05am ESE 30.10 70 9 80.0 91.1 1:43pm 71.0 7:05am 0 15 0.00 4 16 9:29am ESE 30.09 73 10 80.2 88.0 2:39pm 72.9 6:46am 0 15 0.00 4 15 12:24am ESE 30.06 78 11 80.5 90.1 2:38pm 73.6 6:29am 0 16 0.00 4 17 10:31pm ESE 30.05 75 12 80.8 90.8 2:55pm 71.1 7:01am 0 16 0.00 6 21 5:50pm E 30.05 68 13 80.5 90.1 1:15pm 73.7 6:01am 0 15 0.12 7 26 3:08pm E 29.99 77 14 79.3 89.1 12:35pm 73.5 6:50am 0 14 0.03 5 25 1:47pm SE 29.97 81 15 78.7 85.1 2:50pm 74.4 6:55am 0 14 0.23 5 21 5:44pm ESE 29.94 86 16 76.9 86.4 4:50pm 67.2 11:48pm 0 11 0.00 7 22 2:02pm NE 30.02 58 17 74.2 88.8 4:37pm 60.0 6:53am 1 10 0.00 7 24 11:46am NE 30.08 57 18 75.5 88.4 3:13pm 61.8 7:00am 0 11 0.00 7 24 1:44pm NE 30.08 65 19 77.2 89.8 3:43pm 64.0 6:25am 0 11 0.00 6 25 5:36pm ENE 30.09 66 20 78.7 92.2 3:53pm 65.0 6:49am 0 13 0.00 6 22 3:59pm ENE 30.12 66 21 77.9 90.8 4:13pm 65.1 7:10am 0 26 0.00 4 17 1:45pm ENE 30.12 66 22 77.9 92.0 2:45pm 67.1 6:51am 0 12 0.00 4 18 4:43pm ESE 30.09 75 23 78.5 88.9 2:29pm 69.3 7:05am 0 13 0.00 4 18 3:48pm NW 30.05 78 24 80.3 89.8 2:55pm 72.8 6:57am 0 15 0.00 4 17 6:11pm NW 30.03 77 25 81.7 89.0 2:58pm 74.2 6:44am 0 16 0.01 3 15 3:00pm SSW 30.04 76 26 80.5 91.7 1:17pm 73.3 5:23am 0 16 0.04 3 22 5:55pm SE 30.10 75 27 77.5 91.4 3:14pm 69.2 6:03pm 0 12 0.58 2 24 5:17pm ENE 30.08 86 28 79.8 89.0 1:32pm 71.1 6:44am 0 14 0.00 3 20 3:53pm E 30.01 80 29 80.2 88.7 2:24pm 73.9 6:10am 0 15 0.00 3 25 3:26pm ESE 29.98 78 30 79.6 88.6 2:50pm 73.5 6:44am 0 15 0.00 4 15 2:12pm E 29.97 82 31 78.7 91.0 2:40pm 72.5 6:20am 0 13 0.29 3 22 5:24pm E 29.98 83 --------------------------------------------------------------------------------------- TOT 78.6 92.6 5/5/14 60.0 5/17/14 2 422 2.18 4 28 5/3/14 E 30.03 74 HEAT BASE: 65.0 COOL BASE: 65.0
 
  
Hurricane Tracker

Hurricane Tracker
Hurricane Tracker
2017 Storm Tracker Forum


Atlantic Storms


Sponsored Links

Recent Forum Posts

New Post
Fabulous Florida Fishing with Tide Walker Charters
Posted by
captruss on Feb 24, 2018 at 07:15:52 AM


New Post
SW FL-Bonita Beach: Still windy, still fishing
Posted by
fishbuster on Feb 23, 2018 at 05:40:40 PM


***FORUM RULES***

Member Login
Username

Password


Join For Free!!
Click here to Register!

Total Hits
We received
81628711
page views since June 2005

Sponsored Links

Social Networks

Southwest Florida Weather | Central Florida Weather | Florida Weather

Cape Coral | Fort Myers | Bonita Springs | Naples | Punta Gorda | Port Charlotte | Estero | Sanibel | Lehigh Acres | Captiva | Pine Island | Bokeelia | St. James City | Alva | Arcadia | Labelle | Clewiston | Venice

Lee County | Charlotte County | Collier County | Hendry County | Desoto County
Glades County | Monroe County | Sarasota County | Manatee County
Hillsborough County | Pinellas County | Pasco County

Recommend us




Copyright Capeweather.com 2005-2017

DO NOT make decisions that affect life or property based on this data!
PHP-Nuke Copyright © 2004 by Francisco Burzi. This is free software, and you may redistribute it under the GPL. PHP-Nuke comes with absolutely no warranty, for details, see the license.
Page Generation: 0.22 Seconds