Southwest Florida Weather History, Yearly, Monthly, Daily, Records
 Click here to register!Home | Advertise | Forum | Live Webcams | Contact Us | Tell a Friend | Your Account  

Lee County Forecast & Temp
This
Afternoon
This Afternoon: Sunny, with a high near 84. West northwest wind around 6 mph.
Sunny
Tonight

Tonight: Partly cloudy, with a low around 65. Light and variable wind becoming east 5 to 7 mph after midnight.
Partly Cloudy
Hi 84 °FLo 65 °F
Extended Forecast
Florida Weather Forecast

Southwest Florida Webcams

Main Navigation
Weather
· Home
· Current Conditions
· Storm Warnings
· Station Graphs
· Storm Fronts
· Station History
· Drought Index
· Storm Reports
· Rainfall Estimates
· Fire Graphs

Doppler Radar
· Lee County
· Charlotte County
· Collier County
· Hendry County
· Desoto County
· Glades County
· Sarasota County
· Manatee County
· Hillsborough County
· Pinellas County
· Pasco County
· Southwest Florida
· Florida
· State Radars
· National

Satellite
· South Florida
· North Florida
· Regional
· National

Forecast
· Extended
· Marine
· Discussion
· Florida Forecast
· Hazardous Outlook
· Wave Heights
· Fire

Lightning
· Live
· Tracker
· Loop
· Network
· WASP
· WASP Loop

Tropical Weather
· Hurricane Tracker
· Tropical Satellite
· Sea Temperature
· Discussion
· Buoy Data
· Tracking Tools
· Monthly Summary

Moon and Tides
· Tides
· Moon Phase

Live Products

Fishing Reports

Local News

Other Info

  
 

Southwest Florida Monthly and Yearly Weather Reports

2018: Jan | Feb | Mar | Apr | May | Jun | Jul | Aug | Sep | Oct | Nov | Dec 
2017: Jan | Feb | Mar | Apr | May | Jun | Jul | Aug | Sep | Oct | Nov | Dec 
2016: Jan | Feb | Mar | Apr | May | Jun | Jul | Aug | Sep | Oct | Nov | Dec 
2015: Jan | Feb | Mar | Apr | May | Jun | Jul | Aug | Sep | Oct | Nov | Dec 
2014: Jan | Feb | Mar | Apr | May | Jun | Jul | Aug | Sep | Oct | Nov | Dec 
2013: Jan | Feb | Mar | Apr | May | Jun | Jul | Aug | Sep | Oct | Nov | Dec 
2012: Jan | Feb | Mar | Apr | May | Jun | Jul | Aug | Sep | Oct | Nov | Dec 
2011: Jan | Feb | Mar | Apr | May | Jun | Jul | Aug | Sep | Oct | Nov | Dec 
2010: Jan | Feb | Mar | Apr | May | Jun | Jul | Aug | Sep | Oct | Nov | Dec 
2009: Jan | Feb | Mar | Apr | May | Jun | Jul | Aug | Sep | Oct | Nov | Dec 
2008: Jan | Feb | Mar | Apr | May | Jun | Jul | Aug | Sep | Oct | Nov | Dec 
2007: Jan | Feb | Mar | Apr | May | Jun | Jul | Aug | Sep | Oct | Nov | Dec 
2006: Jan | Feb | Mar | Apr | May | Jun | Jul | Aug | Sep | Oct | Nov | Dec 
2005: Jan | Feb | Mar | Apr | May | Jun | Jul | Aug | Sep | Oct | Nov | Dec 

Report for 2014 04
MONTHLY CLIMATOLOGICAL SUMMARY FOR 4/2014 HEAT COOL MEAN DEG DEG WIND SPEED DOM MEAN MEAN DAY TEMP HIGH TIME LOW TIME DAYS DAYS RAIN AVG HI TIME DIR BAROM HUM --------------------------------------------------------------------------------------- 1 69.8 86.1 3:42pm 57.4 4:57am 2 7 0.00 3 13 1:31pm WNW 30.11 75 2 69.9 80.1 12:42pm 59.9 7:33am 1 6 0.00 2 13 11:43am SSW 30.13 78 3 70.8 79.4 1:52pm 61.4 7:19am 1 6 0.00 3 14 2:54pm SSW 30.08 81 4 72.9 81.7 2:52pm 64.9 6:22am 0 8 0.00 3 19 10:48am S 30.02 80 5 74.5 84.4 3:00pm 66.9 7:26am 0 10 0.00 2 13 3:43pm SSW 30.00 81 6 74.6 83.0 3:24pm 66.1 7:35am 0 10 0.00 3 23 1:07pm SW 29.97 82 7 77.7 84.9 12:42pm 71.0 2:35am 0 12 0.01 6 26 2:31pm SSE 29.89 82 8 73.8 78.1 1:01am 68.5 5:42pm 0 9 0.51 8 25 1:38pm S 29.82 88 9 68.3 73.4 2:24pm 62.0 11:56pm 0 4 0.00 10 29 11:00am WNW 30.01 65 10 69.9 82.5 3:57pm 57.1 6:39am 2 7 0.00 5 20 8:10pm E 30.19 64 11 72.2 84.6 2:07pm 59.9 7:05am 1 8 0.00 4 16 12:05pm E 30.15 67 12 75.2 87.5 3:54pm 65.6 6:58am 0 10 0.00 5 19 9:40pm E 30.09 70 13 73.1 85.1 1:23pm 64.3 7:02am 0 18 0.00 6 23 2:02pm E 30.03 80 14 76.5 84.8 1:41pm 69.3 6:57am 0 12 0.00 3 14 1:04am SSW 29.93 85 15 76.8 84.3 12:26pm 70.3 11:41pm 0 12 0.00 6 21 4:03pm SSE 29.88 88 16 71.2 80.6 5:59pm 63.4 7:10am 0 6 0.00 7 21 11:30pm ENE 30.01 77 17 75.2 90.4 3:16pm 68.0 5:25am 0 10 0.32 6 26 4:32pm ENE 30.07 82 18 75.9 83.4 1:04pm 72.1 4:49am 0 11 0.00 5 21 1:10pm E 29.98 87 19 72.5 75.7 12:55pm 67.3 10:13pm 0 7 0.00 8 21 2:19pm WNW 29.94 80 20 69.9 79.7 5:34pm 63.1 6:11am 0 5 0.00 4 17 12:01am NNW 30.00 77 21 67.9 76.8 3:59pm 59.8 7:11am 1 4 0.00 5 17 4:46pm NE 30.00 79 22 69.4 77.7 4:13pm 60.3 7:07am 1 5 0.00 4 17 2:18pm NNE 29.92 78 23 71.0 81.4 2:30pm 62.8 7:02am 0 5 0.00 2 14 3:25pm SW 29.96 81 24 71.7 81.4 2:30pm 62.8 7:02am 0 7 0.00 3 14 3:25pm SW 29.96 81 25 74.7 85.3 1:34pm 64.9 6:20am 0 9 0.00 3 17 6:01pm NW 29.97 76 26 76.1 88.4 2:58pm 65.9 6:24am 0 11 0.00 4 18 3:54pm NW 29.96 78 27 78.2 88.3 3:15pm 69.3 6:11am 0 12 0.00 3 16 4:21pm SSW 29.95 79 28 79.5 88.1 3:27pm 71.2 7:05am 0 14 0.00 4 19 1:57pm SSE 29.91 80 29 80.5 88.3 2:09pm 74.2 7:13am 0 15 0.00 4 23 2:00pm SSE 29.90 83 30 81.1 88.5 3:58pm 75.6 7:05am 0 16 0.00 4 18 10:24am SSE 29.98 83 --------------------------------------------------------------------------------------- TOT 73.7 90.4 4/17/14 57.1 4/10/14 9 274 0.84 5 29 4/9/14 WNW 29.99 79 HEAT BASE: 65.0 COOL BASE: 65.0
 
  
Hurricane Tracker

Hurricane Tracker
Hurricane Tracker
2017 Storm Tracker Forum


Atlantic Storms
No Storms


Sponsored Links

Recent Forum Posts

New Post
Fishing Report Feb 17 2018
Posted by
captruss on Feb 17, 2018 at 09:41:35 AM


New Post
Water Temperature is Everything
Posted by
captruss on Feb 09, 2018 at 06:39:09 AM


***FORUM RULES***

Member Login
Username

Password


Join For Free!!
Click here to Register!

Total Hits
We received
81477113
page views since June 2005

Sponsored Links

Social Networks

Southwest Florida Weather | Central Florida Weather | Florida Weather

Cape Coral | Fort Myers | Bonita Springs | Naples | Punta Gorda | Port Charlotte | Estero | Sanibel | Lehigh Acres | Captiva | Pine Island | Bokeelia | St. James City | Alva | Arcadia | Labelle | Clewiston | Venice

Lee County | Charlotte County | Collier County | Hendry County | Desoto County
Glades County | Monroe County | Sarasota County | Manatee County
Hillsborough County | Pinellas County | Pasco County

Recommend us




Copyright Capeweather.com 2005-2017

DO NOT make decisions that affect life or property based on this data!
PHP-Nuke Copyright © 2004 by Francisco Burzi. This is free software, and you may redistribute it under the GPL. PHP-Nuke comes with absolutely no warranty, for details, see the license.
Page Generation: 0.30 Seconds