Southwest Florida Weather History, Yearly, Monthly, Daily, Records
 Click here to register!Home | Advertise | Forum | Live Webcams | Contact Us | Tell a Friend | Your Account  

Lee County Forecast
Tonight

Tonight: Mostly clear, with a low around 49. Light and variable wind.
Mostly Clear
Thursday

Thursday: Mostly sunny, with a high near 71. Calm wind becoming southwest 5 to 8 mph in the morning.
Mostly Sunny
Lo 49 °FHi 71 °F
Extended Forecast
Florida Weather Forecast

Southwest Florida Webcams

Main Navigation
Weather
· Home
· Current Conditions
· Storm Warnings
· Station Graphs
· Storm Fronts
· Station History
· Drought Index
· Storm Reports
· Rainfall Estimates
· Fire Graphs

Doppler Radar
· Lee County
· Charlotte County
· Collier County
· Hendry County
· Desoto County
· Glades County
· Sarasota County
· Manatee County
· Hillsborough County
· Pinellas County
· Pasco County
· Southwest Florida
· Florida
· State Radars
· National

Satellite
· South Florida
· North Florida
· Regional
· National

Forecast
· Extended
· Marine
· Discussion
· Florida Forecast
· Hazardous Outlook
· Wave Heights
· Fire

Lightning
· Live
· Tracker
· Loop
· Network
· WASP
· WASP Loop

Tropical Weather
· Hurricane Tracker
· Tropical Satellite
· Sea Temperature
· Discussion
· Buoy Data
· Tracking Tools
· Monthly Summary

Moon and Tides
· Tides
· Moon Phase

Live Products

Fishing Reports

Local News

Other Info

Support Us

Support Capeweather.com
donations

If you find this website useful, consider making
a donation.

Click here to learn more


  
 

Southwest Florida Monthly and Yearly Weather Reports

2017: Jan | Feb | Mar | Apr | May | Jun | Jul | Aug | Sep | Oct | Nov | Dec 
2016: Jan | Feb | Mar | Apr | May | Jun | Jul | Aug | Sep | Oct | Nov | Dec 
2015: Jan | Feb | Mar | Apr | May | Jun | Jul | Aug | Sep | Oct | Nov | Dec 
2014: Jan | Feb | Mar | Apr | May | Jun | Jul | Aug | Sep | Oct | Nov | Dec 
2013: Jan | Feb | Mar | Apr | May | Jun | Jul | Aug | Sep | Oct | Nov | Dec 
2012: Jan | Feb | Mar | Apr | May | Jun | Jul | Aug | Sep | Oct | Nov | Dec 
2011: Jan | Feb | Mar | Apr | May | Jun | Jul | Aug | Sep | Oct | Nov | Dec 
2010: Jan | Feb | Mar | Apr | May | Jun | Jul | Aug | Sep | Oct | Nov | Dec 
2009: Jan | Feb | Mar | Apr | May | Jun | Jul | Aug | Sep | Oct | Nov | Dec 
2008: Jan | Feb | Mar | Apr | May | Jun | Jul | Aug | Sep | Oct | Nov | Dec 
2007: Jan | Feb | Mar | Apr | May | Jun | Jul | Aug | Sep | Oct | Nov | Dec 
2006: Jan | Feb | Mar | Apr | May | Jun | Jul | Aug | Sep | Oct | Nov | Dec 
2005: Jan | Feb | Mar | Apr | May | Jun | Jul | Aug | Sep | Oct | Nov | Dec 

Report for 2014 03
MONTHLY CLIMATOLOGICAL SUMMARY FOR 3/2014 HEAT COOL MEAN DEG DEG WIND SPEED DOM MEAN MEAN DAY TEMP HIGH TIME LOW TIME DAYS DAYS RAIN AVG HI TIME DIR BAROM HUM --------------------------------------------------------------------------------------- 1 63.6 79.2 1:51pm 50.9 7:02am 5 4 0.00 3 12 12:05pm NW 30.12 73 2 68.9 82.6 3:07pm 58.1 7:10am 2 5 0.00 3 13 11:36am ENE 30.11 79 3 69.9 79.2 1:10pm 60.7 7:20am 1 5 0.00 2 15 2:05pm W 30.03 82 4 71.1 82.8 3:12pm 63.1 5:08am 0 6 0.00 2 12 4:12pm W 30.00 84 5 72.5 81.9 12:29pm 63.7 6:48am 0 7 0.00 2 13 1:31pm ESE 29.97 86 6 69.4 73.8 12:23pm 67.1 2:08pm 0 4 0.49 4 24 1:10pm WSW 29.85 93 7 66.8 71.0 12:43pm 59.5 11:54pm 1 3 0.00 8 26 1:49pm WNW 29.89 80 8 61.7 73.8 3:05pm 51.9 7:17am 5 2 0.00 4 14 4:14am NE 30.09 74 9 65.7 79.0 3:31pm 55.1 7:48am 3 4 0.00 3 13 3:59pm NE 30.12 79 10 67.1 78.4 2:44pm 58.7 6:48am 2 4 0.00 2 13 5:04pm WNW 30.06 79 11 69.4 78.8 5:08pm 60.4 7:19am 1 5 0.00 2 13 3:23pm S 29.92 84 12 74.6 81.4 1:42pm 69.9 11:56pm 0 10 0.00 7 22 4:47pm SSW 29.83 84 13 67.9 76.4 3:15pm 56.5 11:58pm 1 4 0.00 7 22 7:49am NW 30.01 65 14 65.0 81.6 5:07pm 48.7 7:54am 5 5 0.00 4 18 12:00pm NE 30.18 63 15 69.8 82.0 4:31pm 58.2 6:46am 2 6 0.00 3 14 11:28am ESE 30.08 69 16 72.1 81.2 2:16pm 62.1 7:57am 1 8 0.00 5 27 3:30pm SE 29.89 77 17 75.1 79.1 11:51am 72.2 2:26am 0 9 0.03 7 22 10:57pm S 29.73 88 18 70.5 77.3 2:29pm 62.6 11:59pm 0 6 0.27 8 28 3:35am NW 29.86 76 19 66.4 78.7 1:59pm 57.5 4:17am 2 4 0.00 4 17 7:18pm NE 30.03 80 20 67.5 78.1 12:45pm 59.5 6:41am 1 3 0.00 5 18 4:37pm NNW 30.01 83 21 72.0 88.5 3:02pm 62.5 3:38am 1 8 0.00 4 15 12:13pm NNE 30.01 80 22 71.6 80.4 3:10pm 64.8 7:49am 0 7 0.00 2 12 11:32am WSW 30.03 83 23 74.7 83.4 1:02pm 67.2 7:42am 0 9 0.00 4 17 3:05pm W 30.02 83 24 69.1 72.8 12:00am 65.1 11:04pm 0 4 0.77 3 17 5:32am NE 29.99 91 25 68.9 76.2 1:39pm 63.2 11:54pm 0 4 0.29 6 27 5:12pm NW 29.92 84 26 61.6 71.8 5:13pm 50.9 8:07am 4 1 0.00 7 24 8:39am ENE 30.18 49 27 63.2 72.8 3:36pm 53.3 6:28am 4 2 0.00 5 16 12:11am ENE 30.21 76 28 72.7 84.9 1:44pm 63.4 4:31am 0 8 0.00 4 20 10:18am ESE 30.08 79 29 72.3 76.3 11:30am 67.7 7:44pm 0 7 0.78 5 27 4:47pm SSE 29.97 92 30 68.4 77.1 12:45pm 59.0 11:59pm 1 4 0.00 7 19 2:32am NNW 30.01 73 31 64.7 79.5 3:33pm 54.2 7:51am 4 4 0.00 3 16 10:27am NE 30.10 69 --------------------------------------------------------------------------------------- TOT 68.8 88.5 3/21/14 48.7 3/14/14 45 161 2.63 4 28 3/18/14 NE 30.01 79 HEAT BASE: 65.0 COOL BASE: 65.0
 
  
Hurricane Tracker

Hurricane Tracker
Hurricane Tracker
2017 Storm Tracker Forum


Atlantic Storms
No Storms


Sponsored Links

Recent Forum Posts

New Post
SW FL-Bonita Beach: Sharks, Grouper, Snapper; Sheeps, Drum
Posted by
fishbuster on Nov 30, 2017 at 02:32:09 PM


New Post
SW FL-Bonita Beach:Nice trout Inshore;Keeper Mutton Offshore
Posted by
fishbuster on Nov 09, 2017 at 02:17:33 PM


New Post
Philippe- Final Advisory
Posted by
ccstorms on Oct 29, 2017 at 05:36:13 PM


New Post
Invest 92L- Deactivated
Posted by
ccstorms on Oct 17, 2017 at 06:12:31 AM


New Post
Ophelia- Final Advisory
Posted by
ccstorms on Oct 16, 2017 at 06:32:58 AM


New Post
Nate- Final Advisory
Posted by
ccstorms on Oct 08, 2017 at 02:04:43 PM


***FORUM RULES***

Member Login
Username

Password


Join For Free!!
Click here to Register!

Total Hits
We received
79804600
page views since June 2005

Sponsored Links

Social Networks

Southwest Florida Weather | Central Florida Weather | Florida Weather

Cape Coral | Fort Myers | Bonita Springs | Naples | Punta Gorda | Port Charlotte | Estero | Sanibel | Lehigh Acres | Captiva | Pine Island | Bokeelia | St. James City | Alva | Arcadia | Labelle | Clewiston | Venice

Lee County | Charlotte County | Collier County | Hendry County | Desoto County
Glades County | Monroe County | Sarasota County | Manatee County
Hillsborough County | Pinellas County | Pasco County

Recommend us




Copyright Capeweather.com 2005-2017

DO NOT make decisions that affect life or property based on this data!
PHP-Nuke Copyright © 2004 by Francisco Burzi. This is free software, and you may redistribute it under the GPL. PHP-Nuke comes with absolutely no warranty, for details, see the license.
Page Generation: 0.24 Seconds