Southwest Florida Weather History, Yearly, Monthly, Daily, Records
 Click here to register!Home | Advertise | Forum | Live Webcams | Contact Us | Tell a Friend | Your Account  

Lee County Forecast
Tonight

Tonight: Partly cloudy, with a low around 77. East southeast wind around 5 mph becoming calm  after midnight.
Partly Cloudy
Monday

Monday: Isolated showers and thunderstorms before 5pm.  Mostly sunny, with a high near 92. Heat index values as high as 102. Light and variable wind becoming southwest 5 to 9 mph in the morning.  Chance of precipitation is 20%.
Isolated
T-storms
Lo 77 °FHi 92 °F
Extended Forecast
Florida Weather Forecast

Southwest Florida Webcams

Main Navigation
Weather
· Home
· Current Conditions
· Storm Warnings
· Station Graphs
· Storm Fronts
· Temperature Map
· Station History
· Drought Index
· Storm Reports
· Rainfall Estimates
· Fire Graphs

Doppler Radar
· Lee County
· Charlotte County
· Collier County
· Hendry County
· Desoto County
· Glades County
· Sarasota County
· Manatee County
· Hillsborough County
· Pinellas County
· Pasco County
· Southwest Florida
· Florida
· State Radars
· National

Satellite
· South Florida
· North Florida
· Regional
· National

Forecast
· Extended
· Marine
· Discussion
· Florida Forecast
· Hazardous Outlook
· Wave Heights
· Fire

Lightning
· Live
· Tracker
· Loop
· Network
· WASP
· WASP Loop
· 3 Hour Forecast

Tropical Weather
· Hurricane Tracker
· Tropical Satellite
· Sea Temperature
· Discussion
· Buoy Data
· Tracking Tools
· Jeff Masters Blog
· Monthly Summary

Moon and Tides
· Tides
· Moon Phase

Live Products

Fishing Reports

Local News

Other Info

  
 

Southwest Florida Monthly and Yearly Weather Reports

2017: Jan | Feb | Mar | Apr | May | Jun | Jul | Aug | Sep | Oct | Nov | Dec 
2016: Jan | Feb | Mar | Apr | May | Jun | Jul | Aug | Sep | Oct | Nov | Dec 
2015: Jan | Feb | Mar | Apr | May | Jun | Jul | Aug | Sep | Oct | Nov | Dec 
2014: Jan | Feb | Mar | Apr | May | Jun | Jul | Aug | Sep | Oct | Nov | Dec 
2013: Jan | Feb | Mar | Apr | May | Jun | Jul | Aug | Sep | Oct | Nov | Dec 
2012: Jan | Feb | Mar | Apr | May | Jun | Jul | Aug | Sep | Oct | Nov | Dec 
2011: Jan | Feb | Mar | Apr | May | Jun | Jul | Aug | Sep | Oct | Nov | Dec 
2010: Jan | Feb | Mar | Apr | May | Jun | Jul | Aug | Sep | Oct | Nov | Dec 
2009: Jan | Feb | Mar | Apr | May | Jun | Jul | Aug | Sep | Oct | Nov | Dec 
2008: Jan | Feb | Mar | Apr | May | Jun | Jul | Aug | Sep | Oct | Nov | Dec 
2007: Jan | Feb | Mar | Apr | May | Jun | Jul | Aug | Sep | Oct | Nov | Dec 
2006: Jan | Feb | Mar | Apr | May | Jun | Jul | Aug | Sep | Oct | Nov | Dec 
2005: Jan | Feb | Mar | Apr | May | Jun | Jul | Aug | Sep | Oct | Nov | Dec 

Report for 2014 02
MONTHLY CLIMATOLOGICAL SUMMARY FOR 2/2014 HEAT COOL MEAN DEG DEG WIND SPEED DOM MEAN MEAN DAY TEMP HIGH TIME LOW TIME DAYS DAYS RAIN AVG HI TIME DIR BAROM HUM --------------------------------------------------------------------------------------- 1 71.9 80.0 3:58pm 67.1 11:56pm 0 7 0.00 2 10 2:46pm SSW 30.07 90 2 72.0 83.7 12:05pm 63.5 6:26am 0 7 0.00 2 12 10:25am SSW 30.07 83 3 72.9 82.4 12:32pm 66.4 1:25am 0 8 0.00 2 12 11:08am WSW 30.05 88 4 74.7 85.3 12:51pm 68.7 7:40am 0 17 0.01 2 16 2:02pm SSW 30.04 85 5 74.3 81.8 3:28pm 69.2 1:42am 0 9 0.00 2 16 1:15pm SSW 30.03 90 6 73.8 82.3 1:20pm 69.4 11:30pm 0 9 0.00 2 10 2:58pm SSW 30.05 89 7 68.9 82.7 2:43pm 58.5 7:01am 1 5 0.00 5 17 3:53am NE 30.08 82 8 70.1 80.2 12:12pm 64.7 11:16pm 0 5 0.00 4 14 7:46pm ENE 30.05 88 9 67.7 79.3 2:44pm 62.0 10:19pm 1 4 0.00 4 14 4:08pm NE 30.04 83 10 66.5 80.1 12:56pm 56.3 7:21am 3 4 0.00 3 12 3:09pm ENE 30.04 77 11 66.3 77.5 12:43pm 57.7 7:24am 2 4 0.00 3 14 12:49pm WNW 30.02 82 12 67.2 78.0 2:18pm 58.0 5:52am 2 4 0.45 3 28 7:21pm WNW 29.90 89 13 63.2 69.2 3:36am 54.4 11:57pm 2 1 0.09 9 31 2:19pm WNW 29.86 80 14 56.2 66.6 12:20pm 46.2 7:08am 9 0 0.00 3 13 1:49pm NE 30.01 76 15 64.9 74.1 1:38pm 53.3 11:59pm 3 3 0.00 6 24 10:56am NW 30.04 73 16 58.4 74.3 2:17pm 46.1 6:49am 8 2 0.00 3 13 3:05pm NE 30.15 70 17 63.8 83.7 3:10pm 49.7 7:00am 6 5 0.00 3 13 10:02am NNE 30.17 69 18 66.7 83.2 3:07pm 55.1 7:18am 3 5 0.00 2 11 3:22pm WNW 30.17 79 19 68.8 80.6 2:48pm 58.4 6:31am 2 6 0.00 2 12 3:24pm SW 30.11 81 20 72.7 85.0 1:01pm 62.6 7:04am 0 8 0.00 3 14 10:16am SE 30.07 82 21 74.8 82.7 1:06pm 70.6 1:37am 0 9 0.00 4 20 10:35am S 30.03 88 22 74.7 82.3 3:49pm 70.9 11:58pm 0 10 0.00 3 13 1:05pm S 30.04 90 23 73.0 82.5 3:22pm 66.2 6:46am 0 8 0.00 2 13 12:28pm W 30.03 88 24 72.6 80.3 1:45pm 65.8 6:02am 0 7 0.00 3 14 2:38pm WNW 30.01 87 25 69.5 77.5 12:52pm 64.7 6:52am 0 5 0.00 3 13 5:54pm WNW 30.00 88 26 70.4 76.9 12:37pm 62.8 7:12am 0 6 0.01 5 21 12:41pm SW 29.85 90 27 65.4 71.7 10:59am 57.0 11:46pm 2 2 0.20 5 17 2:50am NW 29.87 87 28 60.8 72.2 3:35pm 52.8 5:39am 5 1 0.11 4 14 2:45pm NNE 30.01 75 --------------------------------------------------------------------------------------- TOT 68.6 85.3 2/4/14 46.1 2/16/14 50 159 0.87 3 31 2/13/14 WNW 30.03 83 HEAT BASE: 65.0 COOL BASE: 65.0
 
  
Hurricane Tracker

Hurricane Tracker
Hurricane Tracker
2017 Storm Tracker Forum


Atlantic Storms
No Storms


Sponsored Links

Recent Forum Posts

New Post
SW FL-Bonita Beach: Grouper, snapper, redfish, black drum
Posted by
fishbuster on Jul 20, 2017 at 11:36:41 AM


New Post
Some webcams are offline due to lightning
Posted by
chris on Jul 17, 2017 at 10:23:12 PM


New Post
Surely 50MPH sustained this afternoon
Posted by
chris on Jul 12, 2017 at 08:56:15 PM


New Post
Tropical Depression 4 now Remnant Low 7/7
Posted by
ccstorms on Jul 10, 2017 at 06:30:03 PM


New Post
SW FL-Bonita Beach: June wrap-up--Grouper, Snapper, Shark
Posted by
fishbuster on Jul 01, 2017 at 10:12:57 AM


New Post
Lightning strikes pregnant woman, discount store in FM
Posted by
chris on Jun 29, 2017 at 07:31:54 PM


***FORUM RULES***

Sponsored Links

Member Login
Username

Password


Join For Free!!
Click here to Register!

Total Hits
We received
74757465
page views since June 2005

Free Weather Graphics

Free weather stickers

Add a weather graphic to your website with the latest conditions!
Click for Details

Sponsored Links

Social Networks

Southwest Florida Weather | Central Florida Weather | Florida Weather

Cape Coral | Fort Myers | Bonita Springs | Naples | Punta Gorda | Port Charlotte | Estero | Sanibel | Lehigh Acres | Captiva | Pine Island | Bokeelia | St. James City | Alva | Arcadia | Labelle | Clewiston | Venice

Lee County | Charlotte County | Collier County | Hendry County | Desoto County
Glades County | Monroe County | Sarasota County | Manatee County
Hillsborough County | Pinellas County | Pasco County

Recommend us




Copyright Capeweather.com 2005-2017

DO NOT make decisions that affect life or property based on this data!
PHP-Nuke Copyright © 2004 by Francisco Burzi. This is free software, and you may redistribute it under the GPL. PHP-Nuke comes with absolutely no warranty, for details, see the license.
Page Generation: 0.22 Seconds