Southwest Florida Weather History, Yearly, Monthly, Daily, Records
 Click here to register!Home | Advertise | Forum | Live Webcams | Contact Us | Tell a Friend | Your Account  

Lee County Forecast
Tonight

Tonight: Partly cloudy, with a low around 77. East southeast wind around 5 mph becoming calm  after midnight.
Partly Cloudy
Monday

Monday: Isolated showers and thunderstorms before 5pm.  Mostly sunny, with a high near 92. Heat index values as high as 102. Light and variable wind becoming southwest 5 to 9 mph in the morning.  Chance of precipitation is 20%.
Isolated
T-storms
Lo 77 °FHi 92 °F
Extended Forecast
Florida Weather Forecast

Southwest Florida Webcams

Main Navigation
Weather
· Home
· Current Conditions
· Storm Warnings
· Station Graphs
· Storm Fronts
· Temperature Map
· Station History
· Drought Index
· Storm Reports
· Rainfall Estimates
· Fire Graphs

Doppler Radar
· Lee County
· Charlotte County
· Collier County
· Hendry County
· Desoto County
· Glades County
· Sarasota County
· Manatee County
· Hillsborough County
· Pinellas County
· Pasco County
· Southwest Florida
· Florida
· State Radars
· National

Satellite
· South Florida
· North Florida
· Regional
· National

Forecast
· Extended
· Marine
· Discussion
· Florida Forecast
· Hazardous Outlook
· Wave Heights
· Fire

Lightning
· Live
· Tracker
· Loop
· Network
· WASP
· WASP Loop
· 3 Hour Forecast

Tropical Weather
· Hurricane Tracker
· Tropical Satellite
· Sea Temperature
· Discussion
· Buoy Data
· Tracking Tools
· Jeff Masters Blog
· Monthly Summary

Moon and Tides
· Tides
· Moon Phase

Live Products

Fishing Reports

Local News

Other Info

  
 

Southwest Florida Monthly and Yearly Weather Reports

2017: Jan | Feb | Mar | Apr | May | Jun | Jul | Aug | Sep | Oct | Nov | Dec 
2016: Jan | Feb | Mar | Apr | May | Jun | Jul | Aug | Sep | Oct | Nov | Dec 
2015: Jan | Feb | Mar | Apr | May | Jun | Jul | Aug | Sep | Oct | Nov | Dec 
2014: Jan | Feb | Mar | Apr | May | Jun | Jul | Aug | Sep | Oct | Nov | Dec 
2013: Jan | Feb | Mar | Apr | May | Jun | Jul | Aug | Sep | Oct | Nov | Dec 
2012: Jan | Feb | Mar | Apr | May | Jun | Jul | Aug | Sep | Oct | Nov | Dec 
2011: Jan | Feb | Mar | Apr | May | Jun | Jul | Aug | Sep | Oct | Nov | Dec 
2010: Jan | Feb | Mar | Apr | May | Jun | Jul | Aug | Sep | Oct | Nov | Dec 
2009: Jan | Feb | Mar | Apr | May | Jun | Jul | Aug | Sep | Oct | Nov | Dec 
2008: Jan | Feb | Mar | Apr | May | Jun | Jul | Aug | Sep | Oct | Nov | Dec 
2007: Jan | Feb | Mar | Apr | May | Jun | Jul | Aug | Sep | Oct | Nov | Dec 
2006: Jan | Feb | Mar | Apr | May | Jun | Jul | Aug | Sep | Oct | Nov | Dec 
2005: Jan | Feb | Mar | Apr | May | Jun | Jul | Aug | Sep | Oct | Nov | Dec 

Report for 2014 01
MONTHLY CLIMATOLOGICAL SUMMARY FOR 1/2014 HEAT COOL MEAN DEG DEG WIND SPEED DOM MEAN MEAN DAY TEMP HIGH TIME LOW TIME DAYS DAYS RAIN AVG HI TIME DIR BAROM HUM --------------------------------------------------------------------------------------- 1 71.7 83.2 2:15pm 61.9 3:30am 1 7 0.00 4 16 9:37am ENE 30.11 80 2 72.4 80.3 1:35pm 67.4 5:56am 0 7 0.14 4 19 11:20am ENE 29.94 90 3 55.3 69.0 12:37am 47.6 10:50pm 10 0 0.01 9 32 12:38am NE 30.10 67 4 57.3 64.3 11:58pm 47.5 12:27am 7 0 0.12 5 17 12:06am ENE 30.11 89 5 70.9 81.5 12:44pm 63.7 7:18am 0 6 0.00 3 16 1:34am ENE 29.99 87 6 64.8 77.9 1:02pm 50.7 11:56pm 3 3 0.00 6 29 6:58pm S 30.06 82 7 49.3 58.5 2:40pm 43.4 8:24am 15 0 0.00 9 23 1:27am NE 30.31 45 8 55.8 66.2 2:41pm 44.1 2:14am 9 0 0.10 8 26 5:20pm ENE 30.25 82 9 69.1 77.0 3:55pm 63.2 12:00am 0 4 0.00 4 16 12:07pm ENE 30.17 91 10 72.8 81.6 1:35pm 67.9 4:57am 0 8 0.00 2 10 1:07pm ESE 30.09 88 11 72.5 79.0 12:24pm 68.1 11:11pm 0 7 0.09 4 17 12:01pm S 30.03 91 12 68.7 77.7 4:06pm 60.3 11:55pm 1 4 0.00 4 15 5:45am NE 30.10 74 13 68.3 80.7 1:24pm 57.5 3:17am 2 6 0.00 4 13 11:29pm E 30.07 84 14 69.9 74.7 11:23am 65.8 11:27pm 0 5 0.15 3 16 11:35am S 29.97 89 15 60.3 65.9 12:00am 57.1 7:20am 5 0 0.00 3 13 4:14am NNW 29.99 79 16 53.7 60.5 11:37am 44.1 11:55pm 11 0 0.00 7 26 4:16am N 30.09 67 17 55.0 66.0 1:13pm 40.8 6:54am 7 0 0.00 3 13 2:05pm WNW 30.15 65 18 54.3 65.3 12:44pm 43.3 11:57pm 11 0 0.00 4 20 8:26am NW 30.19 70 19 55.0 68.7 4:17pm 39.7 6:30am 11 1 0.00 2 14 1:54pm N 30.19 79 20 63.2 73.0 11:57am 55.3 4:49am 4 2 0.00 1 10 12:15pm S 30.10 82 21 64.0 71.3 11:07am 60.0 3:12am 2 1 0.00 4 23 11:22pm SW 29.96 90 22 54.8 62.3 12:00am 46.3 10:50pm 10 0 0.00 6 23 12:04am NW 30.08 69 23 53.8 70.9 4:17pm 40.1 6:49am 12 1 0.00 4 16 9:01am NE 30.24 59 24 55.8 68.4 4:43pm 46.4 6:14am 10 0 0.00 7 25 9:51am NE 30.30 59 25 57.6 71.0 11:49am 47.7 3:42am 8 1 0.00 3 14 12:32am NE 30.14 77 26 62.2 69.1 3:51pm 53.8 12:45am 4 1 0.00 1 8 11:25am SW 30.02 88 27 67.6 77.7 2:58pm 59.5 4:07am 5 5 0.00 2 11 3:03pm SW 29.98 84 28 67.8 78.8 2:56pm 61.1 7:30am 1 4 0.00 2 11 2:59pm SSW 30.01 87 29 60.3 65.7 2:37am 51.4 9:02pm 5 0 0.09 6 24 6:04pm NE 30.04 92 30 55.4 58.2 3:01pm 52.3 7:37am 10 0 0.89 5 17 12:03am NE 30.08 95 31 64.9 74.6 2:56pm 56.1 12:00am 3 3 0.30 3 13 11:26am NE 30.03 94 --------------------------------------------------------------------------------------- TOT 62.1 83.2 1/1/14 39.7 1/19/14 166 76 1.89 4 32 1/3/14 NE 30.09 80 HEAT BASE: 65.0 COOL BASE: 65.0
 
  
Hurricane Tracker

Hurricane Tracker
Hurricane Tracker
2017 Storm Tracker Forum


Atlantic Storms
No Storms


Sponsored Links

Recent Forum Posts

New Post
SW FL-Bonita Beach: Grouper, snapper, redfish, black drum
Posted by
fishbuster on Jul 20, 2017 at 11:36:41 AM


New Post
Some webcams are offline due to lightning
Posted by
chris on Jul 17, 2017 at 10:23:12 PM


New Post
Surely 50MPH sustained this afternoon
Posted by
chris on Jul 12, 2017 at 08:56:15 PM


New Post
Tropical Depression 4 now Remnant Low 7/7
Posted by
ccstorms on Jul 10, 2017 at 06:30:03 PM


New Post
SW FL-Bonita Beach: June wrap-up--Grouper, Snapper, Shark
Posted by
fishbuster on Jul 01, 2017 at 10:12:57 AM


New Post
Lightning strikes pregnant woman, discount store in FM
Posted by
chris on Jun 29, 2017 at 07:31:54 PM


***FORUM RULES***

Sponsored Links

Member Login
Username

Password


Join For Free!!
Click here to Register!

Total Hits
We received
74757520
page views since June 2005

Free Weather Graphics

Free weather stickers

Add a weather graphic to your website with the latest conditions!
Click for Details

Sponsored Links

Social Networks

Southwest Florida Weather | Central Florida Weather | Florida Weather

Cape Coral | Fort Myers | Bonita Springs | Naples | Punta Gorda | Port Charlotte | Estero | Sanibel | Lehigh Acres | Captiva | Pine Island | Bokeelia | St. James City | Alva | Arcadia | Labelle | Clewiston | Venice

Lee County | Charlotte County | Collier County | Hendry County | Desoto County
Glades County | Monroe County | Sarasota County | Manatee County
Hillsborough County | Pinellas County | Pasco County

Recommend us




Copyright Capeweather.com 2005-2017

DO NOT make decisions that affect life or property based on this data!
PHP-Nuke Copyright © 2004 by Francisco Burzi. This is free software, and you may redistribute it under the GPL. PHP-Nuke comes with absolutely no warranty, for details, see the license.
Page Generation: 0.20 Seconds