Southwest Florida Weather History, Yearly, Monthly, Daily, Records
 Click here to register!Home | Advertise | Forum | Live Webcams | Contact Us | Tell a Friend | Your Account  

Lee County Forecast & Temp
Current Temp: ^vxv007^ °F
Today

Today: Patchy fog before 10am.  Otherwise, partly sunny, with a high near 79. South southeast wind 7 to 11 mph.
Patchy Fog
then Partly
Sunny
Tonight

Tonight: Scattered showers, mainly after 1am.  Patchy fog after 1am.  Otherwise, mostly cloudy, with a low around 63. Southeast wind 5 to 8 mph.  Chance of precipitation is 40%.
Scattered
Showers and
Patchy Fog
Hi 79 °FLo 63 °F
Extended Forecast
Florida Weather Forecast

Southwest Florida Webcams

Main Navigation
Weather
· Home
· Current Conditions
· Storm Warnings
· Station Graphs
· Storm Fronts
· Station History
· Drought Index
· Storm Reports
· Rainfall Estimates
· Fire Graphs

Doppler Radar
· Lee County
· Charlotte County
· Collier County
· Hendry County
· Desoto County
· Glades County
· Sarasota County
· Manatee County
· Hillsborough County
· Pinellas County
· Pasco County
· Southwest Florida
· Florida
· State Radars
· National

Satellite
· South Florida
· North Florida
· Regional
· National

Forecast
· Extended
· Marine
· Discussion
· Florida Forecast
· Hazardous Outlook
· Wave Heights
· Fire

Lightning
· Live
· Tracker
· Loop
· Network
· WASP
· WASP Loop

Tropical Weather
· Hurricane Tracker
· Tropical Satellite
· Sea Temperature
· Discussion
· Buoy Data
· Tracking Tools
· Monthly Summary

Moon and Tides
· Tides
· Moon Phase

Live Products

Fishing Reports

Local News

Other Info

Support Us

Support Capeweather.com
donations

If you find this website useful, consider making
a donation.

Click here to learn more


  
 

Southwest Florida Monthly and Yearly Weather Reports

2018: Jan | Feb | Mar | Apr | May | Jun | Jul | Aug | Sep | Oct | Nov | Dec 
2017: Jan | Feb | Mar | Apr | May | Jun | Jul | Aug | Sep | Oct | Nov | Dec 
2016: Jan | Feb | Mar | Apr | May | Jun | Jul | Aug | Sep | Oct | Nov | Dec 
2015: Jan | Feb | Mar | Apr | May | Jun | Jul | Aug | Sep | Oct | Nov | Dec 
2014: Jan | Feb | Mar | Apr | May | Jun | Jul | Aug | Sep | Oct | Nov | Dec 
2013: Jan | Feb | Mar | Apr | May | Jun | Jul | Aug | Sep | Oct | Nov | Dec 
2012: Jan | Feb | Mar | Apr | May | Jun | Jul | Aug | Sep | Oct | Nov | Dec 
2011: Jan | Feb | Mar | Apr | May | Jun | Jul | Aug | Sep | Oct | Nov | Dec 
2010: Jan | Feb | Mar | Apr | May | Jun | Jul | Aug | Sep | Oct | Nov | Dec 
2009: Jan | Feb | Mar | Apr | May | Jun | Jul | Aug | Sep | Oct | Nov | Dec 
2008: Jan | Feb | Mar | Apr | May | Jun | Jul | Aug | Sep | Oct | Nov | Dec 
2007: Jan | Feb | Mar | Apr | May | Jun | Jul | Aug | Sep | Oct | Nov | Dec 
2006: Jan | Feb | Mar | Apr | May | Jun | Jul | Aug | Sep | Oct | Nov | Dec 
2005: Jan | Feb | Mar | Apr | May | Jun | Jul | Aug | Sep | Oct | Nov | Dec 

Report for 2013 12
MONTHLY CLIMATOLOGICAL SUMMARY FOR 12/2013 HEAT COOL MEAN DEG DEG WIND SPEED DOM MEAN MEAN DAY TEMP HIGH TIME LOW TIME DAYS DAYS RAIN AVG HI TIME DIR BAROM HUM --------------------------------------------------------------------------------------- 1 67.1 77.5 2:53pm 61.0 3:50am 1 3 0.00 4 13 4:12am NE 30.06 87 2 66.8 74.0 10:38am 61.6 2:38am 1 2 0.00 2 12 8:28am WNW 29.90 87 3 70.8 78.2 2:35pm 65.3 6:32am 0 6 0.00 2 13 11:05am SSE 29.93 81 4 72.9 82.0 1:09pm 64.5 6:48am 0 8 0.00 2 14 11:04am SSE 30.02 81 5 73.0 83.3 11:42am 66.0 7:12am 0 8 0.00 2 13 10:22am S 30.09 83 6 74.1 84.5 12:38pm 67.4 4:12am 0 9 0.00 2 14 11:59am SSE 30.11 85 7 73.8 84.2 2:57pm 64.5 7:08am 0 9 0.00 2 10 3:11pm SSE 30.15 79 8 74.9 85.6 12:30pm 68.4 11:45pm 0 10 0.00 2 14 10:20am E 30.13 80 9 75.0 84.5 12:14pm 68.3 12:07am 0 10 0.00 2 16 10:47am SSE 30.12 82 10 74.2 83.7 3:10pm 67.1 5:52am 0 9 0.00 2 11 10:48am ESE 30.11 83 11 74.5 86.8 3:55pm 66.6 5:30am 0 9 0.00 3 15 6:30am ENE 30.15 81 12 68.1 73.9 4:16pm 57.7 11:57pm 1 4 0.00 6 20 9:35pm NE 30.19 80 13 66.4 79.7 3:01pm 53.5 6:55am 4 5 0.00 6 20 11:45am ENE 30.14 71 14 73.5 83.0 1:14pm 65.7 6:03am 0 9 0.00 4 17 1:43pm ESE 30.01 85 15 72.7 76.4 3:34pm 66.5 11:52pm 0 7 0.22 4 21 8:25am SSW 29.98 89 16 63.6 71.4 4:03pm 55.1 11:56pm 3 1 0.00 5 15 1:37pm NE 30.12 74 17 62.4 79.8 3:02pm 48.8 6:54am 6 3 0.00 5 13 9:10am NE 30.16 75 18 62.2 75.7 3:07pm 52.3 6:50am 5 2 0.00 4 16 12:40pm NE 30.21 63 19 64.8 80.1 3:30pm 52.3 5:16am 4 4 0.00 4 15 12:00pm ENE 30.18 71 20 72.7 84.5 3:12pm 62.7 6:06am 0 8 0.00 4 17 11:37am E 30.11 76 21 74.3 83.1 1:28pm 68.8 4:40am 0 9 0.00 4 18 10:38am ESE 30.06 84 22 74.9 82.9 12:10pm 69.7 11:56pm 0 10 0.00 3 17 2:04pm ESE 30.08 85 23 75.1 82.4 12:10pm 69.7 12:00am 0 10 0.00 3 15 11:08am S 30.12 88 24 68.7 74.8 3:25pm 56.5 11:59pm 1 4 0.00 6 26 9:15pm NE 30.15 80 25 65.4 75.8 3:34pm 55.2 1:01am 3 3 0.00 7 21 1:50am ENE 30.13 74 26 71.2 80.5 2:01pm 64.1 12:40am 0 6 0.00 5 16 11:47am ENE 30.10 77 27 72.0 83.1 2:11pm 64.4 4:09am 0 7 0.00 6 18 2:52pm ENE 30.13 81 28 73.1 82.5 3:33pm 66.5 4:21am 0 8 0.00 5 18 11:11am ESE 30.07 84 29 73.3 77.3 2:44pm 67.2 11:55pm 0 8 0.42 5 20 7:02am SSE 29.96 91 30 68.6 76.7 2:54pm 63.4 10:35pm 0 4 0.00 5 15 10:29pm NE 30.07 81 31 66.9 73.8 3:13pm 62.6 7:29am 1 3 0.00 7 23 12:27pm NE 30.18 70 --------------------------------------------------------------------------------------- TOT 70.5 86.8 12/11/13 48.8 12/17/13 29 200 0.64 4 26 12/24/13 ENE 30.09 80 HEAT BASE: 65.0 COOL BASE: 65.0
 
  
Hurricane Tracker

Hurricane Tracker
Hurricane Tracker
2017 Storm Tracker Forum


Atlantic Storms
No Storms


Sponsored Links

Recent Forum Posts

New Post
I'll Fa Lay for You, Par rum pum pum pum, This Black Drum
Posted by
captruss on Jan 21, 2018 at 01:56:32 PM


New Post
SW FL-Bonita Beach:Weather isn't helping, but we're catching
Posted by
fishbuster on Jan 18, 2018 at 11:46:09 AM


***FORUM RULES***

Member Login
Username

Password


Join For Free!!
Click here to Register!

Total Hits
We received
80728736
page views since June 2005

Sponsored Links

Social Networks

Southwest Florida Weather | Central Florida Weather | Florida Weather

Cape Coral | Fort Myers | Bonita Springs | Naples | Punta Gorda | Port Charlotte | Estero | Sanibel | Lehigh Acres | Captiva | Pine Island | Bokeelia | St. James City | Alva | Arcadia | Labelle | Clewiston | Venice

Lee County | Charlotte County | Collier County | Hendry County | Desoto County
Glades County | Monroe County | Sarasota County | Manatee County
Hillsborough County | Pinellas County | Pasco County

Recommend us




Copyright Capeweather.com 2005-2017

DO NOT make decisions that affect life or property based on this data!
PHP-Nuke Copyright © 2004 by Francisco Burzi. This is free software, and you may redistribute it under the GPL. PHP-Nuke comes with absolutely no warranty, for details, see the license.
Page Generation: 0.28 Seconds