Southwest Florida Weather History, Yearly, Monthly, Daily, Records
 Click here to register!Home | Advertise | Forum | Live Webcams | Contact Us | Tell a Friend | Your Account  

Lee County Forecast
Tonight

Tonight: Isolated showers and thunderstorms before 11pm.  Partly cloudy, with a low around 74. Northeast wind 6 to 9 mph.  Chance of precipitation is 20%.
Isolated
T-storms then
Partly Cloudy
Friday

Friday: Scattered showers and thunderstorms after 2pm.  Mostly sunny, with a high near 91. Heat index values as high as 97. Northeast wind 7 to 9 mph.  Chance of precipitation is 50%. New rainfall amounts of less than a tenth of an inch, except higher amounts possible in thunderstorms.
Mostly Sunny
then
Scattered
Showers
Lo 74 °FHi 91 °F
Extended Forecast
Florida Weather Forecast

Southwest Florida Webcams

Main Navigation
Weather
· Home
· Current Conditions
· Storm Warnings
· Station Graphs
· Storm Fronts
· Temperature Map
· Station History
· Drought Index
· Storm Reports
· Rainfall Estimates
· Fire Graphs

Doppler Radar
· Lee County
· Charlotte County
· Collier County
· Hendry County
· Desoto County
· Glades County
· Sarasota County
· Manatee County
· Hillsborough County
· Pinellas County
· Pasco County
· Southwest Florida
· Florida
· State Radars
· National

Satellite
· South Florida
· North Florida
· Regional
· National

Forecast
· Extended
· Marine
· Discussion
· Florida Forecast
· Hazardous Outlook
· Wave Heights
· Fire

Lightning
· Live
· Tracker
· Loop
· Network
· WASP
· WASP Loop
· 3 Hour Forecast

Tropical Weather
· Hurricane Tracker
· Tropical Satellite
· Sea Temperature
· Discussion
· Buoy Data
· Tracking Tools
· Monthly Summary

Moon and Tides
· Tides
· Moon Phase

Live Products

Fishing Reports

Local News

Other Info

  
 

Southwest Florida Monthly and Yearly Weather Reports

2017: Jan | Feb | Mar | Apr | May | Jun | Jul | Aug | Sep | Oct | Nov | Dec 
2016: Jan | Feb | Mar | Apr | May | Jun | Jul | Aug | Sep | Oct | Nov | Dec 
2015: Jan | Feb | Mar | Apr | May | Jun | Jul | Aug | Sep | Oct | Nov | Dec 
2014: Jan | Feb | Mar | Apr | May | Jun | Jul | Aug | Sep | Oct | Nov | Dec 
2013: Jan | Feb | Mar | Apr | May | Jun | Jul | Aug | Sep | Oct | Nov | Dec 
2012: Jan | Feb | Mar | Apr | May | Jun | Jul | Aug | Sep | Oct | Nov | Dec 
2011: Jan | Feb | Mar | Apr | May | Jun | Jul | Aug | Sep | Oct | Nov | Dec 
2010: Jan | Feb | Mar | Apr | May | Jun | Jul | Aug | Sep | Oct | Nov | Dec 
2009: Jan | Feb | Mar | Apr | May | Jun | Jul | Aug | Sep | Oct | Nov | Dec 
2008: Jan | Feb | Mar | Apr | May | Jun | Jul | Aug | Sep | Oct | Nov | Dec 
2007: Jan | Feb | Mar | Apr | May | Jun | Jul | Aug | Sep | Oct | Nov | Dec 
2006: Jan | Feb | Mar | Apr | May | Jun | Jul | Aug | Sep | Oct | Nov | Dec 
2005: Jan | Feb | Mar | Apr | May | Jun | Jul | Aug | Sep | Oct | Nov | Dec 

Report for 2013 11
MONTHLY CLIMATOLOGICAL SUMMARY FOR 11/2013 HEAT COOL MEAN DEG DEG WIND SPEED DOM MEAN MEAN DAY TEMP HIGH TIME LOW TIME DAYS DAYS RAIN AVG HI TIME DIR BAROM HUM --------------------------------------------------------------------------------------- 1 76.0 84.0 3:20pm 69.5 7:37am 0 11 0.00 2 15 12:54pm SW 29.94 87 2 75.3 82.1 11:26am 69.6 11:58pm 0 17 0.00 5 27 12:58pm SW 29.88 78 3 70.7 82.4 3:06pm 62.7 6:44am 0 6 0.00 6 26 10:18am NE 29.99 59 4 70.7 81.9 1:07pm 59.8 6:28am 1 7 0.00 7 25 2:57pm NE 30.05 67 5 74.8 85.6 12:56pm 67.6 5:45am 0 10 0.00 8 26 1:44pm ENE 30.03 77 6 77.4 88.4 1:35pm 70.8 6:25am 0 12 0.00 5 17 12:00am ENE 30.01 74 7 74.2 83.9 11:38am 67.1 6:42am 0 9 0.00 3 12 1:33pm NW 29.98 83 8 74.5 84.9 2:41pm 66.4 6:34am 0 9 0.00 6 24 7:17pm NE 30.00 77 9 73.6 81.7 1:58pm 67.5 3:40am 0 9 0.00 7 24 3:55pm ENE 30.06 82 10 76.7 86.2 2:30pm 69.8 1:52am 0 12 0.00 5 17 11:44am ENE 30.07 76 11 76.2 87.9 2:22pm 68.2 6:30am 0 11 0.00 5 18 1:06pm ENE 30.06 74 12 74.9 87.4 12:55pm 67.7 6:37am 0 10 0.00 4 15 9:56pm ENE 30.03 78 13 67.4 74.1 12:10pm 60.0 11:55pm 1 3 0.00 11 31 5:50pm NE 30.12 72 14 67.7 79.1 12:45pm 58.5 6:45am 2 5 0.00 7 23 12:05pm E 30.16 68 15 73.0 82.6 1:18pm 66.4 12:07am 0 8 0.00 6 17 10:35am E 30.06 73 16 73.4 79.7 2:26pm 69.3 5:20am 0 8 0.12 5 18 4:35pm E 30.03 82 17 75.3 83.7 11:26am 69.0 6:18am 0 10 0.00 2 14 10:15am SSW 30.01 82 18 75.3 84.4 11:16am 67.8 6:45am 0 10 0.00 2 11 5:06pm SSW 29.96 83 19 75.6 82.9 11:35am 70.4 7:25am 0 10 0.00 2 11 1:38pm WNW 29.90 86 20 75.5 86.8 1:27pm 67.9 5:43am 0 11 0.00 4 13 11:21pm ENE 29.98 81 21 76.4 86.5 2:04pm 71.7 3:35am 0 11 0.25 4 15 6:21pm E 30.08 85 22 76.1 84.4 2:51pm 70.0 4:04am 0 11 0.01 5 19 1:44pm ENE 30.09 80 23 74.8 87.8 3:18pm 66.3 7:00am 0 10 0.00 4 14 9:56am NE 30.02 78 24 70.7 79.8 2:24pm 64.4 10:41pm 0 6 0.00 6 25 6:41pm NE 30.07 81 25 70.8 78.0 12:26pm 64.3 12:06am 0 6 0.00 8 27 10:11am E 30.10 75 26 75.0 82.9 12:34pm 70.1 12:00am 0 10 0.28 5 22 1:20pm SSE 29.89 87 27 69.0 74.1 11:04am 53.9 11:58pm 1 5 0.11 9 27 4:56am WNW 29.92 77 28 56.5 72.0 4:19pm 40.7 7:13am 10 1 0.00 6 18 3:57am NE 30.23 71 29 64.5 78.2 2:22pm 53.7 4:55am 4 4 0.00 9 26 11:58am NE 30.24 74 30 66.1 80.1 1:00pm 56.7 4:32am 3 4 0.00 6 22 2:48pm NE 30.18 83 --------------------------------------------------------------------------------------- TOT 72.6 88.4 11/6/13 40.7 11/28/13 22 255 0.77 5 31 11/13/13 ENE 30.04 78 HEAT BASE: 65.0 COOL BASE: 65.0
 
  
Hurricane Tracker

Hurricane Tracker
Hurricane Tracker
2017 Storm Tracker Forum


Atlantic Storms
Jose
Lee
Maria


Sponsored Links

Recent Forum Posts

New Post
Maria
Posted by
ccstorms on Sep 21, 2017 at 02:13:14 PM


New Post
Jose
Posted by
ccstorms on Sep 21, 2017 at 02:10:21 PM


New Post
Lee- Final Advisory
Posted by
ccstorms on Sep 19, 2017 at 08:10:26 AM


New Post
Irma
Posted by
ccstorms on Sep 13, 2017 at 08:51:17 PM


New Post
Katia
Posted by
ccstorms on Sep 07, 2017 at 10:38:16 AM


New Post
Possible Gulf Invest- Deactivated
Posted by
ccstorms on Aug 31, 2017 at 07:45:36 AM


***FORUM RULES***

Sponsored Links

Total Hits
We received
77349693
page views since June 2005

Social Networks

Southwest Florida Weather | Central Florida Weather | Florida Weather

Cape Coral | Fort Myers | Bonita Springs | Naples | Punta Gorda | Port Charlotte | Estero | Sanibel | Lehigh Acres | Captiva | Pine Island | Bokeelia | St. James City | Alva | Arcadia | Labelle | Clewiston | Venice

Lee County | Charlotte County | Collier County | Hendry County | Desoto County
Glades County | Monroe County | Sarasota County | Manatee County
Hillsborough County | Pinellas County | Pasco County

Recommend us




Copyright Capeweather.com 2005-2017

DO NOT make decisions that affect life or property based on this data!
PHP-Nuke Copyright © 2004 by Francisco Burzi. This is free software, and you may redistribute it under the GPL. PHP-Nuke comes with absolutely no warranty, for details, see the license.
Page Generation: 0.23 Seconds