Southwest Florida Weather History, Yearly, Monthly, Daily, Records
 Click here to register!Home | Advertise | Forum | Live Webcams | Contact Us | Tell a Friend | Your Account  

Lee County Forecast
Tonight

Tonight: Isolated showers and thunderstorms before 11pm.  Partly cloudy, with a low around 74. Northeast wind 6 to 9 mph.  Chance of precipitation is 20%.
Isolated
T-storms then
Partly Cloudy
Friday

Friday: Scattered showers and thunderstorms after 2pm.  Mostly sunny, with a high near 91. Heat index values as high as 97. Northeast wind 7 to 9 mph.  Chance of precipitation is 50%. New rainfall amounts of less than a tenth of an inch, except higher amounts possible in thunderstorms.
Mostly Sunny
then
Scattered
Showers
Lo 74 °FHi 91 °F
Extended Forecast
Florida Weather Forecast

Southwest Florida Webcams

Main Navigation
Weather
· Home
· Current Conditions
· Storm Warnings
· Station Graphs
· Storm Fronts
· Temperature Map
· Station History
· Drought Index
· Storm Reports
· Rainfall Estimates
· Fire Graphs

Doppler Radar
· Lee County
· Charlotte County
· Collier County
· Hendry County
· Desoto County
· Glades County
· Sarasota County
· Manatee County
· Hillsborough County
· Pinellas County
· Pasco County
· Southwest Florida
· Florida
· State Radars
· National

Satellite
· South Florida
· North Florida
· Regional
· National

Forecast
· Extended
· Marine
· Discussion
· Florida Forecast
· Hazardous Outlook
· Wave Heights
· Fire

Lightning
· Live
· Tracker
· Loop
· Network
· WASP
· WASP Loop
· 3 Hour Forecast

Tropical Weather
· Hurricane Tracker
· Tropical Satellite
· Sea Temperature
· Discussion
· Buoy Data
· Tracking Tools
· Monthly Summary

Moon and Tides
· Tides
· Moon Phase

Live Products

Fishing Reports

Local News

Other Info

  
 

Southwest Florida Monthly and Yearly Weather Reports

2017: Jan | Feb | Mar | Apr | May | Jun | Jul | Aug | Sep | Oct | Nov | Dec 
2016: Jan | Feb | Mar | Apr | May | Jun | Jul | Aug | Sep | Oct | Nov | Dec 
2015: Jan | Feb | Mar | Apr | May | Jun | Jul | Aug | Sep | Oct | Nov | Dec 
2014: Jan | Feb | Mar | Apr | May | Jun | Jul | Aug | Sep | Oct | Nov | Dec 
2013: Jan | Feb | Mar | Apr | May | Jun | Jul | Aug | Sep | Oct | Nov | Dec 
2012: Jan | Feb | Mar | Apr | May | Jun | Jul | Aug | Sep | Oct | Nov | Dec 
2011: Jan | Feb | Mar | Apr | May | Jun | Jul | Aug | Sep | Oct | Nov | Dec 
2010: Jan | Feb | Mar | Apr | May | Jun | Jul | Aug | Sep | Oct | Nov | Dec 
2009: Jan | Feb | Mar | Apr | May | Jun | Jul | Aug | Sep | Oct | Nov | Dec 
2008: Jan | Feb | Mar | Apr | May | Jun | Jul | Aug | Sep | Oct | Nov | Dec 
2007: Jan | Feb | Mar | Apr | May | Jun | Jul | Aug | Sep | Oct | Nov | Dec 
2006: Jan | Feb | Mar | Apr | May | Jun | Jul | Aug | Sep | Oct | Nov | Dec 
2005: Jan | Feb | Mar | Apr | May | Jun | Jul | Aug | Sep | Oct | Nov | Dec 

Report for 2013 10
MONTHLY CLIMATOLOGICAL SUMMARY FOR 10/2013 HEAT COOL MEAN DEG DEG WIND SPEED DOM MEAN MEAN DAY TEMP HIGH TIME LOW TIME DAYS DAYS RAIN AVG HI TIME DIR BAROM HUM --------------------------------------------------------------------------------------- 1 81.1 91.4 3:44pm 73.3 7:21am 0 16 0.00 4 18 3:58pm E 29.96 77 2 80.2 90.7 2:33pm 75.0 7:24am 0 15 0.09 5 19 11:47am E 29.98 81 3 78.2 88.0 12:37pm 74.1 5:42pm 0 13 0.67 3 24 3:39pm E 29.99 88 4 80.5 89.6 4:44pm 74.1 6:15am 0 16 0.00 3 14 1:23pm ENE 30.00 80 5 80.2 90.0 4:33pm 73.6 5:52am 0 15 0.00 3 13 2:40pm ENE 29.97 76 6 79.5 87.7 3:38pm 71.8 7:23am 0 14 0.00 2 11 2:37pm E 29.90 82 7 80.4 85.2 1:58pm 75.6 2:00am 0 15 0.10 5 32 2:06pm SW 29.83 86 8 79.7 84.7 1:58pm 76.0 9:46pm 0 30 0.00 5 17 2:24pm W 29.87 79 9 78.0 86.6 3:14pm 73.1 6:49am 0 13 0.00 4 14 10:37am NE 29.95 83 10 77.7 89.5 5:02pm 68.6 6:37am 0 13 0.00 4 14 10:52pm NE 29.98 79 11 78.3 90.8 3:23pm 68.6 7:32am 0 13 0.00 3 12 11:56am E 29.96 73 12 77.2 87.1 3:09pm 68.9 6:44am 0 12 0.00 3 16 4:13pm E 29.98 77 13 77.3 88.0 4:47pm 68.6 7:12am 0 12 0.00 3 14 10:22pm NE 29.99 72 14 77.7 89.2 4:33pm 68.3 7:29am 0 13 0.00 4 18 3:38pm NE 29.96 72 15 77.6 89.4 2:25pm 68.6 7:28am 0 13 0.00 4 16 12:23pm NE 29.92 76 16 76.0 85.1 2:10pm 69.0 6:50am 0 11 0.00 3 13 3:14pm NNE 29.91 84 17 77.6 87.4 3:30pm 69.7 7:20am 0 13 0.00 2 11 2:56pm N 29.91 78 18 79.3 89.3 1:56pm 71.8 7:24am 0 14 0.00 2 12 4:14pm WNW 29.91 78 19 81.1 88.1 3:41pm 74.1 7:42am 0 16 0.00 2 13 4:46pm SW 29.90 81 20 80.7 88.4 1:56pm 75.6 4:52am 0 16 0.02 2 11 4:03pm SW 29.90 82 21 80.1 88.1 2:12pm 74.2 6:47am 0 15 0.00 2 13 2:29pm WNW 29.94 82 22 80.3 87.9 2:55pm 74.0 4:10am 0 15 0.00 3 21 9:05pm SW 29.88 84 23 77.8 86.0 2:06pm 70.1 11:50pm 0 13 0.04 4 18 2:16pm NNE 29.87 74 24 70.1 76.3 3:08pm 66.1 11:55pm 0 5 0.00 7 19 9:33am NE 30.04 65 25 70.6 82.3 1:32pm 62.4 7:41am 0 6 0.00 5 20 2:27pm NE 30.13 70 26 71.2 85.7 3:10pm 61.7 6:52am 1 7 0.00 5 15 4:52pm NE 30.11 70 27 70.8 85.0 3:01pm 60.5 7:41am 1 7 0.00 4 14 10:51am ENE 30.05 68 28 73.4 87.6 4:12pm 62.0 7:37am 0 9 0.00 4 15 1:55pm ENE 30.09 71 29 75.2 87.7 4:15pm 64.4 7:03am 0 10 0.00 5 21 5:01pm ENE 30.13 73 30 75.6 87.1 2:27pm 66.5 7:25am 0 11 0.00 5 23 1:37pm ENE 30.12 72 31 76.4 88.2 2:16pm 67.5 7:29am 0 11 0.00 3 14 10:23am E 30.03 78 --------------------------------------------------------------------------------------- TOT 77.4 91.4 10/1/13 60.5 10/27/13 2 402 0.92 4 32 10/7/13 NE 29.97 77 HEAT BASE: 65.0 COOL BASE: 65.0
 
  
Hurricane Tracker

Hurricane Tracker
Hurricane Tracker
2017 Storm Tracker Forum


Atlantic Storms
Jose
Lee
Maria


Sponsored Links

Recent Forum Posts

New Post
Maria
Posted by
ccstorms on Sep 21, 2017 at 02:13:14 PM


New Post
Jose
Posted by
ccstorms on Sep 21, 2017 at 02:10:21 PM


New Post
Lee- Final Advisory
Posted by
ccstorms on Sep 19, 2017 at 08:10:26 AM


New Post
Irma
Posted by
ccstorms on Sep 13, 2017 at 08:51:17 PM


New Post
Katia
Posted by
ccstorms on Sep 07, 2017 at 10:38:16 AM


New Post
Possible Gulf Invest- Deactivated
Posted by
ccstorms on Aug 31, 2017 at 07:45:36 AM


***FORUM RULES***

Sponsored Links

Total Hits
We received
77349983
page views since June 2005

Social Networks

Southwest Florida Weather | Central Florida Weather | Florida Weather

Cape Coral | Fort Myers | Bonita Springs | Naples | Punta Gorda | Port Charlotte | Estero | Sanibel | Lehigh Acres | Captiva | Pine Island | Bokeelia | St. James City | Alva | Arcadia | Labelle | Clewiston | Venice

Lee County | Charlotte County | Collier County | Hendry County | Desoto County
Glades County | Monroe County | Sarasota County | Manatee County
Hillsborough County | Pinellas County | Pasco County

Recommend us




Copyright Capeweather.com 2005-2017

DO NOT make decisions that affect life or property based on this data!
PHP-Nuke Copyright © 2004 by Francisco Burzi. This is free software, and you may redistribute it under the GPL. PHP-Nuke comes with absolutely no warranty, for details, see the license.
Page Generation: 0.21 Seconds