Southwest Florida Weather History, Yearly, Monthly, Daily, Records
 Click here to register!Home | Advertise | Forum | Live Webcams | Contact Us | Tell a Friend | Your Account  

Lee County Forecast & Temp
Today

Today: Mostly sunny, with a high near 84. East wind 7 to 13 mph, with gusts as high as 18 mph.
Mostly Sunny
Tonight

Tonight: Mostly clear, with a low around 66. East wind 7 to 9 mph.
Mostly Clear
Hi 84 °FLo 66 °F
Extended Forecast
Florida Weather Forecast

Southwest Florida Webcams

Main Navigation
Weather
· Home
· Current Conditions
· Storm Warnings
· Station Graphs
· Storm Fronts
· Station History
· Drought Index
· Storm Reports
· Rainfall Estimates
· Fire Graphs

Doppler Radar
· Lee County
· Charlotte County
· Collier County
· Hendry County
· Desoto County
· Glades County
· Sarasota County
· Manatee County
· Hillsborough County
· Pinellas County
· Pasco County
· Southwest Florida
· Florida
· State Radars
· National

Satellite
· South Florida
· North Florida
· Regional
· National

Forecast
· Extended
· Marine
· Discussion
· Florida Forecast
· Hazardous Outlook
· Wave Heights
· Fire

Lightning
· Live
· Tracker
· Loop
· Network
· WASP
· WASP Loop

Tropical Weather
· Hurricane Tracker
· Tropical Satellite
· Sea Temperature
· Discussion
· Buoy Data
· Tracking Tools
· Monthly Summary

Moon and Tides
· Tides
· Moon Phase

Live Products

Fishing Reports

Local News

Other Info

  
 

Southwest Florida Monthly and Yearly Weather Reports

2018: Jan | Feb | Mar | Apr | May | Jun | Jul | Aug | Sep | Oct | Nov | Dec 
2017: Jan | Feb | Mar | Apr | May | Jun | Jul | Aug | Sep | Oct | Nov | Dec 
2016: Jan | Feb | Mar | Apr | May | Jun | Jul | Aug | Sep | Oct | Nov | Dec 
2015: Jan | Feb | Mar | Apr | May | Jun | Jul | Aug | Sep | Oct | Nov | Dec 
2014: Jan | Feb | Mar | Apr | May | Jun | Jul | Aug | Sep | Oct | Nov | Dec 
2013: Jan | Feb | Mar | Apr | May | Jun | Jul | Aug | Sep | Oct | Nov | Dec 
2012: Jan | Feb | Mar | Apr | May | Jun | Jul | Aug | Sep | Oct | Nov | Dec 
2011: Jan | Feb | Mar | Apr | May | Jun | Jul | Aug | Sep | Oct | Nov | Dec 
2010: Jan | Feb | Mar | Apr | May | Jun | Jul | Aug | Sep | Oct | Nov | Dec 
2009: Jan | Feb | Mar | Apr | May | Jun | Jul | Aug | Sep | Oct | Nov | Dec 
2008: Jan | Feb | Mar | Apr | May | Jun | Jul | Aug | Sep | Oct | Nov | Dec 
2007: Jan | Feb | Mar | Apr | May | Jun | Jul | Aug | Sep | Oct | Nov | Dec 
2006: Jan | Feb | Mar | Apr | May | Jun | Jul | Aug | Sep | Oct | Nov | Dec 
2005: Jan | Feb | Mar | Apr | May | Jun | Jul | Aug | Sep | Oct | Nov | Dec 

Report for 2013 09
MONTHLY CLIMATOLOGICAL SUMMARY FOR 9/2013 HEAT COOL MEAN DEG DEG WIND SPEED DOM MEAN MEAN DAY TEMP HIGH TIME LOW TIME DAYS DAYS RAIN AVG HI TIME DIR BAROM HUM --------------------------------------------------------------------------------------- 1 80.3 90.1 3:26pm 74.9 4:23am 0 15 0.31 2 24 5:34pm SSE 29.94 86 2 79.0 87.9 1:42pm 75.2 11:33am 0 14 0.24 2 16 2:05pm SSE 29.96 89 3 80.8 88.6 3:04pm 74.2 6:52am 0 16 0.00 2 16 3:55pm SE 29.96 84 4 79.7 92.7 1:57pm 73.9 2:41pm 0 15 0.44 3 27 2:20pm E 30.00 88 5 82.7 94.8 3:07pm 75.7 6:56am 0 18 0.00 3 14 5:10pm ENE 30.01 82 6 82.8 94.0 3:22pm 73.9 10:57pm 0 18 0.55 3 30 8:05pm ESE 29.98 82 7 78.9 91.0 2:05pm 73.4 11:31pm 0 14 0.92 3 20 5:57pm ENE 29.94 87 8 78.2 88.3 12:39pm 72.2 6:57am 0 13 0.72 3 17 3:01pm NE 29.90 87 9 81.6 92.6 3:52pm 74.2 5:25am 0 17 0.01 4 15 4:47pm ENE 29.93 82 10 85.1 92.4 3:23pm 75.1 4:39am 0 11 0.00 7 24 4:21pm ENE 29.99 72 11 79.5 88.7 12:04pm 74.7 5:55am 0 14 0.45 4 23 12:24pm ENE 29.99 87 12 79.7 88.5 3:41pm 74.3 8:23pm 0 15 0.57 3 19 7:09pm ESE 29.94 87 13 80.3 88.6 12:55pm 72.8 6:02am 0 15 0.01 2 13 3:54pm WNW 29.85 82 14 82.3 90.9 3:04pm 75.3 7:07am 0 17 0.00 2 24 9:09pm WNW 29.87 79 15 79.8 93.3 2:02pm 74.8 2:50pm 0 15 0.51 3 40 2:36pm ESE 29.97 85 16 78.1 88.6 1:13pm 75.1 4:06pm 0 13 0.07 5 23 1:31pm ENE 29.99 89 17 76.4 89.5 1:16pm 73.5 4:43am 0 11 2.70 4 26 3:16pm ENE 29.96 93 18 77.6 90.4 2:59pm 73.3 7:04am 0 13 1.07 3 19 3:31pm ENE 29.96 90 19 79.4 89.8 2:19pm 72.7 7:21am 0 14 0.00 3 14 3:14pm E 29.96 86 20 80.8 90.1 3:32pm 73.5 7:13am 0 16 0.00 4 15 12:32pm E 29.94 77 21 80.0 87.7 3:27pm 72.9 6:52am 0 15 0.00 3 12 12:54pm E 29.83 79 22 81.4 88.8 2:46pm 74.8 6:23am 0 16 0.00 2 15 12:10pm W 29.79 84 23 77.8 81.6 10:27am 75.3 11:25pm 0 13 2.14 2 16 12:24pm ENE 29.88 95 24 76.5 84.8 12:47pm 71.9 3:36pm 0 10 1.15 2 23 2:10pm WSW 29.91 95 25 76.1 80.7 5:42pm 72.4 12:37pm 0 11 0.23 2 17 11:42am WSW 29.85 94 26 81.9 87.6 4:02pm 75.7 12:35am 0 17 0.04 6 27 12:12pm SW 29.82 88 27 79.2 88.9 4:12pm 72.0 6:41am 0 14 0.02 4 17 8:47pm N 29.87 80 28 79.3 91.1 3:17pm 71.5 6:07am 0 14 0.01 5 24 5:31pm ENE 29.91 80 29 79.8 90.6 3:15pm 71.8 6:19am 0 15 0.00 3 14 10:03am NE 29.91 77 30 80.2 89.3 3:46pm 72.4 7:35am 0 15 0.00 2 14 9:12pm E 29.92 80 --------------------------------------------------------------------------------------- TOT 79.1 91.1 9/28/13 71.5 9/28/13 0 434 12.16 4 27 9/26/13 NE 29.88 85 HEAT BASE: 65.0 COOL BASE: 65.0
 
  
Hurricane Tracker

Hurricane Tracker
Hurricane Tracker
2017 Storm Tracker Forum


Atlantic Storms
No Storms


Sponsored Links

Recent Forum Posts

New Post
Fishing Guides Thoughts
Posted by
captruss on Feb 19, 2018 at 01:51:59 PM


New Post
2018 Atlantic Basin Hurricane Names
Posted by
chris on Feb 18, 2018 at 07:34:49 PM


***FORUM RULES***

Member Login
Username

Password


Join For Free!!
Click here to Register!

Total Hits
We received
81551519
page views since June 2005

Sponsored Links

Social Networks

Southwest Florida Weather | Central Florida Weather | Florida Weather

Cape Coral | Fort Myers | Bonita Springs | Naples | Punta Gorda | Port Charlotte | Estero | Sanibel | Lehigh Acres | Captiva | Pine Island | Bokeelia | St. James City | Alva | Arcadia | Labelle | Clewiston | Venice

Lee County | Charlotte County | Collier County | Hendry County | Desoto County
Glades County | Monroe County | Sarasota County | Manatee County
Hillsborough County | Pinellas County | Pasco County

Recommend us




Copyright Capeweather.com 2005-2017

DO NOT make decisions that affect life or property based on this data!
PHP-Nuke Copyright © 2004 by Francisco Burzi. This is free software, and you may redistribute it under the GPL. PHP-Nuke comes with absolutely no warranty, for details, see the license.
Page Generation: 0.55 Seconds