Southwest Florida Weather History, Yearly, Monthly, Daily, Records
 Click here to register!Home | Advertise | Forum | Live Webcams | Contact Us | Tell a Friend | Your Account  

Lee County Forecast & Temp
Tonight

Tonight: Patchy fog after 4am.  Otherwise, partly cloudy, with a low around 62. Light and variable wind.
Patchy Fog

Sunday

Sunday: Patchy fog before 9am.  Otherwise, mostly sunny, with a high near 84. East northeast wind 5 to 7 mph.
Patchy Fog
then Sunny
Lo 62 °FHi 84 °F
Extended Forecast
Florida Weather Forecast

Southwest Florida Webcams

Main Navigation
Weather
· Home
· Current Conditions
· Storm Warnings
· Station Graphs
· Storm Fronts
· Station History
· Drought Index
· Storm Reports
· Rainfall Estimates
· Fire Graphs

Doppler Radar
· Lee County
· Charlotte County
· Collier County
· Hendry County
· Desoto County
· Glades County
· Sarasota County
· Manatee County
· Hillsborough County
· Pinellas County
· Pasco County
· Southwest Florida
· Florida
· State Radars
· National

Satellite
· South Florida
· North Florida
· Regional
· National

Forecast
· Extended
· Marine
· Discussion
· Florida Forecast
· Hazardous Outlook
· Wave Heights
· Fire

Lightning
· Live
· Tracker
· Loop
· Network
· WASP
· WASP Loop

Tropical Weather
· Hurricane Tracker
· Tropical Satellite
· Sea Temperature
· Discussion
· Buoy Data
· Tracking Tools
· Monthly Summary

Moon and Tides
· Tides
· Moon Phase

Live Products

Fishing Reports

Local News

Other Info

  
 

Southwest Florida Monthly and Yearly Weather Reports

2018: Jan | Feb | Mar | Apr | May | Jun | Jul | Aug | Sep | Oct | Nov | Dec 
2017: Jan | Feb | Mar | Apr | May | Jun | Jul | Aug | Sep | Oct | Nov | Dec 
2016: Jan | Feb | Mar | Apr | May | Jun | Jul | Aug | Sep | Oct | Nov | Dec 
2015: Jan | Feb | Mar | Apr | May | Jun | Jul | Aug | Sep | Oct | Nov | Dec 
2014: Jan | Feb | Mar | Apr | May | Jun | Jul | Aug | Sep | Oct | Nov | Dec 
2013: Jan | Feb | Mar | Apr | May | Jun | Jul | Aug | Sep | Oct | Nov | Dec 
2012: Jan | Feb | Mar | Apr | May | Jun | Jul | Aug | Sep | Oct | Nov | Dec 
2011: Jan | Feb | Mar | Apr | May | Jun | Jul | Aug | Sep | Oct | Nov | Dec 
2010: Jan | Feb | Mar | Apr | May | Jun | Jul | Aug | Sep | Oct | Nov | Dec 
2009: Jan | Feb | Mar | Apr | May | Jun | Jul | Aug | Sep | Oct | Nov | Dec 
2008: Jan | Feb | Mar | Apr | May | Jun | Jul | Aug | Sep | Oct | Nov | Dec 
2007: Jan | Feb | Mar | Apr | May | Jun | Jul | Aug | Sep | Oct | Nov | Dec 
2006: Jan | Feb | Mar | Apr | May | Jun | Jul | Aug | Sep | Oct | Nov | Dec 
2005: Jan | Feb | Mar | Apr | May | Jun | Jul | Aug | Sep | Oct | Nov | Dec 

Report for 2013 08
MONTHLY CLIMATOLOGICAL SUMMARY FOR 8/2013 HEAT COOL MEAN DEG DEG WIND SPEED DOM MEAN MEAN DAY TEMP HIGH TIME LOW TIME DAYS DAYS RAIN AVG HI TIME DIR BAROM HUM --------------------------------------------------------------------------------------- 1 81.5 91.9 2:23pm 75.0 6:57am 0 32 0.02 3 23 6:17pm E 29.97 81 2 81.2 89.1 1:59pm 75.2 6:54am 0 16 0.29 2 13 2:18pm NE 29.97 85 3 81.6 90.7 1:12pm 76.0 6:50am 0 16 0.04 2 14 2:16pm E 30.05 85 4 83.5 90.0 2:06pm 77.9 3:06am 0 19 0.01 4 16 2:55pm WNW 30.04 83 5 84.1 89.8 3:53pm 78.9 7:53am 0 19 0.20 4 16 5:32pm WNW 29.98 82 6 82.7 90.0 1:56pm 78.2 6:46am 0 18 0.02 2 13 8:57am ENE 29.92 85 7 81.6 91.9 3:20pm 76.4 5:15am 0 17 0.11 3 13 4:38pm E 29.91 85 8 81.1 94.1 2:15pm 75.9 11:59pm 0 16 0.51 3 21 3:56pm E 29.94 86 9 78.4 89.7 12:47pm 73.2 5:07pm 0 13 0.40 4 35 2:35pm ESE 29.98 89 10 83.8 94.9 4:11pm 75.3 2:38am 0 19 0.00 4 15 10:35am ESE 30.04 78 11 85.7 95.7 5:07pm 77.5 6:46am 0 21 0.00 4 13 8:38am ESE 30.07 76 12 85.0 95.1 4:06pm 75.8 7:01am 0 20 0.00 4 16 3:13pm E 30.04 72 13 82.9 92.5 2:29pm 73.1 10:11pm 0 18 0.52 3 36 9:26pm ESE 29.99 80 14 82.9 90.7 4:25pm 74.7 12:12am 0 18 0.03 3 15 11:38pm ENE 29.95 79 15 79.8 84.6 1:43pm 75.3 12:36am 0 15 0.10 2 14 3:29pm W 29.98 87 16 86.0 93.3 1:32pm 76.9 6:04am 0 8 0.00 3 15 6:48pm S 29.98 72 17 83.2 92.9 4:30pm 78.3 10:42pm 0 18 0.00 3 21 5:03pm ENE 30.00 82 18 82.0 94.0 1:38pm 74.6 11:59pm 0 17 0.82 4 17 10:55am E 30.02 84 19 79.5 91.2 12:41pm 74.5 12:03am 0 14 0.17 3 19 3:26pm E 29.99 88 20 80.2 91.4 1:00pm 73.9 2:26am 0 15 0.56 3 15 2:41pm ENE 30.00 85 21 81.9 92.2 3:36pm 77.3 2:58am 0 17 0.24 5 22 1:56pm E 30.01 85 22 81.1 92.8 3:02pm 74.6 6:01pm 0 16 0.41 4 29 4:53pm E 29.99 86 23 80.1 92.3 2:27pm 75.0 5:22pm 0 15 0.68 2 23 4:41pm ESE 29.96 89 24 81.6 92.4 3:34pm 75.7 11:37pm 0 17 0.25 3 21 5:52pm ENE 30.02 84 25 79.4 90.5 1:16pm 74.9 6:47am 0 14 0.22 4 15 2:25pm N 30.07 88 26 78.4 89.5 12:49pm 72.8 5:06pm 0 13 0.66 3 21 4:28pm ENE 30.04 89 27 78.1 89.9 2:08pm 72.5 6:57am 0 13 0.21 2 29 2:34pm E 29.99 88 28 77.4 88.2 1:28pm 73.6 5:51am 0 12 1.46 2 16 3:45pm ESE 29.99 89 29 79.9 87.3 3:17pm 72.7 6:36am 0 15 0.01 3 14 4:10pm ENE 29.97 84 30 80.8 87.7 11:19am 75.1 6:35am 0 16 0.00 2 15 2:07pm NNW 29.94 83 31 81.8 88.6 11:42am 74.9 6:31am 0 17 0.00 3 15 12:54pm ENE 29.92 81 --------------------------------------------------------------------------------------- TOT 80.5 94.0 8/18/13 72.5 8/27/13 0 514 7.94 3 29 8/22/13 ENE 29.99 85 HEAT BASE: 65.0 COOL BASE: 65.0
 
  
Hurricane Tracker

Hurricane Tracker
Hurricane Tracker
2017 Storm Tracker Forum


Atlantic Storms
No Storms


Sponsored Links

Recent Forum Posts

New Post
Fishing Report Feb 17 2018
Posted by
captruss on Feb 17, 2018 at 09:41:35 AM


New Post
Water Temperature is Everything
Posted by
captruss on Feb 09, 2018 at 06:39:09 AM


***FORUM RULES***

Member Login
Username

Password


Join For Free!!
Click here to Register!

Total Hits
We received
81458037
page views since June 2005

Sponsored Links

Social Networks

Southwest Florida Weather | Central Florida Weather | Florida Weather

Cape Coral | Fort Myers | Bonita Springs | Naples | Punta Gorda | Port Charlotte | Estero | Sanibel | Lehigh Acres | Captiva | Pine Island | Bokeelia | St. James City | Alva | Arcadia | Labelle | Clewiston | Venice

Lee County | Charlotte County | Collier County | Hendry County | Desoto County
Glades County | Monroe County | Sarasota County | Manatee County
Hillsborough County | Pinellas County | Pasco County

Recommend us




Copyright Capeweather.com 2005-2017

DO NOT make decisions that affect life or property based on this data!
PHP-Nuke Copyright © 2004 by Francisco Burzi. This is free software, and you may redistribute it under the GPL. PHP-Nuke comes with absolutely no warranty, for details, see the license.
Page Generation: 0.26 Seconds