Southwest Florida Weather History, Yearly, Monthly, Daily, Records
 Click here to register!Home | Advertise | Forum | Live Webcams | Contact Us | Tell a Friend | Your Account  

Lee County Forecast
This
Afternoon
This Afternoon: Scattered showers and thunderstorms.  Mostly cloudy, with a high near 88. West wind around 8 mph.  Chance of precipitation is 30%.
Scattered
T-storms
Tonight

Tonight: Scattered showers and thunderstorms before 8pm.  Mostly cloudy, with a low around 77. Southeast wind 3 to 6 mph.  Chance of precipitation is 30%.
Scattered
T-storms then
Partly Cloudy
Hi 88 °FLo 77 °F
Extended Forecast
Florida Weather Forecast

Southwest Florida Webcams

Main Navigation
Weather
· Home
· Current Conditions
· Storm Warnings
· Station Graphs
· Storm Fronts
· Temperature Map
· Station History
· Drought Index
· Storm Reports
· Rainfall Estimates
· Fire Graphs

Doppler Radar
· Lee County
· Charlotte County
· Collier County
· Hendry County
· Desoto County
· Glades County
· Sarasota County
· Manatee County
· Hillsborough County
· Pinellas County
· Pasco County
· Southwest Florida
· Florida
· State Radars
· National

Satellite
· South Florida
· North Florida
· Regional
· National

Forecast
· Extended
· Marine
· Discussion
· Florida Forecast
· Hazardous Outlook
· Wave Heights
· Fire

Lightning
· Live
· Tracker
· Loop
· Network
· WASP
· WASP Loop
· 3 Hour Forecast

Tropical Weather
· Hurricane Tracker
· Tropical Satellite
· Sea Temperature
· Discussion
· Buoy Data
· Tracking Tools
· Jeff Masters Blog
· Monthly Summary

Moon and Tides
· Tides
· Moon Phase

Live Products

Fishing Reports

Local News

Other Info

  
 

Southwest Florida Monthly and Yearly Weather Reports

2017: Jan | Feb | Mar | Apr | May | Jun | Jul | Aug | Sep | Oct | Nov | Dec 
2016: Jan | Feb | Mar | Apr | May | Jun | Jul | Aug | Sep | Oct | Nov | Dec 
2015: Jan | Feb | Mar | Apr | May | Jun | Jul | Aug | Sep | Oct | Nov | Dec 
2014: Jan | Feb | Mar | Apr | May | Jun | Jul | Aug | Sep | Oct | Nov | Dec 
2013: Jan | Feb | Mar | Apr | May | Jun | Jul | Aug | Sep | Oct | Nov | Dec 
2012: Jan | Feb | Mar | Apr | May | Jun | Jul | Aug | Sep | Oct | Nov | Dec 
2011: Jan | Feb | Mar | Apr | May | Jun | Jul | Aug | Sep | Oct | Nov | Dec 
2010: Jan | Feb | Mar | Apr | May | Jun | Jul | Aug | Sep | Oct | Nov | Dec 
2009: Jan | Feb | Mar | Apr | May | Jun | Jul | Aug | Sep | Oct | Nov | Dec 
2008: Jan | Feb | Mar | Apr | May | Jun | Jul | Aug | Sep | Oct | Nov | Dec 
2007: Jan | Feb | Mar | Apr | May | Jun | Jul | Aug | Sep | Oct | Nov | Dec 
2006: Jan | Feb | Mar | Apr | May | Jun | Jul | Aug | Sep | Oct | Nov | Dec 
2005: Jan | Feb | Mar | Apr | May | Jun | Jul | Aug | Sep | Oct | Nov | Dec 

Report for 2013 07
MONTHLY CLIMATOLOGICAL SUMMARY FOR 7/2013 HEAT COOL MEAN DEG DEG WIND SPEED DOM MEAN MEAN DAY TEMP HIGH TIME LOW TIME DAYS DAYS RAIN AVG HI TIME DIR BAROM HUM --------------------------------------------------------------------------------------- 1 78.8 87.7 11:30am 72.2 5:54am 0 14 2.67 5 28 12:17pm SSW 29.93 87 2 77.9 87.9 12:27pm 71.5 9:00am 0 13 0.44 3 25 8:47am ESE 30.01 89 3 77.1 89.8 12:57pm 74.2 3:09am 0 12 0.85 3 22 1:23pm ESE 30.05 91 4 78.1 89.3 1:59pm 73.0 4:56am 0 13 0.41 4 17 11:20am E 30.07 88 5 78.1 88.6 12:38pm 73.3 5:57pm 0 13 0.65 4 36 5:40pm ESE 30.07 87 6 82.7 93.3 3:56pm 75.4 12:00am 0 18 0.00 4 17 1:20pm ESE 30.04 80 7 82.6 93.0 3:35pm 76.5 6:38am 0 18 0.00 5 24 4:06pm ESE 30.04 79 8 81.3 93.6 3:41pm 74.3 5:02pm 0 16 0.97 4 31 4:56pm E 30.08 81 9 79.2 90.8 1:41pm 73.3 6:28am 0 14 0.64 2 25 1:56pm E 30.08 85 10 78.7 85.7 11:50am 73.7 7:00am 0 13 0.22 2 15 2:21pm SSE 30.02 86 11 80.8 87.2 5:47pm 74.6 7:02am 0 16 0.02 2 19 11:00am W 29.97 82 12 81.2 88.6 12:44pm 75.7 5:50am 0 16 0.01 3 13 2:12pm W 29.92 82 13 79.2 87.4 2:44pm 74.6 4:21am 0 14 0.24 3 25 12:19pm ESE 29.93 86 14 76.4 78.6 5:01pm 74.4 11:43pm 0 11 0.26 3 18 8:55am ESE 30.00 91 15 78.6 88.9 12:49pm 73.0 6:08am 0 14 0.00 3 18 6:49pm E 30.04 84 16 78.3 88.0 12:28pm 74.8 6:07am 0 13 0.10 6 34 12:48pm E 30.06 84 17 78.7 87.0 1:10pm 74.3 1:56am 0 14 0.02 5 33 1:56pm E 30.07 84 18 75.3 80.6 11:50am 72.5 11:52pm 0 10 0.49 3 18 1:09pm E 30.06 92 19 79.3 90.7 1:51pm 71.2 1:46am 0 14 0.01 3 13 11:44am ESE 30.06 85 20 80.1 90.5 3:16pm 74.1 3:40am 0 15 0.00 3 21 3:53pm E 30.04 85 21 82.0 89.2 2:16pm 76.6 7:33am 0 16 0.44 2 16 7:48am S 30.07 87 22 82.8 89.9 2:37pm 76.3 3:56am 0 17 0.00 3 14 3:23pm SE 30.09 81 23 82.5 88.6 1:23pm 76.8 6:44am 0 17 0.00 3 15 1:25pm W 30.04 82 24 82.3 87.4 2:30pm 76.6 4:36am 0 17 0.00 5 19 1:27pm W 29.96 77 25 83.4 88.2 2:23pm 80.7 3:12am 0 18 0.00 7 19 1:49pm W 29.97 78 26 83.8 89.0 2:33pm 74.1 7:12am 0 19 0.47 6 27 6:51am WNW 29.98 79 27 83.8 90.9 1:46pm 78.6 8:22am 0 19 0.13 4 17 5:30pm WNW 29.95 80 28 83.5 90.4 1:27pm 76.8 6:19am 0 18 0.00 2 12 2:54pm WNW 29.99 76 29 80.8 92.8 2:34pm 73.6 5:41pm 0 16 3.14 2 38 5:15pm E 30.06 83 30 79.8 91.8 12:35pm 74.0 4:14pm 0 15 1.84 2 30 3:32pm NE 30.10 89 31 81.3 91.1 1:14pm 75.6 7:05am 0 16 0.02 2 13 4:09pm E 30.04 85 --------------------------------------------------------------------------------------- TOT 80.3 93.6 7/8/13 71.2 7/19/13 0 471 14.04 4 38 7/29/13 E 30.03 84 HEAT BASE: 65.0 COOL BASE: 65.0
 
  
Hurricane Tracker

Hurricane Tracker
Hurricane Tracker
2017 Storm Tracker Forum


Atlantic Storms
No Storms


Sponsored Links

Recent Forum Posts

New Post
SW FL-Bonita Beach: Grouper, snapper, redfish, black drum
Posted by
fishbuster on Jul 20, 2017 at 11:36:41 AM


New Post
Some webcams are offline due to lightning
Posted by
chris on Jul 17, 2017 at 10:23:12 PM


New Post
Surely 50MPH sustained this afternoon
Posted by
chris on Jul 12, 2017 at 08:56:15 PM


New Post
Tropical Depression 4 now Remnant Low 7/7
Posted by
ccstorms on Jul 10, 2017 at 06:30:03 PM


New Post
SW FL-Bonita Beach: June wrap-up--Grouper, Snapper, Shark
Posted by
fishbuster on Jul 01, 2017 at 10:12:57 AM


New Post
Lightning strikes pregnant woman, discount store in FM
Posted by
chris on Jun 29, 2017 at 07:31:54 PM


***FORUM RULES***

Sponsored Links

Member Login
Username

Password


Join For Free!!
Click here to Register!

Total Hits
We received
74628244
page views since June 2005

Free Weather Graphics

Free weather stickers

Add a weather graphic to your website with the latest conditions!
Click for Details

Sponsored Links

Social Networks

Southwest Florida Weather | Central Florida Weather | Florida Weather

Cape Coral | Fort Myers | Bonita Springs | Naples | Punta Gorda | Port Charlotte | Estero | Sanibel | Lehigh Acres | Captiva | Pine Island | Bokeelia | St. James City | Alva | Arcadia | Labelle | Clewiston | Venice

Lee County | Charlotte County | Collier County | Hendry County | Desoto County
Glades County | Monroe County | Sarasota County | Manatee County
Hillsborough County | Pinellas County | Pasco County

Recommend us




Copyright Capeweather.com 2005-2017

DO NOT make decisions that affect life or property based on this data!
PHP-Nuke Copyright © 2004 by Francisco Burzi. This is free software, and you may redistribute it under the GPL. PHP-Nuke comes with absolutely no warranty, for details, see the license.
Page Generation: 0.24 Seconds