Southwest Florida Weather History, Yearly, Monthly, Daily, Records
 Click here to register!Home | Advertise | Forum | Live Webcams | Contact Us | Tell a Friend | Your Account  

Lee County Forecast
Tonight

Tonight: Partly cloudy, with a low around 77. East southeast wind around 5 mph becoming calm  after midnight.
Partly Cloudy
Monday

Monday: Isolated showers and thunderstorms before 5pm.  Mostly sunny, with a high near 92. Heat index values as high as 102. Light and variable wind becoming southwest 5 to 9 mph in the morning.  Chance of precipitation is 20%.
Isolated
T-storms
Lo 77 °FHi 92 °F
Extended Forecast
Florida Weather Forecast

Southwest Florida Webcams

Main Navigation
Weather
· Home
· Current Conditions
· Storm Warnings
· Station Graphs
· Storm Fronts
· Temperature Map
· Station History
· Drought Index
· Storm Reports
· Rainfall Estimates
· Fire Graphs

Doppler Radar
· Lee County
· Charlotte County
· Collier County
· Hendry County
· Desoto County
· Glades County
· Sarasota County
· Manatee County
· Hillsborough County
· Pinellas County
· Pasco County
· Southwest Florida
· Florida
· State Radars
· National

Satellite
· South Florida
· North Florida
· Regional
· National

Forecast
· Extended
· Marine
· Discussion
· Florida Forecast
· Hazardous Outlook
· Wave Heights
· Fire

Lightning
· Live
· Tracker
· Loop
· Network
· WASP
· WASP Loop
· 3 Hour Forecast

Tropical Weather
· Hurricane Tracker
· Tropical Satellite
· Sea Temperature
· Discussion
· Buoy Data
· Tracking Tools
· Jeff Masters Blog
· Monthly Summary

Moon and Tides
· Tides
· Moon Phase

Live Products

Fishing Reports

Local News

Other Info

  
 

Southwest Florida Monthly and Yearly Weather Reports

2017: Jan | Feb | Mar | Apr | May | Jun | Jul | Aug | Sep | Oct | Nov | Dec 
2016: Jan | Feb | Mar | Apr | May | Jun | Jul | Aug | Sep | Oct | Nov | Dec 
2015: Jan | Feb | Mar | Apr | May | Jun | Jul | Aug | Sep | Oct | Nov | Dec 
2014: Jan | Feb | Mar | Apr | May | Jun | Jul | Aug | Sep | Oct | Nov | Dec 
2013: Jan | Feb | Mar | Apr | May | Jun | Jul | Aug | Sep | Oct | Nov | Dec 
2012: Jan | Feb | Mar | Apr | May | Jun | Jul | Aug | Sep | Oct | Nov | Dec 
2011: Jan | Feb | Mar | Apr | May | Jun | Jul | Aug | Sep | Oct | Nov | Dec 
2010: Jan | Feb | Mar | Apr | May | Jun | Jul | Aug | Sep | Oct | Nov | Dec 
2009: Jan | Feb | Mar | Apr | May | Jun | Jul | Aug | Sep | Oct | Nov | Dec 
2008: Jan | Feb | Mar | Apr | May | Jun | Jul | Aug | Sep | Oct | Nov | Dec 
2007: Jan | Feb | Mar | Apr | May | Jun | Jul | Aug | Sep | Oct | Nov | Dec 
2006: Jan | Feb | Mar | Apr | May | Jun | Jul | Aug | Sep | Oct | Nov | Dec 
2005: Jan | Feb | Mar | Apr | May | Jun | Jul | Aug | Sep | Oct | Nov | Dec 

Report for 2013 06
MONTHLY CLIMATOLOGICAL SUMMARY FOR 6/2013 HEAT COOL MEAN DEG DEG WIND SPEED DOM MEAN MEAN DAY TEMP HIGH TIME LOW TIME DAYS DAYS RAIN AVG HI TIME DIR BAROM HUM --------------------------------------------------------------------------------------- 1 79.2 88.5 4:51pm 73.8 5:41am 0 14 0.90 4 16 3:02pm E 29.97 85 2 79.6 87.3 4:52pm 72.6 2:52am 0 15 0.00 3 16 5:56pm SSW 29.94 86 3 78.7 84.4 12:19pm 76.0 3:15am 0 14 0.00 3 23 2:58pm SSW 29.93 86 4 77.6 82.2 3:12pm 73.8 6:09am 0 13 0.03 3 20 2:20am ESE 29.97 87 5 77.1 79.1 12:40pm 75.7 4:23am 0 12 0.26 5 19 10:24pm ESE 29.91 92 6 76.2 80.9 12:01pm 71.2 2:03pm 0 11 2.23 8 30 1:22pm SW 29.78 92 7 78.2 82.3 3:53pm 75.5 4:06am 0 13 0.00 3 12 12:17am WSW 29.89 87 8 81.8 88.5 2:23pm 76.7 11:53pm 0 17 0.00 4 15 11:39am S 30.00 85 9 81.6 89.8 1:25pm 75.7 1:49am 0 17 0.16 3 18 8:26pm ESE 30.03 82 10 82.5 91.2 3:48pm 75.7 6:24am 0 17 0.01 3 14 4:36pm ESE 30.03 81 11 81.9 91.4 2:20pm 75.8 6:33pm 0 17 0.00 3 32 6:12pm ESE 30.02 80 12 77.8 89.6 1:23pm 72.8 11:53pm 0 13 1.16 2 22 4:38pm ENE 30.03 89 13 79.1 87.9 11:39am 71.1 4:28am 0 14 0.01 3 14 3:45pm W 29.98 85 14 81.2 86.8 1:49pm 76.2 1:09am 0 16 0.00 4 17 2:38pm NW 29.92 81 15 81.9 88.1 3:13pm 75.5 5:44am 0 17 0.00 3 13 2:40pm W 29.98 80 16 82.8 92.1 2:33pm 76.1 5:53am 0 18 0.33 3 19 4:12pm NNW 30.02 80 17 83.8 92.0 2:56pm 76.1 5:02am 0 19 0.02 3 14 11:47pm SW 30.02 77 18 83.4 91.3 4:09pm 76.2 6:32am 0 18 0.06 3 14 12:00am E 30.01 81 19 82.5 91.0 3:06pm 74.0 11:31pm 0 17 0.56 3 16 3:56pm SE 30.00 80 20 79.8 88.8 1:00pm 74.0 12:30am 0 14 0.18 2 18 6:34pm ESE 30.04 84 21 80.5 89.2 1:37pm 73.2 6:22am 0 15 0.00 2 15 6:32pm ESE 30.06 80 22 82.3 94.1 3:39pm 74.1 6:29am 0 17 0.00 3 21 7:10pm ESE 30.05 77 23 80.4 91.6 1:52pm 74.7 3:06pm 0 15 0.67 3 27 2:53pm E 30.06 82 24 82.2 93.5 3:01pm 75.8 6:17am 0 17 0.00 3 14 1:54pm E 30.09 79 25 82.6 95.8 4:41pm 75.6 6:46am 0 18 0.02 3 25 5:40pm E 30.06 76 26 80.0 90.5 2:25pm 75.7 4:55am 0 15 0.00 3 18 2:50pm ESE 30.03 83 27 80.8 90.7 2:47pm 72.7 6:30am 0 16 0.00 2 24 5:43pm E 29.99 81 28 82.9 90.1 3:08pm 76.0 4:20am 0 18 0.00 3 14 2:12pm SSE 29.92 79 29 83.7 89.6 3:10pm 78.3 8:49pm 0 18 0.04 4 22 5:26pm WSW 29.85 77 30 83.4 89.5 2:43pm 77.5 5:29am 0 18 0.01 6 21 12:57pm SSW 29.84 80 --------------------------------------------------------------------------------------- TOT 80.8 95.8 6/25/13 71.1 6/13/13 0 473 6.65 3 32 6/11/13 ESE 29.98 83 HEAT BASE: 65.0 COOL BASE: 65.0
 
  
Hurricane Tracker

Hurricane Tracker
Hurricane Tracker
2017 Storm Tracker Forum


Atlantic Storms
No Storms


Sponsored Links

Recent Forum Posts

New Post
SW FL-Bonita Beach: Grouper, snapper, redfish, black drum
Posted by
fishbuster on Jul 20, 2017 at 11:36:41 AM


New Post
Some webcams are offline due to lightning
Posted by
chris on Jul 17, 2017 at 10:23:12 PM


New Post
Surely 50MPH sustained this afternoon
Posted by
chris on Jul 12, 2017 at 08:56:15 PM


New Post
Tropical Depression 4 now Remnant Low 7/7
Posted by
ccstorms on Jul 10, 2017 at 06:30:03 PM


New Post
SW FL-Bonita Beach: June wrap-up--Grouper, Snapper, Shark
Posted by
fishbuster on Jul 01, 2017 at 10:12:57 AM


New Post
Lightning strikes pregnant woman, discount store in FM
Posted by
chris on Jun 29, 2017 at 07:31:54 PM


***FORUM RULES***

Sponsored Links

Member Login
Username

Password


Join For Free!!
Click here to Register!

Total Hits
We received
74757462
page views since June 2005

Free Weather Graphics

Free weather stickers

Add a weather graphic to your website with the latest conditions!
Click for Details

Sponsored Links

Social Networks

Southwest Florida Weather | Central Florida Weather | Florida Weather

Cape Coral | Fort Myers | Bonita Springs | Naples | Punta Gorda | Port Charlotte | Estero | Sanibel | Lehigh Acres | Captiva | Pine Island | Bokeelia | St. James City | Alva | Arcadia | Labelle | Clewiston | Venice

Lee County | Charlotte County | Collier County | Hendry County | Desoto County
Glades County | Monroe County | Sarasota County | Manatee County
Hillsborough County | Pinellas County | Pasco County

Recommend us




Copyright Capeweather.com 2005-2017

DO NOT make decisions that affect life or property based on this data!
PHP-Nuke Copyright © 2004 by Francisco Burzi. This is free software, and you may redistribute it under the GPL. PHP-Nuke comes with absolutely no warranty, for details, see the license.
Page Generation: 0.21 Seconds