Southwest Florida Weather History, Yearly, Monthly, Daily, Records
 Click here to register!Home | Advertise | Forum | Live Webcams | Contact Us | Tell a Friend | Your Account  

Lee County Forecast
This
Afternoon
This Afternoon: Sunny, with a high near 84. South southwest wind 11 to 13 mph, with gusts as high as 18 mph.
Sunny

Tonight

Tonight: Mostly clear, with a low around 67. South southeast wind 3 to 6 mph.
Mostly Clear

Hi 84 °FLo 67 °F
Extended Forecast
Florida Weather Forecast

Southwest Florida Webcams

Main Navigation
Weather
· Home
· Current Conditions
· Storm Warnings
· Station Graphs
· Storm Fronts
· Temperature Map
· Station History
· Drought Index
· Storm Reports
· Rainfall Estimates
· Fire Graphs

Doppler Radar
· Lee County
· Charlotte County
· Collier County
· Hendry County
· Desoto County
· Glades County
· Sarasota County
· Manatee County
· Hillsborough County
· Pinellas County
· Pasco County
· Southwest Florida
· Florida
· State Radars
· National

Satellite
· South Florida
· North Florida
· Regional
· National

Forecast
· Extended
· Marine
· Discussion
· Florida Forecast
· Hazardous Outlook
· Wave Heights
· Fire

Lightning
· Live
· Tracker
· Loop
· Network
· WASP
· WASP Loop
· 3 Hour Forecast

Tropical Weather
· Hurricane Tracker
· Tropical Satellite
· Sea Temperature
· Discussion
· Buoy Data
· Tracking Tools
· Jeff Masters Blog
· Monthly Summary

Moon and Tides
· Tides
· Moon Phase

Live Products
· Webcams
· NOAA Radio
· Police Scanner
· Marine VHF Radio

Fishing Reports
· Forum Reports
· Captain Joe

Local News
· Cape Coral
· Fort Myers
· Lehigh Acres
· Estero
· Bonita Springs

Other Info
· Advertising
· Donation Support
· Station Status
· Disclaimer
· Forum
· Facebook
· Contact Us
· CWOP
· Events Calendar

Matched Content

  
 

Southwest Florida Monthly and Yearly Weather Reports

2017: Jan | Feb | Mar | Apr | May | Jun | Jul | Aug | Sep | Oct | Nov | Dec 
2016: Jan | Feb | Mar | Apr | May | Jun | Jul | Aug | Sep | Oct | Nov | Dec 
2015: Jan | Feb | Mar | Apr | May | Jun | Jul | Aug | Sep | Oct | Nov | Dec 
2014: Jan | Feb | Mar | Apr | May | Jun | Jul | Aug | Sep | Oct | Nov | Dec 
2013: Jan | Feb | Mar | Apr | May | Jun | Jul | Aug | Sep | Oct | Nov | Dec 
2012: Jan | Feb | Mar | Apr | May | Jun | Jul | Aug | Sep | Oct | Nov | Dec 
2011: Jan | Feb | Mar | Apr | May | Jun | Jul | Aug | Sep | Oct | Nov | Dec 
2010: Jan | Feb | Mar | Apr | May | Jun | Jul | Aug | Sep | Oct | Nov | Dec 
2009: Jan | Feb | Mar | Apr | May | Jun | Jul | Aug | Sep | Oct | Nov | Dec 
2008: Jan | Feb | Mar | Apr | May | Jun | Jul | Aug | Sep | Oct | Nov | Dec 
2007: Jan | Feb | Mar | Apr | May | Jun | Jul | Aug | Sep | Oct | Nov | Dec 
2006: Jan | Feb | Mar | Apr | May | Jun | Jul | Aug | Sep | Oct | Nov | Dec 
2005: Jan | Feb | Mar | Apr | May | Jun | Jul | Aug | Sep | Oct | Nov | Dec 

Report for 2013 04
MONTHLY CLIMATOLOGICAL SUMMARY FOR 4/2013 HEAT COOL MEAN DEG DEG WIND SPEED DOM MEAN MEAN DAY TEMP HIGH TIME LOW TIME DAYS DAYS RAIN AVG HI TIME DIR BAROM HUM --------------------------------------------------------------------------------------- 1 72.3 81.3 1:46pm 65.3 4:07am 0 7 0.00 2 17 6:12pm W 30.01 87 2 72.1 81.4 1:37pm 66.2 3:04am 0 7 0.00 2 13 3:17pm WNW 30.03 83 3 73.7 82.7 11:47am 65.4 2:28am 0 9 0.00 2 18 5:07pm SSW 29.99 83 4 71.4 79.2 10:48am 65.9 5:07pm 0 6 0.52 2 25 2:36pm SSE 29.96 90 5 68.6 72.4 5:58am 62.2 11:58pm 0 4 0.73 6 25 3:14am NW 29.89 84 6 66.1 77.6 3:11pm 58.2 7:44am 2 3 0.00 4 17 4:57am NE 30.02 78 7 72.2 84.5 3:19pm 61.7 6:47am 1 8 0.00 3 17 11:05am E 30.06 72 8 74.3 86.3 4:17pm 64.3 7:08am 0 9 0.00 2 17 4:33pm E 30.06 70 9 74.5 85.2 2:52pm 64.6 7:17am 0 9 0.00 2 17 10:20pm ESE 30.07 73 10 76.5 86.8 1:29pm 0.0 12:00am 0 11 0.00 3 15 10:51am ESE 30.01 79 11 78.3 87.7 1:35pm 71.7 6:04am 0 13 0.00 4 22 3:29pm SSE 29.90 82 12 78.9 84.4 2:03pm 75.7 6:44am 0 14 0.00 5 17 10:14am SSE 29.89 87 13 78.7 87.0 1:24pm 73.1 7:24am 0 14 0.00 3 17 2:41am WNW 29.91 77 14 78.1 86.1 3:10pm 71.3 5:33am 0 13 0.00 3 21 3:38pm SSW 29.90 84 15 77.5 88.4 3:18pm 66.0 2:57am 0 12 0.30 4 16 2:50am ESE 29.97 79 16 79.6 92.4 2:58pm 70.8 7:06am 0 14 0.00 4 23 5:38pm E 30.05 78 17 78.3 88.3 3:57pm 69.6 6:47am 0 13 0.00 5 18 9:54am E 30.05 74 18 79.3 87.7 1:17pm 72.5 7:14am 0 14 0.00 5 16 4:55pm ESE 29.98 75 19 78.9 86.4 3:34pm 72.6 6:53am 0 14 0.00 4 17 12:05pm ESE 29.97 83 20 78.5 86.7 2:52pm 71.6 11:54pm 0 13 0.07 4 14 12:12pm NW 30.00 83 21 74.4 88.2 3:34pm 64.3 7:09am 0 9 0.30 4 17 6:14am ENE 30.04 83 22 74.6 85.7 5:28pm 67.9 4:00am 0 10 0.37 4 18 9:54pm E 29.99 83 23 75.1 88.5 4:18pm 66.0 6:00am 0 10 0.01 7 18 10:08am ENE 30.01 75 24 74.0 84.6 3:31pm 63.0 7:00am 0 9 0.00 4 18 4:30pm ENE 30.07 76 25 75.8 86.9 1:50pm 66.9 6:50am 0 11 0.00 4 17 4:40pm ESE 30.13 74 26 76.7 87.6 3:06pm 65.1 7:03am 0 12 0.00 4 19 1:32pm ESE 30.16 67 27 77.1 87.3 2:34pm 67.8 5:57am 0 12 0.00 6 22 6:43pm E 30.12 67 28 77.0 88.4 2:51pm 68.3 6:26am 0 11 0.00 5 17 10:00am ESE 30.02 71 29 76.5 86.1 2:35pm 68.8 4:30am 0 12 0.00 4 17 4:53pm ESE 29.96 75 30 76.7 85.7 3:44pm 69.9 3:48am 0 11 0.00 3 19 6:25pm ESE 29.93 82 --------------------------------------------------------------------------------------- TOT 75.5 92.4 4/16/13 63.0 4/24/13 3 316 2.30 4 25 4/4/13 E 30.00 78 HEAT BASE: 65.0 COOL BASE: 65.0
 
  
Hurricane Tracker

Hurricane Tracker
Hurricane Tracker
Storm Tracker Forum


Atlantic Storms
14L


Sponsored Links

Recent Forum Posts

New Post
SW FL-Bonita Beach: Offshore or Inshore--Great Fishing!
Posted by
fishbuster on Mar 25, 2017 at 11:22:51 AM


New Post
SWFL-Bonita Beach:Redfish&Drum Inshore;Grouper & Sna
Posted by
fishbuster on Mar 05, 2017 at 03:02:40 PM


New Post
Florida Stormy Clouds
Posted by
emeryhayward98 on Mar 03, 2017 at 12:08:57 PM


New Post
SW FL-Bonita Beach: Two weeks of excellent fishing offshore
Posted by
fishbuster on Feb 16, 2017 at 02:43:04 PM


New Post
SW FL-Bonita Beach: All kinds of bottom fish offshore; Drum
Posted by
chris on Jan 27, 2017 at 09:03:43 PM


New Post
Big Time In the Sound
Posted by
chris on Jan 26, 2017 at 01:25:22 PM


***FORUM RULES***

Member Login
Username

Password


Join For Free!!
Click here to Register!

Sponsors

Social Networks

Total Hits
We received
71080838
page views since June 2005

Free Weather Graphics

Free weather stickers

Add a weather graphic to your website with the latest conditions!
Click for Details

Sponsored Links

Southwest Florida Weather | Central Florida Weather | Florida Weather

Cape Coral | Fort Myers | Bonita Springs | Naples | Punta Gorda | Port Charlotte | Estero | Sanibel | Lehigh Acres | Captiva | Pine Island | Bokeelia | St. James City | Alva | Arcadia | Labelle | Clewiston | Venice

Lee County | Charlotte County | Collier County | Hendry County | Desoto County
Glades County | Monroe County | Sarasota County | Manatee County
Hillsborough County | Pinellas County | Pasco County

Recommend us




Copyright Capeweather.com 2005-2017

DO NOT make decisions that affect life or property based on this data!
PHP-Nuke Copyright © 2004 by Francisco Burzi. This is free software, and you may redistribute it under the GPL. PHP-Nuke comes with absolutely no warranty, for details, see the license.
Page Generation: 0.31 Seconds