Southwest Florida Weather History, Yearly, Monthly, Daily, Records
 Click here to register!Home | Advertise | Forum | Live Webcams | Contact Us | Tell a Friend | Your Account  

Lee County Forecast
Today

Today: Scattered showers and thunderstorms after 3pm.  Mostly sunny, with a high near 91. Heat index values as high as 101. Calm wind becoming west northwest 5 to 7 mph in the afternoon.  Chance of precipitation is 30%.
Mostly Sunny
then
Scattered
T-storms
Tonight

Tonight: Scattered showers and thunderstorms before midnight.  Mostly cloudy, with a low around 75. East wind 3 to 6 mph.  Chance of precipitation is 30%.
Scattered
T-storms then
Mostly Cloudy
Hi 91 °FLo 75 °F
Extended Forecast
Florida Weather Forecast

Southwest Florida Webcams

Main Navigation
Weather
· Home
· Current Conditions
· Storm Warnings
· Station Graphs
· Storm Fronts
· Temperature Map
· Station History
· Drought Index
· Storm Reports
· Rainfall Estimates
· Fire Graphs

Doppler Radar
· Lee County
· Charlotte County
· Collier County
· Hendry County
· Desoto County
· Glades County
· Sarasota County
· Manatee County
· Hillsborough County
· Pinellas County
· Pasco County
· Southwest Florida
· Florida
· State Radars
· National

Satellite
· South Florida
· North Florida
· Regional
· National

Forecast
· Extended
· Marine
· Discussion
· Florida Forecast
· Hazardous Outlook
· Wave Heights
· Fire

Lightning
· Live
· Tracker
· Loop
· Network
· WASP
· WASP Loop
· 3 Hour Forecast

Tropical Weather
· Hurricane Tracker
· Tropical Satellite
· Sea Temperature
· Discussion
· Buoy Data
· Tracking Tools
· Jeff Masters Blog
· Monthly Summary

Moon and Tides
· Tides
· Moon Phase

Live Products

Fishing Reports

Local News

Other Info

  
 

Southwest Florida Monthly and Yearly Weather Reports

2017: Jan | Feb | Mar | Apr | May | Jun | Jul | Aug | Sep | Oct | Nov | Dec 
2016: Jan | Feb | Mar | Apr | May | Jun | Jul | Aug | Sep | Oct | Nov | Dec 
2015: Jan | Feb | Mar | Apr | May | Jun | Jul | Aug | Sep | Oct | Nov | Dec 
2014: Jan | Feb | Mar | Apr | May | Jun | Jul | Aug | Sep | Oct | Nov | Dec 
2013: Jan | Feb | Mar | Apr | May | Jun | Jul | Aug | Sep | Oct | Nov | Dec 
2012: Jan | Feb | Mar | Apr | May | Jun | Jul | Aug | Sep | Oct | Nov | Dec 
2011: Jan | Feb | Mar | Apr | May | Jun | Jul | Aug | Sep | Oct | Nov | Dec 
2010: Jan | Feb | Mar | Apr | May | Jun | Jul | Aug | Sep | Oct | Nov | Dec 
2009: Jan | Feb | Mar | Apr | May | Jun | Jul | Aug | Sep | Oct | Nov | Dec 
2008: Jan | Feb | Mar | Apr | May | Jun | Jul | Aug | Sep | Oct | Nov | Dec 
2007: Jan | Feb | Mar | Apr | May | Jun | Jul | Aug | Sep | Oct | Nov | Dec 
2006: Jan | Feb | Mar | Apr | May | Jun | Jul | Aug | Sep | Oct | Nov | Dec 
2005: Jan | Feb | Mar | Apr | May | Jun | Jul | Aug | Sep | Oct | Nov | Dec 

Report for 2013 03
MONTHLY CLIMATOLOGICAL SUMMARY FOR 3/2013 HEAT COOL MEAN DEG DEG WIND SPEED DOM MEAN MEAN DAY TEMP HIGH TIME LOW TIME DAYS DAYS RAIN AVG HI TIME DIR BAROM HUM --------------------------------------------------------------------------------------- 1 61.6 66.6 10:44am 57.0 11:47pm 3 0 0.00 3 16 10:47pm N 29.96 70 2 56.6 62.3 11:51am 52.4 11:55pm 8 0 0.00 3 19 4:35pm NNW 30.01 65 3 52.5 59.3 12:53pm 43.1 7:14am 13 0 0.15 4 22 1:51pm NW 30.05 74 4 53.1 65.8 12:52pm 42.4 6:53am 12 0 0.00 2 15 10:45am NE 30.16 69 5 60.1 73.1 2:19pm 46.7 4:10am 7 2 0.00 1 12 4:06pm SW 30.12 80 6 62.5 68.1 8:22am 54.0 11:55pm 3 0 0.00 6 26 3:12pm NW 30.06 73 7 54.7 67.4 2:36pm 44.7 6:56am 10 0 0.00 3 17 8:32am WNW 30.16 65 8 59.0 74.2 1:01pm 44.7 6:32am 8 2 0.00 1 13 5:12pm WNW 30.16 70 9 63.8 78.2 2:10pm 50.1 6:09am 5 3 0.00 1 16 8:10pm E 30.14 65 10 67.4 79.9 3:54pm 57.7 6:12am 2 4 0.00 1 17 1:23pm ESE 30.08 70 11 69.0 78.0 12:50pm 61.1 7:03am 1 5 0.00 2 18 12:01pm SSW 29.99 77 12 67.0 73.3 1:36pm 58.6 11:57pm 1 3 0.00 3 21 2:36pm SSE 29.94 87 13 62.8 75.3 3:47pm 54.5 7:51am 4 2 0.00 4 17 11:13am NW 30.09 65 14 60.0 72.4 2:15pm 51.2 7:50am 6 1 0.00 4 23 9:35am N 30.18 57 15 58.9 75.9 4:40pm 45.4 7:55am 8 2 0.00 2 15 10:31am NE 30.21 60 16 61.7 74.2 2:33pm 50.9 3:29am 6 2 0.00 2 16 4:55pm SW 30.13 70 17 65.5 78.0 1:13pm 55.1 7:11am 3 4 0.00 1 14 1:11pm SSW 30.06 80 18 68.1 76.5 12:15pm 62.7 12:49am 0 3 0.62 1 20 4:06pm SSE 29.99 88 19 70.1 79.6 3:28pm 64.9 11:52pm 0 5 0.02 2 20 2:13am SW 29.94 88 20 66.9 75.1 12:20pm 62.2 6:29am 1 3 0.11 2 22 8:22pm W 29.91 89 21 64.4 73.6 4:54pm 55.4 11:43pm 2 2 0.00 3 17 9:55am NW 29.90 69 22 65.6 79.0 3:29pm 51.9 5:54am 4 5 0.00 1 14 11:41pm SSE 29.92 77 23 74.5 80.7 2:00pm 70.0 2:52am 0 10 0.10 1 21 1:07pm SSW 29.88 89 24 75.3 81.3 3:05pm 71.7 7:07am 0 10 0.00 5 19 3:15pm SW 29.75 89 25 68.6 76.5 2:34pm 57.8 11:44pm 1 4 0.00 5 20 12:55am NNW 29.87 70 26 57.1 64.0 1:58pm 51.0 11:29pm 8 0 0.00 6 26 2:41pm N 30.13 60 27 53.2 64.9 3:35pm 43.3 6:56am 12 0 0.00 4 18 3:39pm NW 30.24 62 28 57.1 74.3 3:31pm 43.4 5:40am 9 1 0.00 2 15 5:32pm NE 30.23 62 29 61.9 78.6 4:04pm 49.0 4:05am 6 3 0.00 2 15 11:48am WNW 30.24 60 30 65.0 75.5 3:36pm 54.8 6:07am 3 3 0.00 1 13 12:24pm SW 30.19 69 31 68.7 78.9 12:20pm 57.8 5:50am 2 5 0.00 1 15 2:31pm SW 30.09 75 --------------------------------------------------------------------------------------- TOT 63.0 81.3 3/24/13 42.4 3/4/13 149 86 1.00 3 26 3/6/13 NW 30.06 72 HEAT BASE: 65.0 COOL BASE: 65.0
 
  
Hurricane Tracker

Hurricane Tracker
Hurricane Tracker
2017 Storm Tracker Forum


Atlantic Storms
No Storms


Sponsored Links

Recent Forum Posts

New Post
Cape Coral weather, Sun 6/25/17
Posted by
Weatherman911 on Jun 25, 2017 at 04:34:00 PM


New Post
Cindy- Final Advisory
Posted by
Weatherman911 on Jun 24, 2017 at 10:00:31 PM


New Post
Cape Coral weather, Sat 6/24/17
Posted by
Weatherman911 on Jun 24, 2017 at 05:28:02 PM


New Post
Bret- Final Advisory
Posted by
Weatherman911 on Jun 20, 2017 at 06:54:20 PM


New Post
TWO 8pm EDT 6/8/17
Posted by
chris on Jun 10, 2017 at 11:36:40 AM


New Post
TWO 8pm EDT 6/7/17
Posted by
Weatherman911 on Jun 07, 2017 at 08:17:40 PM


***FORUM RULES***

Sponsored Links

Member Login
Username

Password


Join For Free!!
Click here to Register!

Total Hits
We received
73816595
page views since June 2005

Free Weather Graphics

Free weather stickers

Add a weather graphic to your website with the latest conditions!
Click for Details

Sponsored Links

Social Networks

Southwest Florida Weather | Central Florida Weather | Florida Weather

Cape Coral | Fort Myers | Bonita Springs | Naples | Punta Gorda | Port Charlotte | Estero | Sanibel | Lehigh Acres | Captiva | Pine Island | Bokeelia | St. James City | Alva | Arcadia | Labelle | Clewiston | Venice

Lee County | Charlotte County | Collier County | Hendry County | Desoto County
Glades County | Monroe County | Sarasota County | Manatee County
Hillsborough County | Pinellas County | Pasco County

Recommend us




Copyright Capeweather.com 2005-2017

DO NOT make decisions that affect life or property based on this data!
PHP-Nuke Copyright © 2004 by Francisco Burzi. This is free software, and you may redistribute it under the GPL. PHP-Nuke comes with absolutely no warranty, for details, see the license.
Page Generation: 0.22 Seconds