Southwest Florida Weather History, Yearly, Monthly, Daily, Records
 Click here to register!Home | Advertise | Forum | Live Webcams | Contact Us | Tell a Friend | Your Account  

Lee County Forecast
This
Afternoon
This Afternoon: Scattered showers and thunderstorms.  Mostly cloudy, with a high near 88. West wind around 8 mph.  Chance of precipitation is 30%.
Scattered
T-storms
Tonight

Tonight: Scattered showers and thunderstorms before 8pm.  Mostly cloudy, with a low around 77. Southeast wind 3 to 6 mph.  Chance of precipitation is 30%.
Scattered
T-storms then
Partly Cloudy
Hi 88 °FLo 77 °F
Extended Forecast
Florida Weather Forecast

Southwest Florida Webcams

Main Navigation
Weather
· Home
· Current Conditions
· Storm Warnings
· Station Graphs
· Storm Fronts
· Temperature Map
· Station History
· Drought Index
· Storm Reports
· Rainfall Estimates
· Fire Graphs

Doppler Radar
· Lee County
· Charlotte County
· Collier County
· Hendry County
· Desoto County
· Glades County
· Sarasota County
· Manatee County
· Hillsborough County
· Pinellas County
· Pasco County
· Southwest Florida
· Florida
· State Radars
· National

Satellite
· South Florida
· North Florida
· Regional
· National

Forecast
· Extended
· Marine
· Discussion
· Florida Forecast
· Hazardous Outlook
· Wave Heights
· Fire

Lightning
· Live
· Tracker
· Loop
· Network
· WASP
· WASP Loop
· 3 Hour Forecast

Tropical Weather
· Hurricane Tracker
· Tropical Satellite
· Sea Temperature
· Discussion
· Buoy Data
· Tracking Tools
· Jeff Masters Blog
· Monthly Summary

Moon and Tides
· Tides
· Moon Phase

Live Products

Fishing Reports

Local News

Other Info

  
 

Southwest Florida Monthly and Yearly Weather Reports

2017: Jan | Feb | Mar | Apr | May | Jun | Jul | Aug | Sep | Oct | Nov | Dec 
2016: Jan | Feb | Mar | Apr | May | Jun | Jul | Aug | Sep | Oct | Nov | Dec 
2015: Jan | Feb | Mar | Apr | May | Jun | Jul | Aug | Sep | Oct | Nov | Dec 
2014: Jan | Feb | Mar | Apr | May | Jun | Jul | Aug | Sep | Oct | Nov | Dec 
2013: Jan | Feb | Mar | Apr | May | Jun | Jul | Aug | Sep | Oct | Nov | Dec 
2012: Jan | Feb | Mar | Apr | May | Jun | Jul | Aug | Sep | Oct | Nov | Dec 
2011: Jan | Feb | Mar | Apr | May | Jun | Jul | Aug | Sep | Oct | Nov | Dec 
2010: Jan | Feb | Mar | Apr | May | Jun | Jul | Aug | Sep | Oct | Nov | Dec 
2009: Jan | Feb | Mar | Apr | May | Jun | Jul | Aug | Sep | Oct | Nov | Dec 
2008: Jan | Feb | Mar | Apr | May | Jun | Jul | Aug | Sep | Oct | Nov | Dec 
2007: Jan | Feb | Mar | Apr | May | Jun | Jul | Aug | Sep | Oct | Nov | Dec 
2006: Jan | Feb | Mar | Apr | May | Jun | Jul | Aug | Sep | Oct | Nov | Dec 
2005: Jan | Feb | Mar | Apr | May | Jun | Jul | Aug | Sep | Oct | Nov | Dec 

Report for 2013 01
MONTHLY CLIMATOLOGICAL SUMMARY FOR 1/2013 HEAT COOL MEAN DEG DEG WIND SPEED DOM MEAN MEAN DAY TEMP HIGH TIME LOW TIME DAYS DAYS RAIN AVG HI TIME DIR BAROM HUM --------------------------------------------------------------------------------------- 1 67.8 77.9 2:29pm 58.0 12:00am 2 4 0.00 1 15 10:19am SSE 30.10 80 2 68.0 76.9 1:07pm 61.3 6:04am 1 4 0.00 0 12 1:49pm SSW 30.03 91 3 69.5 79.0 12:19pm 60.9 7:22am 1 5 0.00 0 15 1:13pm SSE 30.06 90 4 65.3 75.1 3:06pm 63.0 11:52pm 0 0 0.16 3 13 11:07am NE 30.22 91 5 68.6 79.0 4:11pm 61.6 3:50am 1 5 0.00 2 16 3:47am ENE 30.19 86 6 71.3 81.1 12:48pm 65.6 6:51am 0 6 0.00 1 12 9:49pm SSW 30.10 90 7 69.4 75.6 4:29pm 64.8 11:57pm 0 4 0.06 2 16 10:38am ENE 30.10 92 8 73.2 85.1 3:01pm 63.6 3:56am 0 8 0.00 1 13 4:23pm E 30.11 84 9 75.5 84.8 1:36pm 69.9 6:45am 0 10 0.00 2 16 9:51am ESE 30.18 83 10 74.7 83.9 4:01pm 68.6 11:54pm 0 10 0.00 2 24 10:58am ESE 30.21 76 11 71.8 83.0 3:16pm 64.2 7:40am 0 7 0.00 0 15 11:27am ESE 30.17 81 12 73.1 83.9 2:37pm 66.9 7:34am 0 8 0.00 1 16 11:38am ESE 30.10 83 13 72.2 82.0 1:12pm 65.5 7:00am 0 7 0.00 1 11 7:44am ESE 30.07 82 14 70.9 81.2 12:52pm 63.1 4:54am 0 6 0.00 1 12 11:38am ESE 30.12 79 15 70.7 80.7 3:09pm 61.2 7:04am 1 6 0.00 0 10 3:14pm SW 30.08 81 16 71.2 80.9 2:26pm 62.1 7:34am 0 6 0.00 0 12 11:58am SSE 30.03 84 17 67.7 77.9 12:16pm 61.1 11:17pm 1 3 0.00 4 26 3:03pm NW 30.05 85 18 58.7 67.9 4:33pm 45.0 8:23am 7 0 0.00 5 21 12:05am NE 30.19 73 19 66.2 75.9 2:03pm 58.5 1:03am 2 3 0.00 3 16 3:05am ENE 30.15 86 20 68.6 79.7 1:38pm 64.3 4:30am 0 4 0.00 1 12 3:26pm WNW 30.07 88 21 66.3 74.2 2:22pm 61.7 7:22am 1 2 0.00 2 15 2:52pm WNW 30.03 89 22 63.2 72.4 2:21pm 57.6 6:59am 3 3 0.00 4 17 1:41pm NE 30.14 66 23 61.5 75.4 3:14pm 53.0 6:58am 6 2 0.00 3 18 9:41am NE 30.26 53 24 61.0 76.6 1:51pm 50.3 4:10am 6 2 0.00 1 14 2:32pm NW 30.25 66 25 61.6 75.4 2:56pm 50.2 7:20am 6 2 0.00 1 10 4:20pm W 30.23 73 26 63.4 76.7 12:21pm 52.5 6:28am 5 3 0.00 2 15 1:05pm NW 30.20 70 27 67.0 80.1 1:32pm 54.4 7:13am 3 5 0.00 2 14 8:15pm E 30.22 71 28 71.3 83.6 2:35pm 62.7 6:04am 0 6 0.00 1 15 11:34am ESE 30.23 76 29 71.5 81.2 12:27pm 64.0 4:03am 0 7 0.00 1 16 11:48am SSW 30.14 83 30 71.8 78.8 11:59am 66.0 7:03am 0 6 0.00 2 21 9:51am SSE 30.01 85 31 62.7 70.8 3:44am 49.6 11:57pm 4 2 0.09 3 23 4:10am N 30.08 75 --------------------------------------------------------------------------------------- TOT 68.3 85.1 1/8/13 45.0 1/18/13 49 149 0.31 2 26 1/17/13 ENE 30.14 79 HEAT BASE: 65.0 COOL BASE: 65.0
 
  
Hurricane Tracker

Hurricane Tracker
Hurricane Tracker
2017 Storm Tracker Forum


Atlantic Storms
No Storms


Sponsored Links

Recent Forum Posts

New Post
SW FL-Bonita Beach: Grouper, snapper, redfish, black drum
Posted by
fishbuster on Jul 20, 2017 at 11:36:41 AM


New Post
Some webcams are offline due to lightning
Posted by
chris on Jul 17, 2017 at 10:23:12 PM


New Post
Surely 50MPH sustained this afternoon
Posted by
chris on Jul 12, 2017 at 08:56:15 PM


New Post
Tropical Depression 4 now Remnant Low 7/7
Posted by
ccstorms on Jul 10, 2017 at 06:30:03 PM


New Post
SW FL-Bonita Beach: June wrap-up--Grouper, Snapper, Shark
Posted by
fishbuster on Jul 01, 2017 at 10:12:57 AM


New Post
Lightning strikes pregnant woman, discount store in FM
Posted by
chris on Jun 29, 2017 at 07:31:54 PM


***FORUM RULES***

Sponsored Links

Member Login
Username

Password


Join For Free!!
Click here to Register!

Total Hits
We received
74628256
page views since June 2005

Free Weather Graphics

Free weather stickers

Add a weather graphic to your website with the latest conditions!
Click for Details

Sponsored Links

Social Networks

Southwest Florida Weather | Central Florida Weather | Florida Weather

Cape Coral | Fort Myers | Bonita Springs | Naples | Punta Gorda | Port Charlotte | Estero | Sanibel | Lehigh Acres | Captiva | Pine Island | Bokeelia | St. James City | Alva | Arcadia | Labelle | Clewiston | Venice

Lee County | Charlotte County | Collier County | Hendry County | Desoto County
Glades County | Monroe County | Sarasota County | Manatee County
Hillsborough County | Pinellas County | Pasco County

Recommend us




Copyright Capeweather.com 2005-2017

DO NOT make decisions that affect life or property based on this data!
PHP-Nuke Copyright © 2004 by Francisco Burzi. This is free software, and you may redistribute it under the GPL. PHP-Nuke comes with absolutely no warranty, for details, see the license.
Page Generation: 0.22 Seconds