Southwest Florida Weather History, Yearly, Monthly, Daily, Records
 Click here to register!Home | Advertise | Forum | Live Webcams | Contact Us | Tell a Friend | Your Account  

Lee County Forecast
This
Afternoon
This Afternoon: Sunny, with a high near 84. South southwest wind 11 to 13 mph, with gusts as high as 18 mph.
Sunny

Tonight

Tonight: Mostly clear, with a low around 67. South southeast wind 3 to 6 mph.
Mostly Clear

Hi 84 °FLo 67 °F
Extended Forecast
Florida Weather Forecast

Southwest Florida Webcams

Main Navigation
Weather
· Home
· Current Conditions
· Storm Warnings
· Station Graphs
· Storm Fronts
· Temperature Map
· Station History
· Drought Index
· Storm Reports
· Rainfall Estimates
· Fire Graphs

Doppler Radar
· Lee County
· Charlotte County
· Collier County
· Hendry County
· Desoto County
· Glades County
· Sarasota County
· Manatee County
· Hillsborough County
· Pinellas County
· Pasco County
· Southwest Florida
· Florida
· State Radars
· National

Satellite
· South Florida
· North Florida
· Regional
· National

Forecast
· Extended
· Marine
· Discussion
· Florida Forecast
· Hazardous Outlook
· Wave Heights
· Fire

Lightning
· Live
· Tracker
· Loop
· Network
· WASP
· WASP Loop
· 3 Hour Forecast

Tropical Weather
· Hurricane Tracker
· Tropical Satellite
· Sea Temperature
· Discussion
· Buoy Data
· Tracking Tools
· Jeff Masters Blog
· Monthly Summary

Moon and Tides
· Tides
· Moon Phase

Live Products
· Webcams
· NOAA Radio
· Police Scanner
· Marine VHF Radio

Fishing Reports
· Forum Reports
· Captain Joe

Local News
· Cape Coral
· Fort Myers
· Lehigh Acres
· Estero
· Bonita Springs

Other Info
· Advertising
· Donation Support
· Station Status
· Disclaimer
· Forum
· Facebook
· Contact Us
· CWOP
· Events Calendar

Matched Content

  
 

Southwest Florida Monthly and Yearly Weather Reports

2017: Jan | Feb | Mar | Apr | May | Jun | Jul | Aug | Sep | Oct | Nov | Dec 
2016: Jan | Feb | Mar | Apr | May | Jun | Jul | Aug | Sep | Oct | Nov | Dec 
2015: Jan | Feb | Mar | Apr | May | Jun | Jul | Aug | Sep | Oct | Nov | Dec 
2014: Jan | Feb | Mar | Apr | May | Jun | Jul | Aug | Sep | Oct | Nov | Dec 
2013: Jan | Feb | Mar | Apr | May | Jun | Jul | Aug | Sep | Oct | Nov | Dec 
2012: Jan | Feb | Mar | Apr | May | Jun | Jul | Aug | Sep | Oct | Nov | Dec 
2011: Jan | Feb | Mar | Apr | May | Jun | Jul | Aug | Sep | Oct | Nov | Dec 
2010: Jan | Feb | Mar | Apr | May | Jun | Jul | Aug | Sep | Oct | Nov | Dec 
2009: Jan | Feb | Mar | Apr | May | Jun | Jul | Aug | Sep | Oct | Nov | Dec 
2008: Jan | Feb | Mar | Apr | May | Jun | Jul | Aug | Sep | Oct | Nov | Dec 
2007: Jan | Feb | Mar | Apr | May | Jun | Jul | Aug | Sep | Oct | Nov | Dec 
2006: Jan | Feb | Mar | Apr | May | Jun | Jul | Aug | Sep | Oct | Nov | Dec 
2005: Jan | Feb | Mar | Apr | May | Jun | Jul | Aug | Sep | Oct | Nov | Dec 

Report for 2012 12
MONTHLY CLIMATOLOGICAL SUMMARY FOR 12/2012 HEAT COOL MEAN DEG DEG WIND SPEED DOM MEAN MEAN DAY TEMP HIGH TIME LOW TIME DAYS DAYS RAIN AVG HI TIME DIR BAROM HUM --------------------------------------------------------------------------------------- 1 68.5 81.6 2:21pm 57.7 6:16am 2 5 0.00 2 18 11:35am ENE 30.15 75 2 70.1 82.6 3:08pm 61.3 5:38am 1 6 0.00 2 17 1:37pm E 30.17 78 3 69.8 81.7 1:14pm 61.3 6:59am 1 5 0.00 2 16 12:13pm E 30.18 72 4 68.3 80.5 2:35pm 58.6 6:47am 2 5 0.00 1 15 5:01pm E 30.18 73 5 66.5 78.6 12:31pm 58.8 6:27am 4 8 0.01 0 11 11:51am E 30.08 86 6 69.8 80.1 1:36pm 61.4 6:21am 1 5 0.09 0 10 10:36am E 29.95 84 7 69.7 79.9 2:50pm 62.3 5:28am 1 5 0.00 0 11 4:22pm WNW 29.93 87 8 70.9 83.2 2:20pm 65.5 3:40am 0 6 0.54 0 14 3:50pm WSW 29.97 89 9 71.8 81.6 3:05pm 64.6 7:19am 0 7 0.01 0 7 1:06pm SW 30.02 90 10 73.9 82.4 11:47am 66.9 3:09am 0 9 0.01 1 18 1:03pm SSE 29.94 92 11 73.8 77.5 1:49pm 71.1 3:00am 0 8 0.31 1 15 9:27am SSE 29.94 94 12 73.9 77.8 2:58pm 69.4 1:02am 0 9 0.23 1 23 12:36am SSE 30.02 95 13 68.8 76.6 1:49pm 62.4 9:42pm 0 4 0.00 4 17 6:20pm NE 30.08 86 14 66.4 78.9 1:56pm 58.8 3:07am 2 3 0.00 5 17 9:42am NE 30.10 82 15 68.5 79.3 2:57pm 60.0 6:57am 1 5 0.00 0 13 12:00am E 30.05 82 16 69.9 79.7 12:05pm 62.5 6:56am 0 5 0.00 0 9 2:05pm SW 29.98 86 17 71.2 78.6 1:45pm 65.1 3:59am 0 6 0.00 0 11 1:29pm SSW 29.93 91 18 72.0 79.8 2:06pm 64.6 11:58pm 0 7 0.00 2 15 2:17pm W 29.95 91 19 66.3 79.5 2:35pm 55.5 6:59am 2 4 0.00 0 9 11:03am ENE 30.04 78 20 71.2 80.1 12:11pm 61.1 12:22am 0 6 0.00 1 18 2:14pm SSE 30.01 84 21 50.7 52.1 10:00pm 49.4 11:55pm 1 0 0.00 0 4 10:10pm NNW 30.20 77 22 53.7 66.6 3:44pm 44.2 7:25am 11 0 0.00 2 15 10:53am N 30.22 59 23 54.6 70.8 2:50pm 40.9 6:29am 11 1 0.00 0 9 9:07am ENE 30.18 72 24 62.4 73.5 1:42pm 52.4 6:29am 4 2 0.00 0 9 6:48pm SSW 30.06 82 25 66.6 77.3 11:32am 58.1 5:29am 2 4 0.00 0 14 8:29pm SSE 29.95 81 26 68.5 77.7 1:55pm 60.5 11:57pm 0 4 0.12 3 21 2:39pm NW 29.90 87 27 57.4 68.7 3:09pm 49.3 7:35am 8 0 0.00 0 14 2:41pm N 30.03 78 28 62.1 73.2 2:50pm 48.2 4:10am 6 3 0.02 0 10 9:14am E 30.00 87 29 69.1 76.7 1:30pm 58.4 11:52pm 1 5 0.00 3 22 4:41pm NW 29.99 91 30 53.6 63.2 3:12pm 43.3 7:46am 11 0 0.00 4 21 9:11am NE 30.25 73 31 59.8 76.6 3:08pm 47.2 6:40am 8 2 0.00 1 16 11:49am ESE 30.23 81 --------------------------------------------------------------------------------------- TOT 60.7 77.7 12/26/12 40.9 12/23/12 81 141 1.46 1 22 12/29/12 NNW 30.08 79 HEAT BASE: 65.0 COOL BASE: 65.0
 
  
Hurricane Tracker

Hurricane Tracker
Hurricane Tracker
Storm Tracker Forum


Atlantic Storms
14L


Sponsored Links

Recent Forum Posts

New Post
SW FL-Bonita Beach: Offshore or Inshore--Great Fishing!
Posted by
fishbuster on Mar 25, 2017 at 11:22:51 AM


New Post
SWFL-Bonita Beach:Redfish&Drum Inshore;Grouper & Sna
Posted by
fishbuster on Mar 05, 2017 at 03:02:40 PM


New Post
Florida Stormy Clouds
Posted by
emeryhayward98 on Mar 03, 2017 at 12:08:57 PM


New Post
SW FL-Bonita Beach: Two weeks of excellent fishing offshore
Posted by
fishbuster on Feb 16, 2017 at 02:43:04 PM


New Post
SW FL-Bonita Beach: All kinds of bottom fish offshore; Drum
Posted by
chris on Jan 27, 2017 at 09:03:43 PM


New Post
Big Time In the Sound
Posted by
chris on Jan 26, 2017 at 01:25:22 PM


***FORUM RULES***

Member Login
Username

Password


Join For Free!!
Click here to Register!

Sponsors

Social Networks

Total Hits
We received
71080810
page views since June 2005

Free Weather Graphics

Free weather stickers

Add a weather graphic to your website with the latest conditions!
Click for Details

Sponsored Links

Southwest Florida Weather | Central Florida Weather | Florida Weather

Cape Coral | Fort Myers | Bonita Springs | Naples | Punta Gorda | Port Charlotte | Estero | Sanibel | Lehigh Acres | Captiva | Pine Island | Bokeelia | St. James City | Alva | Arcadia | Labelle | Clewiston | Venice

Lee County | Charlotte County | Collier County | Hendry County | Desoto County
Glades County | Monroe County | Sarasota County | Manatee County
Hillsborough County | Pinellas County | Pasco County

Recommend us




Copyright Capeweather.com 2005-2017

DO NOT make decisions that affect life or property based on this data!
PHP-Nuke Copyright © 2004 by Francisco Burzi. This is free software, and you may redistribute it under the GPL. PHP-Nuke comes with absolutely no warranty, for details, see the license.
Page Generation: 0.21 Seconds